{"id":4528,"date":"2024-05-27T12:08:25","date_gmt":"2024-05-27T12:08:25","guid":{"rendered":"https:\/\/www.fbycc.org\/?post_type=event_listing&#038;p=4528"},"modified":"2024-05-27T12:10:23","modified_gmt":"2024-05-27T12:10:23","slug":"webinar-cafe-forestal-cambio-climatico-e-incendios-tendencias-riesgos-futuros-y-estrategias-de-adaptacion","status":"publish","type":"event_listing","link":"https:\/\/www.fbycc.org\/index.php\/events\/webinar-cafe-forestal-cambio-climatico-e-incendios-tendencias-riesgos-futuros-y-estrategias-de-adaptacion\/","title":{"rendered":"Webinar | Caf\u00e9 Forestal \u00abCambio Clim\u00e1tico e Incendios: Tendencias, Riesgos Futuros y Estrategias de Adaptaci\u00f3n\u00bb"},"content":{"rendered":"<p><img loading=\"lazy\" decoding=\"async\" class=\"alignnone size-full wp-image-4529\" src=\"https:\/\/www.fbycc.org\/wp-content\/uploads\/2024\/05\/Folleto-informativo-del-Cafe._page-0001-scaled.jpg\" alt=\"\" width=\"2560\" height=\"1298\" srcset=\"https:\/\/www.fbycc.org\/wp-content\/uploads\/2024\/05\/Folleto-informativo-del-Cafe._page-0001-scaled.jpg 2560w, https:\/\/www.fbycc.org\/wp-content\/uploads\/2024\/05\/Folleto-informativo-del-Cafe._page-0001-300x152.jpg 300w, https:\/\/www.fbycc.org\/wp-content\/uploads\/2024\/05\/Folleto-informativo-del-Cafe._page-0001-1024x519.jpg 1024w, https:\/\/www.fbycc.org\/wp-content\/uploads\/2024\/05\/Folleto-informativo-del-Cafe._page-0001-768x389.jpg 768w, https:\/\/www.fbycc.org\/wp-content\/uploads\/2024\/05\/Folleto-informativo-del-Cafe._page-0001-1536x779.jpg 1536w, https:\/\/www.fbycc.org\/wp-content\/uploads\/2024\/05\/Folleto-informativo-del-Cafe._page-0001-2048x1038.jpg 2048w\" sizes=\"auto, (max-width: 2560px) 100vw, 2560px\" \/><\/p>\n<p style=\"text-align: justify;\">El pr\u00f3ximo <strong>jueves 30 de mayo<\/strong>, tendr\u00e1 lugar el <strong>Caf\u00e9 Forestal \u00abCambio Clim\u00e1tico e Incendios: Tendencias, Riesgos Futuros y Estrategias de Adaptaci\u00f3n\u00bb<\/strong>. Organizado por <em>Colegio Oficial de Ingenieros T\u00e9cnicos Forestales (COITF)<\/em>, este evento abordar\u00e1 las complejas interacciones entre el cambio clim\u00e1tico y los incendios forestales, explorando tendencias observadas, proyecciones de riesgo futuro y estrategias de adaptaci\u00f3n.<\/p>\n<p>M\u00e1s informaci\u00f3n en:<\/p>\n<a class=\"tx-button\" href=\"https:\/\/www.forestales.net\/Canales\/Ficha.aspx?IdMenu=09a498ba-4fc0-4ecb-ae0f-f004db25ede0&#038;Cod=28fb2c0a-b741-4fda-9351-f222d11bab0d&#038;Idioma=es-ES\" target=\"_blank\" style=\"color: #ffffff; background-color: #8aaa62\">M\u00c1S INFORMACI\u00d3N e INSCRIPCIONES<\/a>\n","protected":false},"excerpt":{"rendered":"<p>El pr\u00f3ximo jueves 30 de mayo, tendr\u00e1 lugar el Caf\u00e9 Forestal \u00abCambio Clim\u00e1tico e Incendios: Tendencias, Riesgos Futuros y Estrategias de Adaptaci\u00f3n\u00bb. Organizado por Colegio Oficial de Ingenieros T\u00e9cnicos Forestales (COITF), este<a class=\"moretag\" href=\"https:\/\/www.fbycc.org\/index.php\/events\/webinar-cafe-forestal-cambio-climatico-e-incendios-tendencias-riesgos-futuros-y-estrategias-de-adaptacion\/\">Leer m\u00e1s&#8230;<\/a><\/p>\n","protected":false},"author":5,"featured_media":0,"parent":0,"menu_order":0,"comment_status":"closed","ping_status":"closed","template":"","event_listing_category":[52],"class_list":["post-4528","event_listing","type-event_listing","status-publish","hentry"],"_links":{"self":[{"href":"https:\/\/www.fbycc.org\/index.php\/wp-json\/wp\/v2\/event_listing\/4528","targetHints":{"allow":["GET"]}}],"collection":[{"href":"https:\/\/www.fbycc.org\/index.php\/wp-json\/wp\/v2\/event_listing"}],"about":[{"href":"https:\/\/www.fbycc.org\/index.php\/wp-json\/wp\/v2\/types\/event_listing"}],"author":[{"embeddable":true,"href":"https:\/\/www.fbycc.org\/index.php\/wp-json\/wp\/v2\/users\/5"}],"replies":[{"embeddable":true,"href":"https:\/\/www.fbycc.org\/index.php\/wp-json\/wp\/v2\/comments?post=4528"}],"wp:attachment":[{"href":"https:\/\/www.fbycc.org\/index.php\/wp-json\/wp\/v2\/media?parent=4528"}],"wp:term":[{"taxonomy":"event_listing_category","embeddable":true,"href":"https:\/\/www.fbycc.org\/index.php\/wp-json\/wp\/v2\/event_listing_category?post=4528"}],"curies":[{"name":"wp","href":"https:\/\/api.w.org\/{rel}","templated":true}]}}

Webinar | Café Forestal «Cambio Climático e Incendios: Tendencias, Riesgos Futuros y Estrategias de Adaptación»

<p><img loading="lazy" decoding="async" class="alignnone size-full wp-image-4529" src="https://www.fbycc.org/wp-content/uploads/2024/05/Folleto-informativo-del-Cafe._page-0001-scaled.jpg" alt="" width="2560" height="1298" srcset="https://www.fbycc.org/wp-content/uploads/2024/05/Folleto-informativo-del-Cafe._page-0001-scaled.jpg 2560w, https://www.fbycc.org/wp-content/uploads/2024/05/Folleto-informativo-del-Cafe._page-0001-300x152.jpg 300w, https://www.fbycc.org/wp-content/uploads/2024/05/Folleto-informativo-del-Cafe._page-0001-1024x519.jpg 1024w, https://www.fbycc.org/wp-content/uploads/2024/05/Folleto-informativo-del-Cafe._page-0001-768x389.jpg 768w, https://www.fbycc.org/wp-content/uploads/2024/05/Folleto-informativo-del-Cafe._page-0001-1536x779.jpg 1536w, https://www.fbycc.org/wp-content/uploads/2024/05/Folleto-informativo-del-Cafe._page-0001-2048x1038.jpg 2048w" sizes="auto, (max-width: 2560px) 100vw, 2560px" /></p>
<p style="text-align: justify;">El próximo <strong>jueves 30 de mayo</strong>, tendrá lugar el <strong>Café Forestal «Cambio Climático e Incendios: Tendencias, Riesgos Futuros y Estrategias de Adaptación»</strong>. Organizado por <em>Colegio Oficial de Ingenieros Técnicos Forestales (COITF)</em>, este evento abordará las complejas interacciones entre el cambio climático y los incendios forestales, explorando tendencias observadas, proyecciones de riesgo futuro y estrategias de adaptación.</p>
<p>Más información en:</p>
<a class="tx-button" href="https://www.forestales.net/Canales/Ficha.aspx?IdMenu=09a498ba-4fc0-4ecb-ae0f-f004db25ede0&#038;Cod=28fb2c0a-b741-4fda-9351-f222d11bab0d&#038;Idioma=es-ES" target="_blank" style="color: #ffffff; background-color: #8aaa62">MÁS INFORMACIÓN e INSCRIPCIONES</a>

<p>El próximo jueves 30 de mayo, tendrá lugar el Café Forestal «Cambio Climático e Incendios: Tendencias, Riesgos Futuros y Estrategias de Adaptación». Organizado por Colegio Oficial de Ingenieros Técnicos Forestales (COITF), este<a class="moretag" href="https://www.fbycc.org/index.php/events/webinar-cafe-forestal-cambio-climatico-e-incendios-tendencias-riesgos-futuros-y-estrategias-de-adaptacion/">Leer más&#8230;</a></p>
