{"id":4523,"date":"2024-05-24T07:49:20","date_gmt":"2024-05-24T07:49:20","guid":{"rendered":"https:\/\/www.fbycc.org\/?post_type=event_listing&#038;p=4523"},"modified":"2024-05-24T07:49:20","modified_gmt":"2024-05-24T07:49:20","slug":"debate-electoral-el-futuro-del-pacto-verde-en-europa","status":"publish","type":"event_listing","link":"https:\/\/www.fbycc.org\/index.php\/events\/debate-electoral-el-futuro-del-pacto-verde-en-europa\/","title":{"rendered":"Debate electoral | \u00abEl Futuro del Pacto Verde en Europa\u00bb"},"content":{"rendered":"<p><img loading=\"lazy\" decoding=\"async\" class=\"\" src=\"https:\/\/www.fundacionconama.org\/wp-content\/uploads\/Miniatura-para-youtube-1.png\" alt=\"Transmisi\u00f3n del debate\" width=\"558\" height=\"314\" \/><\/p>\n<p style=\"text-align: justify;\">El pr\u00f3ximo <strong>martes 28 de mayo<\/strong>, tendr\u00e1 lugar el <strong>debate electoral \u00abEl Futuro del Pacto Verde en Europa\u00bb<\/strong>. Organizado por <em>Talento para la Sostenibilidad y la Fundaci\u00f3n Conama<\/em>, con el apoyo de la <em>C\u00e1tedra \u00abEnerg\u00eda y Sostenibilidad\u00bb de la Fundaci\u00f3n Ortega-Mara\u00f1\u00f3n<\/em>, este evento abordar\u00e1 el futuro del Pacto Verde en la nueva Agenda Estrat\u00e9gica Europea en el contexto de las elecciones europeas del 9 de junio.<\/p>\n<p>M\u00e1s informaci\u00f3n en:<\/p>\n<a class=\"tx-button\" href=\"https:\/\/www.fundacionconama.org\/debate-electoral-el-futuro-del-pacto-verde-en-europa\/\" target=\"_blank\" style=\"color: #ffffff; background-color: #8aaa62\">M\u00c1S INFORMACI\u00d3N<\/a>\n<a class=\"tx-button\" href=\"https:\/\/docs.google.com\/forms\/d\/e\/1FAIpQLScXU-F7_gkCYAbbZ4hEmCPGGl0hdKcKVQS44tGu558OvMqJVQ\/viewform\" target=\"_blank\" style=\"color: #ffffff; background-color: #8aaa62\">INSCRIPCIONES<\/a>\n","protected":false},"excerpt":{"rendered":"<p>El pr\u00f3ximo martes 28 de mayo, tendr\u00e1 lugar el debate electoral \u00abEl Futuro del Pacto Verde en Europa\u00bb. Organizado por Talento para la Sostenibilidad y la Fundaci\u00f3n Conama, con el apoyo de<a class=\"moretag\" href=\"https:\/\/www.fbycc.org\/index.php\/events\/debate-electoral-el-futuro-del-pacto-verde-en-europa\/\">Leer m\u00e1s&#8230;<\/a><\/p>\n","protected":false},"author":5,"featured_media":0,"parent":0,"menu_order":0,"comment_status":"closed","ping_status":"closed","template":"","event_listing_category":[52],"class_list":["post-4523","event_listing","type-event_listing","status-publish","hentry"],"_links":{"self":[{"href":"https:\/\/www.fbycc.org\/index.php\/wp-json\/wp\/v2\/event_listing\/4523","targetHints":{"allow":["GET"]}}],"collection":[{"href":"https:\/\/www.fbycc.org\/index.php\/wp-json\/wp\/v2\/event_listing"}],"about":[{"href":"https:\/\/www.fbycc.org\/index.php\/wp-json\/wp\/v2\/types\/event_listing"}],"author":[{"embeddable":true,"href":"https:\/\/www.fbycc.org\/index.php\/wp-json\/wp\/v2\/users\/5"}],"replies":[{"embeddable":true,"href":"https:\/\/www.fbycc.org\/index.php\/wp-json\/wp\/v2\/comments?post=4523"}],"wp:attachment":[{"href":"https:\/\/www.fbycc.org\/index.php\/wp-json\/wp\/v2\/media?parent=4523"}],"wp:term":[{"taxonomy":"event_listing_category","embeddable":true,"href":"https:\/\/www.fbycc.org\/index.php\/wp-json\/wp\/v2\/event_listing_category?post=4523"}],"curies":[{"name":"wp","href":"https:\/\/api.w.org\/{rel}","templated":true}]}}

<p><img loading="lazy" decoding="async" class="" src="https://www.fundacionconama.org/wp-content/uploads/Miniatura-para-youtube-1.png" alt="Transmisión del debate" width="558" height="314" /></p>
<p style="text-align: justify;">El próximo <strong>martes 28 de mayo</strong>, tendrá lugar el <strong>debate electoral «El Futuro del Pacto Verde en Europa»</strong>. Organizado por <em>Talento para la Sostenibilidad y la Fundación Conama</em>, con el apoyo de la <em>Cátedra «Energía y Sostenibilidad» de la Fundación Ortega-Marañón</em>, este evento abordará el futuro del Pacto Verde en la nueva Agenda Estratégica Europea en el contexto de las elecciones europeas del 9 de junio.</p>
<p>Más información en:</p>
<a class="tx-button" href="https://www.fundacionconama.org/debate-electoral-el-futuro-del-pacto-verde-en-europa/" target="_blank" style="color: #ffffff; background-color: #8aaa62">MÁS INFORMACIÓN</a>
<a class="tx-button" href="https://docs.google.com/forms/d/e/1FAIpQLScXU-F7_gkCYAbbZ4hEmCPGGl0hdKcKVQS44tGu558OvMqJVQ/viewform" target="_blank" style="color: #ffffff; background-color: #8aaa62">INSCRIPCIONES</a>

<p>El próximo martes 28 de mayo, tendrá lugar el debate electoral «El Futuro del Pacto Verde en Europa». Organizado por Talento para la Sostenibilidad y la Fundación Conama, con el apoyo de<a class="moretag" href="https://www.fbycc.org/index.php/events/debate-electoral-el-futuro-del-pacto-verde-en-europa/">Leer más&#8230;</a></p>
