{"id":4522,"date":"2024-05-24T06:59:34","date_gmt":"2024-05-24T06:59:34","guid":{"rendered":"https:\/\/www.fbycc.org\/?post_type=event_listing&#038;p=4522"},"modified":"2024-05-24T06:59:34","modified_gmt":"2024-05-24T06:59:34","slug":"webinar-nuevo-reglamento-europeo-en-materia-de-deforestacion","status":"publish","type":"event_listing","link":"https:\/\/www.fbycc.org\/index.php\/events\/webinar-nuevo-reglamento-europeo-en-materia-de-deforestacion\/","title":{"rendered":"Webinar | Nuevo reglamento europeo en materia de deforestaci\u00f3n"},"content":{"rendered":"<p><strong><img loading=\"lazy\" decoding=\"async\" class=\"\" src=\"https:\/\/mcusercontent.com\/4b230a000489f155c6823f610\/images\/d84bb9a8-9032-4ca6-e19f-4b1186e312e5.png\" width=\"562\" height=\"281\" \/><\/strong><\/p>\n<p style=\"text-align: justify;\">El pr\u00f3ximo <strong>jueves 13 de junio<\/strong>, tendr\u00e1 lugar una sesi\u00f3n sobre el <strong>Nuevo reglamento europeo en materia de deforestaci\u00f3n<\/strong>. Organizado por <em>For\u00e9tica y G\u00f3mez-Acebo &amp; Pombo<\/em>, este evento abordar\u00e1 las obligaciones del nuevo reglamento, que impactar\u00e1n en la importaci\u00f3n y exportaci\u00f3n en y desde la UE de productos elaborados a partir de ganado bovino, cacao, caf\u00e9, palma aceitera, caucho, soja y madera. Se discutir\u00e1n temas como las evaluaciones de riesgo, las obligaciones del importador y comerciante, y el cumplimiento de la legislaci\u00f3n en los pa\u00edses de origen.<\/p>\n<p>M\u00e1s informaci\u00f3n en:<\/p>\n<a class=\"tx-button\" href=\"https:\/\/foretica.org\/wp-content\/uploads\/2024\/05\/programa_webinar_reglamento_europeo_deforestacion.pdf\" target=\"_blank\" style=\"color: #ffffff; background-color: #8aaa62\">PROGRAMA<\/a>\n<a class=\"tx-button\" href=\"https:\/\/foretica.org\/eventos\/el-reglamento-europeo-en-materia-de-deforestacion\/\" target=\"_blank\" style=\"color: #ffffff; background-color: #8aaa62\">INSCRIPCIONES<\/a>\n","protected":false},"excerpt":{"rendered":"<p>El pr\u00f3ximo jueves 13 de junio, tendr\u00e1 lugar una sesi\u00f3n sobre el Nuevo reglamento europeo en materia de deforestaci\u00f3n. Organizado por For\u00e9tica y G\u00f3mez-Acebo &amp; Pombo, este evento abordar\u00e1 las obligaciones del<a class=\"moretag\" href=\"https:\/\/www.fbycc.org\/index.php\/events\/webinar-nuevo-reglamento-europeo-en-materia-de-deforestacion\/\">Leer m\u00e1s&#8230;<\/a><\/p>\n","protected":false},"author":5,"featured_media":0,"parent":0,"menu_order":0,"comment_status":"closed","ping_status":"closed","template":"","event_listing_category":[52],"class_list":["post-4522","event_listing","type-event_listing","status-publish","hentry"],"_links":{"self":[{"href":"https:\/\/www.fbycc.org\/index.php\/wp-json\/wp\/v2\/event_listing\/4522","targetHints":{"allow":["GET"]}}],"collection":[{"href":"https:\/\/www.fbycc.org\/index.php\/wp-json\/wp\/v2\/event_listing"}],"about":[{"href":"https:\/\/www.fbycc.org\/index.php\/wp-json\/wp\/v2\/types\/event_listing"}],"author":[{"embeddable":true,"href":"https:\/\/www.fbycc.org\/index.php\/wp-json\/wp\/v2\/users\/5"}],"replies":[{"embeddable":true,"href":"https:\/\/www.fbycc.org\/index.php\/wp-json\/wp\/v2\/comments?post=4522"}],"wp:attachment":[{"href":"https:\/\/www.fbycc.org\/index.php\/wp-json\/wp\/v2\/media?parent=4522"}],"wp:term":[{"taxonomy":"event_listing_category","embeddable":true,"href":"https:\/\/www.fbycc.org\/index.php\/wp-json\/wp\/v2\/event_listing_category?post=4522"}],"curies":[{"name":"wp","href":"https:\/\/api.w.org\/{rel}","templated":true}]}}

Webinar | Nuevo reglamento europeo en materia de deforestación

<p><strong><img loading="lazy" decoding="async" class="" src="https://mcusercontent.com/4b230a000489f155c6823f610/images/d84bb9a8-9032-4ca6-e19f-4b1186e312e5.png" width="562" height="281" /></strong></p>
<p style="text-align: justify;">El próximo <strong>jueves 13 de junio</strong>, tendrá lugar una sesión sobre el <strong>Nuevo reglamento europeo en materia de deforestación</strong>. Organizado por <em>Forética y Gómez-Acebo &amp; Pombo</em>, este evento abordará las obligaciones del nuevo reglamento, que impactarán en la importación y exportación en y desde la UE de productos elaborados a partir de ganado bovino, cacao, café, palma aceitera, caucho, soja y madera. Se discutirán temas como las evaluaciones de riesgo, las obligaciones del importador y comerciante, y el cumplimiento de la legislación en los países de origen.</p>
<p>Más información en:</p>
<a class="tx-button" href="https://foretica.org/wp-content/uploads/2024/05/programa_webinar_reglamento_europeo_deforestacion.pdf" target="_blank" style="color: #ffffff; background-color: #8aaa62">PROGRAMA</a>
<a class="tx-button" href="https://foretica.org/eventos/el-reglamento-europeo-en-materia-de-deforestacion/" target="_blank" style="color: #ffffff; background-color: #8aaa62">INSCRIPCIONES</a>

<p>El próximo jueves 13 de junio, tendrá lugar una sesión sobre el Nuevo reglamento europeo en materia de deforestación. Organizado por Forética y Gómez-Acebo &amp; Pombo, este evento abordará las obligaciones del<a class="moretag" href="https://www.fbycc.org/index.php/events/webinar-nuevo-reglamento-europeo-en-materia-de-deforestacion/">Leer más&#8230;</a></p>
