{"id":4485,"date":"2024-05-22T11:02:11","date_gmt":"2024-05-22T11:02:11","guid":{"rendered":"https:\/\/www.fbycc.org\/?post_type=event_listing&#038;p=4485"},"modified":"2024-05-22T11:02:11","modified_gmt":"2024-05-22T11:02:11","slug":"jornada-entidades-selvicolas-de-colaboracion-esc-una-ventana-de-oportunidad-para-el-sector-forestal-espanol","status":"publish","type":"event_listing","link":"https:\/\/www.fbycc.org\/index.php\/events\/jornada-entidades-selvicolas-de-colaboracion-esc-una-ventana-de-oportunidad-para-el-sector-forestal-espanol\/","title":{"rendered":"Jornada | \u00abEntidades Selv\u00edcolas de Colaboraci\u00f3n (ESC): Una ventana de oportunidad para el sector forestal espa\u00f1ol\u00bb"},"content":{"rendered":"<p><img loading=\"lazy\" decoding=\"async\" class=\"alignnone size-full wp-image-4486\" src=\"https:\/\/www.fbycc.org\/wp-content\/uploads\/2024\/05\/Captura-de-pantalla-2024-05-22-130009.png\" alt=\"\" width=\"846\" height=\"811\" srcset=\"https:\/\/www.fbycc.org\/wp-content\/uploads\/2024\/05\/Captura-de-pantalla-2024-05-22-130009.png 846w, https:\/\/www.fbycc.org\/wp-content\/uploads\/2024\/05\/Captura-de-pantalla-2024-05-22-130009-300x288.png 300w, https:\/\/www.fbycc.org\/wp-content\/uploads\/2024\/05\/Captura-de-pantalla-2024-05-22-130009-768x736.png 768w\" sizes=\"auto, (max-width: 846px) 100vw, 846px\" \/><\/p>\n<p style=\"text-align: justify;\">El pr\u00f3ximo <strong>viernes 31 de mayo<\/strong> de 2024, tendr\u00e1 lugar la <strong>jornada \u00abEntidades Selv\u00edcolas de Colaboraci\u00f3n (ESC): Una ventana de oportunidad para el sector forestal espa\u00f1ol\u00bb<\/strong>. Organizado por la <em>Fundaci\u00f3n G\u00f3mez-Pintado<\/em> y el <em>Foro de Bosques y Cambio Clim\u00e1tico<\/em>, este evento abordar\u00e1 el origen, desarrollo legal, \u00e1mbito de actuaci\u00f3n y ejemplos pr\u00e1cticos de las ESC en el sector forestal.<\/p>\n<p style=\"text-align: justify;\">La jornada se celebrar\u00e1 en el Auditorio del Colegio Oficial de Aparejadores y Arquitectos T\u00e9cnicos de Madrid (COAATM), en C. del Maestro Victoria, 3, Madrid, de 10:00 a 12:40 h.<\/p>\n<p><strong><a href=\"https:\/\/fundaciongomez-pintado.com\/wp-content\/uploads\/2024\/05\/Programa-fundacion.pdf\">Programa del evento<\/a><\/strong><\/p>\n<p>Inscripciones en:<br \/>\n<strong><a href=\"https:\/\/docs.google.com\/forms\/d\/e\/1FAIpQLSeALUqDX2057HR2D3TpzWVfh4cRC9F-kV8llj0BBfdngpWpJw\/viewform\">https:\/\/docs.google.com\/forms\/d\/e\/1FAIpQLSeALUqDX2057HR2D3TpzWVfh4cRC9F-kV8llj0BBfdngpWpJw\/viewform<\/a><\/strong><\/p>\n","protected":false},"excerpt":{"rendered":"<p>El pr\u00f3ximo viernes 31 de mayo de 2024, tendr\u00e1 lugar la jornada \u00abEntidades Selv\u00edcolas de Colaboraci\u00f3n (ESC): Una ventana de oportunidad para el sector forestal espa\u00f1ol\u00bb. Organizado por la Fundaci\u00f3n G\u00f3mez-Pintado y<a class=\"moretag\" href=\"https:\/\/www.fbycc.org\/index.php\/events\/jornada-entidades-selvicolas-de-colaboracion-esc-una-ventana-de-oportunidad-para-el-sector-forestal-espanol\/\">Leer m\u00e1s&#8230;<\/a><\/p>\n","protected":false},"author":5,"featured_media":0,"parent":0,"menu_order":0,"comment_status":"closed","ping_status":"closed","template":"","event_listing_category":[52],"class_list":["post-4485","event_listing","type-event_listing","status-publish","hentry"],"_links":{"self":[{"href":"https:\/\/www.fbycc.org\/index.php\/wp-json\/wp\/v2\/event_listing\/4485","targetHints":{"allow":["GET"]}}],"collection":[{"href":"https:\/\/www.fbycc.org\/index.php\/wp-json\/wp\/v2\/event_listing"}],"about":[{"href":"https:\/\/www.fbycc.org\/index.php\/wp-json\/wp\/v2\/types\/event_listing"}],"author":[{"embeddable":true,"href":"https:\/\/www.fbycc.org\/index.php\/wp-json\/wp\/v2\/users\/5"}],"replies":[{"embeddable":true,"href":"https:\/\/www.fbycc.org\/index.php\/wp-json\/wp\/v2\/comments?post=4485"}],"wp:attachment":[{"href":"https:\/\/www.fbycc.org\/index.php\/wp-json\/wp\/v2\/media?parent=4485"}],"wp:term":[{"taxonomy":"event_listing_category","embeddable":true,"href":"https:\/\/www.fbycc.org\/index.php\/wp-json\/wp\/v2\/event_listing_category?post=4485"}],"curies":[{"name":"wp","href":"https:\/\/api.w.org\/{rel}","templated":true}]}}

Jornada | «Entidades Selvícolas de Colaboración (ESC): Una ventana de oportunidad para el sector forestal español»

<p><img loading="lazy" decoding="async" class="alignnone size-full wp-image-4486" src="https://www.fbycc.org/wp-content/uploads/2024/05/Captura-de-pantalla-2024-05-22-130009.png" alt="" width="846" height="811" srcset="https://www.fbycc.org/wp-content/uploads/2024/05/Captura-de-pantalla-2024-05-22-130009.png 846w, https://www.fbycc.org/wp-content/uploads/2024/05/Captura-de-pantalla-2024-05-22-130009-300x288.png 300w, https://www.fbycc.org/wp-content/uploads/2024/05/Captura-de-pantalla-2024-05-22-130009-768x736.png 768w" sizes="auto, (max-width: 846px) 100vw, 846px" /></p>
<p style="text-align: justify;">El próximo <strong>viernes 31 de mayo</strong> de 2024, tendrá lugar la <strong>jornada «Entidades Selvícolas de Colaboración (ESC): Una ventana de oportunidad para el sector forestal español»</strong>. Organizado por la <em>Fundación Gómez-Pintado</em> y el <em>Foro de Bosques y Cambio Climático</em>, este evento abordará el origen, desarrollo legal, ámbito de actuación y ejemplos prácticos de las ESC en el sector forestal.</p>
<p style="text-align: justify;">La jornada se celebrará en el Auditorio del Colegio Oficial de Aparejadores y Arquitectos Técnicos de Madrid (COAATM), en C. del Maestro Victoria, 3, Madrid, de 10:00 a 12:40 h.</p>
<p><strong><a href="https://fundaciongomez-pintado.com/wp-content/uploads/2024/05/Programa-fundacion.pdf">Programa del evento</a></strong></p>
<p>Inscripciones en:<br />
<strong><a href="https://docs.google.com/forms/d/e/1FAIpQLSeALUqDX2057HR2D3TpzWVfh4cRC9F-kV8llj0BBfdngpWpJw/viewform">https://docs.google.com/forms/d/e/1FAIpQLSeALUqDX2057HR2D3TpzWVfh4cRC9F-kV8llj0BBfdngpWpJw/viewform</a></strong></p>

<p>El próximo viernes 31 de mayo de 2024, tendrá lugar la jornada «Entidades Selvícolas de Colaboración (ESC): Una ventana de oportunidad para el sector forestal español». Organizado por la Fundación Gómez-Pintado y<a class="moretag" href="https://www.fbycc.org/index.php/events/jornada-entidades-selvicolas-de-colaboracion-esc-una-ventana-de-oportunidad-para-el-sector-forestal-espanol/">Leer más&#8230;</a></p>
