{"id":4276,"date":"2024-05-02T09:41:45","date_gmt":"2024-05-02T09:41:45","guid":{"rendered":"https:\/\/www.fbycc.org\/?post_type=event_listing&#038;p=4276"},"modified":"2024-05-02T09:41:45","modified_gmt":"2024-05-02T09:41:45","slug":"jornada-la-nueva-directiva-de-eficiencia-energetica-y-los-avances-en-la-normativa-espanola","status":"publish","type":"event_listing","link":"https:\/\/www.fbycc.org\/index.php\/events\/jornada-la-nueva-directiva-de-eficiencia-energetica-y-los-avances-en-la-normativa-espanola\/","title":{"rendered":"Jornada | La nueva Directiva de Eficiencia Energ\u00e9tica y los avances en la normativa espa\u00f1ola"},"content":{"rendered":"<p><img loading=\"lazy\" decoding=\"async\" class=\"alignnone size-full wp-image-4277\" src=\"https:\/\/www.fbycc.org\/wp-content\/uploads\/2024\/05\/Captura-de-pantalla-2024-05-02-113828.png\" alt=\"\" width=\"1656\" height=\"403\" srcset=\"https:\/\/www.fbycc.org\/wp-content\/uploads\/2024\/05\/Captura-de-pantalla-2024-05-02-113828.png 1656w, https:\/\/www.fbycc.org\/wp-content\/uploads\/2024\/05\/Captura-de-pantalla-2024-05-02-113828-300x73.png 300w, https:\/\/www.fbycc.org\/wp-content\/uploads\/2024\/05\/Captura-de-pantalla-2024-05-02-113828-1024x249.png 1024w, https:\/\/www.fbycc.org\/wp-content\/uploads\/2024\/05\/Captura-de-pantalla-2024-05-02-113828-768x187.png 768w, https:\/\/www.fbycc.org\/wp-content\/uploads\/2024\/05\/Captura-de-pantalla-2024-05-02-113828-1536x374.png 1536w\" sizes=\"auto, (max-width: 1656px) 100vw, 1656px\" \/><\/p>\n<p style=\"text-align: justify;\">El pr\u00f3ximo viernes <strong>10 de mayo<\/strong>, tendr\u00e1 lugar la <strong>Jornada \u00abLa nueva Directiva de Eficiencia Energ\u00e9tica y los avances en la normativa espa\u00f1ola\u00bb<\/strong>. Organizado por <em>AEICE<\/em>, este evento abordar\u00e1 las novedades de la nueva Directiva de Eficiencia Energ\u00e9tica en Edificios (EPBD) y su impacto en la normativa espa\u00f1ola, as\u00ed como el impulso hacia la descarbonizaci\u00f3n promovido por el Pacto Verde Europeo. Los ponentes compartir\u00e1n conocimientos sobre la eficiencia energ\u00e9tica en la fase operativa y las emisiones durante la construcci\u00f3n, y se discutir\u00e1n iniciativas como HabiT0 para descarbonizar el sector h\u00e1bitat.<\/p>\n<p>M\u00e1s informaci\u00f3n en:<br \/>\n<strong><a href=\"https:\/\/docs.google.com\/forms\/d\/e\/1FAIpQLScOY3Wi8TFIv0j4-NfWFTw8bSQZCpOzE7Du1SVhFZW-4wfryw\/viewform\">https:\/\/docs.google.com\/forms\/d\/e\/1FAIpQLScOY3Wi8TFIv0j4-NfWFTw8bSQZCpOzE7Du1SVhFZW-4wfryw\/viewform<\/a><\/strong><\/p>\n","protected":false},"excerpt":{"rendered":"<p>El pr\u00f3ximo viernes 10 de mayo, tendr\u00e1 lugar la Jornada \u00abLa nueva Directiva de Eficiencia Energ\u00e9tica y los avances en la normativa espa\u00f1ola\u00bb. Organizado por AEICE, este evento abordar\u00e1 las novedades de<a class=\"moretag\" href=\"https:\/\/www.fbycc.org\/index.php\/events\/jornada-la-nueva-directiva-de-eficiencia-energetica-y-los-avances-en-la-normativa-espanola\/\">Leer m\u00e1s&#8230;<\/a><\/p>\n","protected":false},"author":5,"featured_media":0,"parent":0,"menu_order":0,"comment_status":"closed","ping_status":"closed","template":"","event_listing_category":[52],"class_list":["post-4276","event_listing","type-event_listing","status-publish","hentry"],"_links":{"self":[{"href":"https:\/\/www.fbycc.org\/index.php\/wp-json\/wp\/v2\/event_listing\/4276","targetHints":{"allow":["GET"]}}],"collection":[{"href":"https:\/\/www.fbycc.org\/index.php\/wp-json\/wp\/v2\/event_listing"}],"about":[{"href":"https:\/\/www.fbycc.org\/index.php\/wp-json\/wp\/v2\/types\/event_listing"}],"author":[{"embeddable":true,"href":"https:\/\/www.fbycc.org\/index.php\/wp-json\/wp\/v2\/users\/5"}],"replies":[{"embeddable":true,"href":"https:\/\/www.fbycc.org\/index.php\/wp-json\/wp\/v2\/comments?post=4276"}],"wp:attachment":[{"href":"https:\/\/www.fbycc.org\/index.php\/wp-json\/wp\/v2\/media?parent=4276"}],"wp:term":[{"taxonomy":"event_listing_category","embeddable":true,"href":"https:\/\/www.fbycc.org\/index.php\/wp-json\/wp\/v2\/event_listing_category?post=4276"}],"curies":[{"name":"wp","href":"https:\/\/api.w.org\/{rel}","templated":true}]}}

Jornada | La nueva Directiva de Eficiencia Energética y los avances en la normativa española

<p><img loading="lazy" decoding="async" class="alignnone size-full wp-image-4277" src="https://www.fbycc.org/wp-content/uploads/2024/05/Captura-de-pantalla-2024-05-02-113828.png" alt="" width="1656" height="403" srcset="https://www.fbycc.org/wp-content/uploads/2024/05/Captura-de-pantalla-2024-05-02-113828.png 1656w, https://www.fbycc.org/wp-content/uploads/2024/05/Captura-de-pantalla-2024-05-02-113828-300x73.png 300w, https://www.fbycc.org/wp-content/uploads/2024/05/Captura-de-pantalla-2024-05-02-113828-1024x249.png 1024w, https://www.fbycc.org/wp-content/uploads/2024/05/Captura-de-pantalla-2024-05-02-113828-768x187.png 768w, https://www.fbycc.org/wp-content/uploads/2024/05/Captura-de-pantalla-2024-05-02-113828-1536x374.png 1536w" sizes="auto, (max-width: 1656px) 100vw, 1656px" /></p>
<p style="text-align: justify;">El próximo viernes <strong>10 de mayo</strong>, tendrá lugar la <strong>Jornada «La nueva Directiva de Eficiencia Energética y los avances en la normativa española»</strong>. Organizado por <em>AEICE</em>, este evento abordará las novedades de la nueva Directiva de Eficiencia Energética en Edificios (EPBD) y su impacto en la normativa española, así como el impulso hacia la descarbonización promovido por el Pacto Verde Europeo. Los ponentes compartirán conocimientos sobre la eficiencia energética en la fase operativa y las emisiones durante la construcción, y se discutirán iniciativas como HabiT0 para descarbonizar el sector hábitat.</p>
<p>Más información en:<br />
<strong><a href="https://docs.google.com/forms/d/e/1FAIpQLScOY3Wi8TFIv0j4-NfWFTw8bSQZCpOzE7Du1SVhFZW-4wfryw/viewform">https://docs.google.com/forms/d/e/1FAIpQLScOY3Wi8TFIv0j4-NfWFTw8bSQZCpOzE7Du1SVhFZW-4wfryw/viewform</a></strong></p>

<p>El próximo viernes 10 de mayo, tendrá lugar la Jornada «La nueva Directiva de Eficiencia Energética y los avances en la normativa española». Organizado por AEICE, este evento abordará las novedades de<a class="moretag" href="https://www.fbycc.org/index.php/events/jornada-la-nueva-directiva-de-eficiencia-energetica-y-los-avances-en-la-normativa-espanola/">Leer más&#8230;</a></p>
