{"id":4267,"date":"2024-05-02T08:01:36","date_gmt":"2024-05-02T08:01:36","guid":{"rendered":"https:\/\/www.fbycc.org\/?post_type=event_listing&#038;p=4267"},"modified":"2024-05-02T08:01:36","modified_gmt":"2024-05-02T08:01:36","slug":"seminario-i-foro-somos-de-monte","status":"publish","type":"event_listing","link":"https:\/\/www.fbycc.org\/index.php\/events\/seminario-i-foro-somos-de-monte\/","title":{"rendered":"Seminario | I FORO \u00abSomos de monte\u00bb"},"content":{"rendered":"<p><img loading=\"lazy\" decoding=\"async\" class=\"alignnone size-full wp-image-4268\" src=\"https:\/\/www.fbycc.org\/wp-content\/uploads\/2024\/05\/BOLETIN-Eventos.png\" alt=\"\" width=\"900\" height=\"400\" srcset=\"https:\/\/www.fbycc.org\/wp-content\/uploads\/2024\/05\/BOLETIN-Eventos.png 900w, https:\/\/www.fbycc.org\/wp-content\/uploads\/2024\/05\/BOLETIN-Eventos-300x133.png 300w, https:\/\/www.fbycc.org\/wp-content\/uploads\/2024\/05\/BOLETIN-Eventos-768x341.png 768w\" sizes=\"auto, (max-width: 900px) 100vw, 900px\" \/><\/p>\n<p style=\"text-align: justify;\">El pr\u00f3ximo <strong>3 de mayo<\/strong>, tendr\u00e1 lugar el <strong>I FORO \u00abSomos de monte\u00bb<\/strong>. Organizado por la <em>Fundaci\u00f3n Eduardo Pondal<\/em>, este evento abordar\u00e1 la promoci\u00f3n del potencial forestal gallego y el uso sostenible de la madera como materia prima renovable en la industria emergente de productos t\u00e9cnicos. El objetivo es generar un espacio de encuentro e intercambio de ideas entre profesionales y personas interesadas en diversos aspectos, desde la bioeconom\u00eda hasta la arquitectura sostenible, destacando la importancia del sector forestal en el crecimiento econ\u00f3mico, el empleo y el bienestar rural en Galicia.<\/p>\n<p>M\u00e1s informaci\u00f3n en:<br \/>\n<strong><a href=\"http:\/\/www.somosdemonte.gal\/\">http:\/\/www.somosdemonte.gal\/<\/a><\/strong><\/p>\n","protected":false},"excerpt":{"rendered":"<p>El pr\u00f3ximo 3 de mayo, tendr\u00e1 lugar el I FORO \u00abSomos de monte\u00bb. Organizado por la Fundaci\u00f3n Eduardo Pondal, este evento abordar\u00e1 la promoci\u00f3n del potencial forestal gallego y el uso sostenible<a class=\"moretag\" href=\"https:\/\/www.fbycc.org\/index.php\/events\/seminario-i-foro-somos-de-monte\/\">Leer m\u00e1s&#8230;<\/a><\/p>\n","protected":false},"author":5,"featured_media":0,"parent":0,"menu_order":0,"comment_status":"closed","ping_status":"closed","template":"","event_listing_category":[52],"class_list":["post-4267","event_listing","type-event_listing","status-publish","hentry"],"_links":{"self":[{"href":"https:\/\/www.fbycc.org\/index.php\/wp-json\/wp\/v2\/event_listing\/4267","targetHints":{"allow":["GET"]}}],"collection":[{"href":"https:\/\/www.fbycc.org\/index.php\/wp-json\/wp\/v2\/event_listing"}],"about":[{"href":"https:\/\/www.fbycc.org\/index.php\/wp-json\/wp\/v2\/types\/event_listing"}],"author":[{"embeddable":true,"href":"https:\/\/www.fbycc.org\/index.php\/wp-json\/wp\/v2\/users\/5"}],"replies":[{"embeddable":true,"href":"https:\/\/www.fbycc.org\/index.php\/wp-json\/wp\/v2\/comments?post=4267"}],"wp:attachment":[{"href":"https:\/\/www.fbycc.org\/index.php\/wp-json\/wp\/v2\/media?parent=4267"}],"wp:term":[{"taxonomy":"event_listing_category","embeddable":true,"href":"https:\/\/www.fbycc.org\/index.php\/wp-json\/wp\/v2\/event_listing_category?post=4267"}],"curies":[{"name":"wp","href":"https:\/\/api.w.org\/{rel}","templated":true}]}}

<p><img loading="lazy" decoding="async" class="alignnone size-full wp-image-4268" src="https://www.fbycc.org/wp-content/uploads/2024/05/BOLETIN-Eventos.png" alt="" width="900" height="400" srcset="https://www.fbycc.org/wp-content/uploads/2024/05/BOLETIN-Eventos.png 900w, https://www.fbycc.org/wp-content/uploads/2024/05/BOLETIN-Eventos-300x133.png 300w, https://www.fbycc.org/wp-content/uploads/2024/05/BOLETIN-Eventos-768x341.png 768w" sizes="auto, (max-width: 900px) 100vw, 900px" /></p>
<p style="text-align: justify;">El próximo <strong>3 de mayo</strong>, tendrá lugar el <strong>I FORO «Somos de monte»</strong>. Organizado por la <em>Fundación Eduardo Pondal</em>, este evento abordará la promoción del potencial forestal gallego y el uso sostenible de la madera como materia prima renovable en la industria emergente de productos técnicos. El objetivo es generar un espacio de encuentro e intercambio de ideas entre profesionales y personas interesadas en diversos aspectos, desde la bioeconomía hasta la arquitectura sostenible, destacando la importancia del sector forestal en el crecimiento económico, el empleo y el bienestar rural en Galicia.</p>
<p>Más información en:<br />
<strong><a href="http://www.somosdemonte.gal/">http://www.somosdemonte.gal/</a></strong></p>

<p>El próximo 3 de mayo, tendrá lugar el I FORO «Somos de monte». Organizado por la Fundación Eduardo Pondal, este evento abordará la promoción del potencial forestal gallego y el uso sostenible<a class="moretag" href="https://www.fbycc.org/index.php/events/seminario-i-foro-somos-de-monte/">Leer más&#8230;</a></p>
