{"id":4266,"date":"2024-05-02T07:25:07","date_gmt":"2024-05-02T07:25:07","guid":{"rendered":"https:\/\/www.fbycc.org\/?post_type=event_listing&#038;p=4266"},"modified":"2024-05-02T07:25:07","modified_gmt":"2024-05-02T07:25:07","slug":"webinar-drought-adaptation-of-forests-in-europe-practical-strategies","status":"publish","type":"event_listing","link":"https:\/\/www.fbycc.org\/index.php\/events\/webinar-drought-adaptation-of-forests-in-europe-practical-strategies\/","title":{"rendered":"Webinar | Drought Adaptation of Forests in Europe &#8211; Practical Strategies"},"content":{"rendered":"<p><img loading=\"lazy\" decoding=\"async\" class=\"\" src=\"https:\/\/efi.int\/sites\/default\/files\/images\/events\/2024\/sm_card_general.png\" width=\"556\" height=\"293\" \/><\/p>\n<p style=\"text-align: justify;\">El pr\u00f3ximo <strong>17 de mayo de 2024<\/strong>, tendr\u00e1 lugar el webinar \u00ab<strong>Drought Adaptation of Forests in Europe &#8211; Practical Strategies<\/strong>\u00ab, organizado por <em>FOREST EUROPE<\/em> en colaboraci\u00f3n con el Swiss Federal Institute for Forest, Snow and Landscape Research (WSL). Durante este evento online, se abordar\u00e1n medidas pr\u00e1cticas para ayudar a los bosques europeos a adaptarse a la sequ\u00eda, incluyendo recomendaciones cient\u00edficas y orientaci\u00f3n pr\u00e1ctica sobre estas medidas.<\/p>\n<p>M\u00e1s informaci\u00f3n en:<br \/>\n<strong><a href=\"https:\/\/www.eventbrite.fi\/e\/drought-adaptation-of-forests-in-europe-practical-strategies-tickets-884888925597?aff=oddtdtcreator\">https:\/\/www.eventbrite.fi\/e\/drought-adaptation-of-forests-in-europe-practical-strategies-tickets-884888925597?aff=oddtdtcreator<\/a><\/strong><\/p>\n","protected":false},"excerpt":{"rendered":"<p>El pr\u00f3ximo 17 de mayo de 2024, tendr\u00e1 lugar el webinar \u00abDrought Adaptation of Forests in Europe &#8211; Practical Strategies\u00ab, organizado por FOREST EUROPE en colaboraci\u00f3n con el Swiss Federal Institute for<a class=\"moretag\" href=\"https:\/\/www.fbycc.org\/index.php\/events\/webinar-drought-adaptation-of-forests-in-europe-practical-strategies\/\">Leer m\u00e1s&#8230;<\/a><\/p>\n","protected":false},"author":5,"featured_media":0,"parent":0,"menu_order":0,"comment_status":"closed","ping_status":"closed","template":"","event_listing_category":[73],"class_list":["post-4266","event_listing","type-event_listing","status-publish","hentry"],"_links":{"self":[{"href":"https:\/\/www.fbycc.org\/index.php\/wp-json\/wp\/v2\/event_listing\/4266","targetHints":{"allow":["GET"]}}],"collection":[{"href":"https:\/\/www.fbycc.org\/index.php\/wp-json\/wp\/v2\/event_listing"}],"about":[{"href":"https:\/\/www.fbycc.org\/index.php\/wp-json\/wp\/v2\/types\/event_listing"}],"author":[{"embeddable":true,"href":"https:\/\/www.fbycc.org\/index.php\/wp-json\/wp\/v2\/users\/5"}],"replies":[{"embeddable":true,"href":"https:\/\/www.fbycc.org\/index.php\/wp-json\/wp\/v2\/comments?post=4266"}],"wp:attachment":[{"href":"https:\/\/www.fbycc.org\/index.php\/wp-json\/wp\/v2\/media?parent=4266"}],"wp:term":[{"taxonomy":"event_listing_category","embeddable":true,"href":"https:\/\/www.fbycc.org\/index.php\/wp-json\/wp\/v2\/event_listing_category?post=4266"}],"curies":[{"name":"wp","href":"https:\/\/api.w.org\/{rel}","templated":true}]}}

<p><img loading="lazy" decoding="async" class="" src="https://efi.int/sites/default/files/images/events/2024/sm_card_general.png" width="556" height="293" /></p>
<p style="text-align: justify;">El próximo <strong>17 de mayo de 2024</strong>, tendrá lugar el webinar «<strong>Drought Adaptation of Forests in Europe &#8211; Practical Strategies</strong>«, organizado por <em>FOREST EUROPE</em> en colaboración con el Swiss Federal Institute for Forest, Snow and Landscape Research (WSL). Durante este evento online, se abordarán medidas prácticas para ayudar a los bosques europeos a adaptarse a la sequía, incluyendo recomendaciones científicas y orientación práctica sobre estas medidas.</p>
<p>Más información en:<br />
<strong><a href="https://www.eventbrite.fi/e/drought-adaptation-of-forests-in-europe-practical-strategies-tickets-884888925597?aff=oddtdtcreator">https://www.eventbrite.fi/e/drought-adaptation-of-forests-in-europe-practical-strategies-tickets-884888925597?aff=oddtdtcreator</a></strong></p>

<p>El próximo 17 de mayo de 2024, tendrá lugar el webinar «Drought Adaptation of Forests in Europe &#8211; Practical Strategies«, organizado por FOREST EUROPE en colaboración con el Swiss Federal Institute for<a class="moretag" href="https://www.fbycc.org/index.php/events/webinar-drought-adaptation-of-forests-in-europe-practical-strategies/">Leer más&#8230;</a></p>
