{"id":4264,"date":"2024-05-02T07:05:10","date_gmt":"2024-05-02T07:05:10","guid":{"rendered":"https:\/\/www.fbycc.org\/?post_type=event_listing&#038;p=4264"},"modified":"2024-05-02T07:05:10","modified_gmt":"2024-05-02T07:05:10","slug":"conference-online-a-roadmap-to-eu-forest-resilience-tackling-climate-change-and-forest-disturbances","status":"publish","type":"event_listing","link":"https:\/\/www.fbycc.org\/index.php\/events\/conference-online-a-roadmap-to-eu-forest-resilience-tackling-climate-change-and-forest-disturbances\/","title":{"rendered":"Conference Online | A Roadmap to EU Forest Resilience &#8211; Tackling Climate Change and Forest Disturbances"},"content":{"rendered":"<p style=\"text-align: justify;\"><img loading=\"lazy\" decoding=\"async\" class=\"alignnone size-full wp-image-4265\" src=\"https:\/\/www.fbycc.org\/wp-content\/uploads\/2024\/05\/Captura-de-pantalla-2024-05-02-085446.png\" alt=\"\" width=\"1348\" height=\"402\" srcset=\"https:\/\/www.fbycc.org\/wp-content\/uploads\/2024\/05\/Captura-de-pantalla-2024-05-02-085446.png 1348w, https:\/\/www.fbycc.org\/wp-content\/uploads\/2024\/05\/Captura-de-pantalla-2024-05-02-085446-300x89.png 300w, https:\/\/www.fbycc.org\/wp-content\/uploads\/2024\/05\/Captura-de-pantalla-2024-05-02-085446-1024x305.png 1024w, https:\/\/www.fbycc.org\/wp-content\/uploads\/2024\/05\/Captura-de-pantalla-2024-05-02-085446-768x229.png 768w\" sizes=\"auto, (max-width: 1348px) 100vw, 1348px\" \/><\/p>\n<p style=\"text-align: justify;\">El pr\u00f3ximo <strong>8 de mayo de 2024<\/strong>, tendr\u00e1 lugar el evento \u00ab<strong>A Roadmap to EU Forest Resilience &#8211; Tackling Climate Change and Forest Disturbances<\/strong>\u00ab. Organizado por <em>Euractiv<\/em>, este evento abordar\u00e1 la necesidad de hacer que los bosques de la UE sean m\u00e1s resilientes frente al cambio clim\u00e1tico y las perturbaciones.<\/p>\n<p style=\"text-align: justify;\">Para hacer frente a los desaf\u00edos que enfrentan los bosques europeos debido al cambio clim\u00e1tico y las perturbaciones, la Comisi\u00f3n Europea introdujo la Ley de Monitoreo Forestal en noviembre de 2023, una regulaci\u00f3n sobre un marco de monitoreo para bosques europeos resilientes.\u00a0\u00danete a esta conferencia virtual para discutir c\u00f3mo hacer que los bosques de la UE sean m\u00e1s resilientes ante el cambio clim\u00e1tico y las perturbaciones.<\/p>\n<p>M\u00e1s informaci\u00f3n en:<br \/>\n<strong><a href=\"https:\/\/www.eventleaf.com\/Attendee\/Attendee\/EventPage?eId=dCBVJZSIgOFLJ1zfs8r5tw%3D%3D\">https:\/\/www.eventleaf.com\/Attendee\/Attendee\/EventPage?eId=dCBVJZSIgOFLJ1zfs8r5tw%3D%3D<\/a><\/strong><\/p>\n","protected":false},"excerpt":{"rendered":"<p>El pr\u00f3ximo 8 de mayo de 2024, tendr\u00e1 lugar el evento \u00abA Roadmap to EU Forest Resilience &#8211; Tackling Climate Change and Forest Disturbances\u00ab. Organizado por Euractiv, este evento abordar\u00e1 la necesidad<a class=\"moretag\" href=\"https:\/\/www.fbycc.org\/index.php\/events\/conference-online-a-roadmap-to-eu-forest-resilience-tackling-climate-change-and-forest-disturbances\/\">Leer m\u00e1s&#8230;<\/a><\/p>\n","protected":false},"author":5,"featured_media":0,"parent":0,"menu_order":0,"comment_status":"closed","ping_status":"closed","template":"","event_listing_category":[73],"class_list":["post-4264","event_listing","type-event_listing","status-publish","hentry"],"_links":{"self":[{"href":"https:\/\/www.fbycc.org\/index.php\/wp-json\/wp\/v2\/event_listing\/4264","targetHints":{"allow":["GET"]}}],"collection":[{"href":"https:\/\/www.fbycc.org\/index.php\/wp-json\/wp\/v2\/event_listing"}],"about":[{"href":"https:\/\/www.fbycc.org\/index.php\/wp-json\/wp\/v2\/types\/event_listing"}],"author":[{"embeddable":true,"href":"https:\/\/www.fbycc.org\/index.php\/wp-json\/wp\/v2\/users\/5"}],"replies":[{"embeddable":true,"href":"https:\/\/www.fbycc.org\/index.php\/wp-json\/wp\/v2\/comments?post=4264"}],"wp:attachment":[{"href":"https:\/\/www.fbycc.org\/index.php\/wp-json\/wp\/v2\/media?parent=4264"}],"wp:term":[{"taxonomy":"event_listing_category","embeddable":true,"href":"https:\/\/www.fbycc.org\/index.php\/wp-json\/wp\/v2\/event_listing_category?post=4264"}],"curies":[{"name":"wp","href":"https:\/\/api.w.org\/{rel}","templated":true}]}}

<p style="text-align: justify;"><img loading="lazy" decoding="async" class="alignnone size-full wp-image-4265" src="https://www.fbycc.org/wp-content/uploads/2024/05/Captura-de-pantalla-2024-05-02-085446.png" alt="" width="1348" height="402" srcset="https://www.fbycc.org/wp-content/uploads/2024/05/Captura-de-pantalla-2024-05-02-085446.png 1348w, https://www.fbycc.org/wp-content/uploads/2024/05/Captura-de-pantalla-2024-05-02-085446-300x89.png 300w, https://www.fbycc.org/wp-content/uploads/2024/05/Captura-de-pantalla-2024-05-02-085446-1024x305.png 1024w, https://www.fbycc.org/wp-content/uploads/2024/05/Captura-de-pantalla-2024-05-02-085446-768x229.png 768w" sizes="auto, (max-width: 1348px) 100vw, 1348px" /></p>
<p style="text-align: justify;">El próximo <strong>8 de mayo de 2024</strong>, tendrá lugar el evento «<strong>A Roadmap to EU Forest Resilience &#8211; Tackling Climate Change and Forest Disturbances</strong>«. Organizado por <em>Euractiv</em>, este evento abordará la necesidad de hacer que los bosques de la UE sean más resilientes frente al cambio climático y las perturbaciones.</p>
<p style="text-align: justify;">Para hacer frente a los desafíos que enfrentan los bosques europeos debido al cambio climático y las perturbaciones, la Comisión Europea introdujo la Ley de Monitoreo Forestal en noviembre de 2023, una regulación sobre un marco de monitoreo para bosques europeos resilientes. Únete a esta conferencia virtual para discutir cómo hacer que los bosques de la UE sean más resilientes ante el cambio climático y las perturbaciones.</p>
<p>Más información en:<br />
<strong><a href="https://www.eventleaf.com/Attendee/Attendee/EventPage?eId=dCBVJZSIgOFLJ1zfs8r5tw%3D%3D">https://www.eventleaf.com/Attendee/Attendee/EventPage?eId=dCBVJZSIgOFLJ1zfs8r5tw%3D%3D</a></strong></p>

<p>El próximo 8 de mayo de 2024, tendrá lugar el evento «A Roadmap to EU Forest Resilience &#8211; Tackling Climate Change and Forest Disturbances«. Organizado por Euractiv, este evento abordará la necesidad<a class="moretag" href="https://www.fbycc.org/index.php/events/conference-online-a-roadmap-to-eu-forest-resilience-tackling-climate-change-and-forest-disturbances/">Leer más&#8230;</a></p>
