{"id":4263,"date":"2024-04-25T11:10:32","date_gmt":"2024-04-25T11:10:32","guid":{"rendered":"https:\/\/www.fbycc.org\/?post_type=event_listing&#038;p=4263"},"modified":"2024-04-25T11:10:32","modified_gmt":"2024-04-25T11:10:32","slug":"congreso-iii-congreso-internacional-de-accion-climatica","status":"publish","type":"event_listing","link":"https:\/\/www.fbycc.org\/index.php\/events\/congreso-iii-congreso-internacional-de-accion-climatica\/","title":{"rendered":"CONGRESO | III Congreso Internacional de Acci\u00f3n Clim\u00e1tica"},"content":{"rendered":"<p><img loading=\"lazy\" decoding=\"async\" class=\"\" src=\"https:\/\/congresociacc.org\/wp-content\/uploads\/2024\/02\/logo-ciacc-2024.svg\" width=\"543\" height=\"177\" \/><\/p>\n<p style=\"text-align: justify;\">El pr\u00f3ximo <strong>3, 4 y 5 de julio<\/strong>, tendr\u00e1 lugar el <strong>III Congreso Internacional de Acci\u00f3n Clim\u00e1tica<\/strong>. Organizado por la Universidad Europea del Atl\u00e1ntico, este evento abordar\u00e1 la cooperaci\u00f3n, innovaci\u00f3n y el intercambio de conocimientos necesarios para enfrentar la emergencia clim\u00e1tica.<\/p>\n<p style=\"text-align: justify;\">\u00bfPor qu\u00e9 asistir al CIACC?<\/p>\n<p style=\"text-align: justify;\">&#8211; Sesiones con l\u00edderes indiscutibles de cada sector<br \/>\n&#8211; Temas actuales con aplicaci\u00f3n en un futuro pr\u00f3ximo<br \/>\n&#8211; Networking nacional e internacional<br \/>\n&#8211; Exposici\u00f3n de m\u00e1s de 20 experiencias empresariales<\/p>\n<p>M\u00e1s informaci\u00f3n en:<br \/>\n<strong><a href=\"https:\/\/congresociacc.org\/inscripcion\/\">https:\/\/congresociacc.org\/inscripcion\/<\/a><\/strong><\/p>\n","protected":false},"excerpt":{"rendered":"<p>El pr\u00f3ximo 3, 4 y 5 de julio, tendr\u00e1 lugar el III Congreso Internacional de Acci\u00f3n Clim\u00e1tica. Organizado por la Universidad Europea del Atl\u00e1ntico, este evento abordar\u00e1 la cooperaci\u00f3n, innovaci\u00f3n y el<a class=\"moretag\" href=\"https:\/\/www.fbycc.org\/index.php\/events\/congreso-iii-congreso-internacional-de-accion-climatica\/\">Leer m\u00e1s&#8230;<\/a><\/p>\n","protected":false},"author":5,"featured_media":0,"parent":0,"menu_order":0,"comment_status":"closed","ping_status":"closed","template":"","event_listing_category":[76],"class_list":["post-4263","event_listing","type-event_listing","status-publish","hentry"],"_links":{"self":[{"href":"https:\/\/www.fbycc.org\/index.php\/wp-json\/wp\/v2\/event_listing\/4263","targetHints":{"allow":["GET"]}}],"collection":[{"href":"https:\/\/www.fbycc.org\/index.php\/wp-json\/wp\/v2\/event_listing"}],"about":[{"href":"https:\/\/www.fbycc.org\/index.php\/wp-json\/wp\/v2\/types\/event_listing"}],"author":[{"embeddable":true,"href":"https:\/\/www.fbycc.org\/index.php\/wp-json\/wp\/v2\/users\/5"}],"replies":[{"embeddable":true,"href":"https:\/\/www.fbycc.org\/index.php\/wp-json\/wp\/v2\/comments?post=4263"}],"wp:attachment":[{"href":"https:\/\/www.fbycc.org\/index.php\/wp-json\/wp\/v2\/media?parent=4263"}],"wp:term":[{"taxonomy":"event_listing_category","embeddable":true,"href":"https:\/\/www.fbycc.org\/index.php\/wp-json\/wp\/v2\/event_listing_category?post=4263"}],"curies":[{"name":"wp","href":"https:\/\/api.w.org\/{rel}","templated":true}]}}

CONGRESO | III Congreso Internacional de Acción Climática

<p><img loading="lazy" decoding="async" class="" src="https://congresociacc.org/wp-content/uploads/2024/02/logo-ciacc-2024.svg" width="543" height="177" /></p>
<p style="text-align: justify;">El próximo <strong>3, 4 y 5 de julio</strong>, tendrá lugar el <strong>III Congreso Internacional de Acción Climática</strong>. Organizado por la Universidad Europea del Atlántico, este evento abordará la cooperación, innovación y el intercambio de conocimientos necesarios para enfrentar la emergencia climática.</p>
<p style="text-align: justify;">¿Por qué asistir al CIACC?</p>
<p style="text-align: justify;">&#8211; Sesiones con líderes indiscutibles de cada sector<br />
&#8211; Temas actuales con aplicación en un futuro próximo<br />
&#8211; Networking nacional e internacional<br />
&#8211; Exposición de más de 20 experiencias empresariales</p>
<p>Más información en:<br />
<strong><a href="https://congresociacc.org/inscripcion/">https://congresociacc.org/inscripcion/</a></strong></p>

<p>El próximo 3, 4 y 5 de julio, tendrá lugar el III Congreso Internacional de Acción Climática. Organizado por la Universidad Europea del Atlántico, este evento abordará la cooperación, innovación y el<a class="moretag" href="https://www.fbycc.org/index.php/events/congreso-iii-congreso-internacional-de-accion-climatica/">Leer más&#8230;</a></p>
