{"id":4262,"date":"2024-04-12T08:46:39","date_gmt":"2024-04-12T08:46:39","guid":{"rendered":"https:\/\/www.fbycc.org\/?post_type=event_listing&#038;p=4262"},"modified":"2024-04-12T08:46:39","modified_gmt":"2024-04-12T08:46:39","slug":"webinar-legislacion-europea-sobre-productos-libres-de-deforestacion-eu-deforestation","status":"publish","type":"event_listing","link":"https:\/\/www.fbycc.org\/index.php\/events\/webinar-legislacion-europea-sobre-productos-libres-de-deforestacion-eu-deforestation\/","title":{"rendered":"WEBINAR | LEGISLACI\u00d3N EUROPEA SOBRE PRODUCTOS LIBRES DE DEFORESTACI\u00d3N (EU DEFORESTATION)"},"content":{"rendered":"<p><img loading=\"lazy\" decoding=\"async\" class=\"\" src=\"https:\/\/lh6.googleusercontent.com\/wA8sbA5DpQQ8vvA_7BrIyExdphxwkmoQtOeK0CkAtrxUnJxJ91AWJDCRgAb-vjN8mrO479HjRYeWoTYPxRa8ESB7UfGV5afDZ4Z8thvPHkVLhYyp3KFtFz1mTTzWvAcx3A=w1200\" width=\"554\" height=\"290\" \/><\/p>\n<p style=\"text-align: justify;\">El pr\u00f3ximo <strong>mi\u00e9rcoles 24 de abril<\/strong>, tendr\u00e1 lugar el <strong>Webinar Legislaci\u00f3n Europea sobre productos libres de deforestaci\u00f3n (EU Deforestaci\u00f3n)<\/strong>. Organizado por la <em>Fundaci\u00f3n Empresa y Clima<\/em>, este evento abordar\u00e1 el impacto y los requisitos del Reglamento (UE) 2023\/1115 sobre productos libres de deforestaci\u00f3n.<\/p>\n<p>Inscripciones en:<br \/>\n<strong><a href=\"https:\/\/docs.google.com\/forms\/d\/e\/1FAIpQLScnwH__2ksEcqnKQMY1BkfvzUvaObtwVku1FBSc_AE47M8qDg\/viewform\">https:\/\/docs.google.com\/forms\/d\/e\/1FAIpQLScnwH__2ksEcqnKQMY1BkfvzUvaObtwVku1FBSc_AE47M8qDg\/viewform<\/a><\/strong><\/p>\n","protected":false},"excerpt":{"rendered":"<p>El pr\u00f3ximo mi\u00e9rcoles 24 de abril, tendr\u00e1 lugar el Webinar Legislaci\u00f3n Europea sobre productos libres de deforestaci\u00f3n (EU Deforestaci\u00f3n). Organizado por la Fundaci\u00f3n Empresa y Clima, este evento abordar\u00e1 el impacto y<a class=\"moretag\" href=\"https:\/\/www.fbycc.org\/index.php\/events\/webinar-legislacion-europea-sobre-productos-libres-de-deforestacion-eu-deforestation\/\">Leer m\u00e1s&#8230;<\/a><\/p>\n","protected":false},"author":5,"featured_media":0,"parent":0,"menu_order":0,"comment_status":"closed","ping_status":"closed","template":"","event_listing_category":[52],"class_list":["post-4262","event_listing","type-event_listing","status-publish","hentry"],"_links":{"self":[{"href":"https:\/\/www.fbycc.org\/index.php\/wp-json\/wp\/v2\/event_listing\/4262","targetHints":{"allow":["GET"]}}],"collection":[{"href":"https:\/\/www.fbycc.org\/index.php\/wp-json\/wp\/v2\/event_listing"}],"about":[{"href":"https:\/\/www.fbycc.org\/index.php\/wp-json\/wp\/v2\/types\/event_listing"}],"author":[{"embeddable":true,"href":"https:\/\/www.fbycc.org\/index.php\/wp-json\/wp\/v2\/users\/5"}],"replies":[{"embeddable":true,"href":"https:\/\/www.fbycc.org\/index.php\/wp-json\/wp\/v2\/comments?post=4262"}],"wp:attachment":[{"href":"https:\/\/www.fbycc.org\/index.php\/wp-json\/wp\/v2\/media?parent=4262"}],"wp:term":[{"taxonomy":"event_listing_category","embeddable":true,"href":"https:\/\/www.fbycc.org\/index.php\/wp-json\/wp\/v2\/event_listing_category?post=4262"}],"curies":[{"name":"wp","href":"https:\/\/api.w.org\/{rel}","templated":true}]}}

WEBINAR | LEGISLACIÓN EUROPEA SOBRE PRODUCTOS LIBRES DE DEFORESTACIÓN (EU DEFORESTATION)

<p><img loading="lazy" decoding="async" class="" src="https://lh6.googleusercontent.com/wA8sbA5DpQQ8vvA_7BrIyExdphxwkmoQtOeK0CkAtrxUnJxJ91AWJDCRgAb-vjN8mrO479HjRYeWoTYPxRa8ESB7UfGV5afDZ4Z8thvPHkVLhYyp3KFtFz1mTTzWvAcx3A=w1200" width="554" height="290" /></p>
<p style="text-align: justify;">El próximo <strong>miércoles 24 de abril</strong>, tendrá lugar el <strong>Webinar Legislación Europea sobre productos libres de deforestación (EU Deforestación)</strong>. Organizado por la <em>Fundación Empresa y Clima</em>, este evento abordará el impacto y los requisitos del Reglamento (UE) 2023/1115 sobre productos libres de deforestación.</p>
<p>Inscripciones en:<br />
<strong><a href="https://docs.google.com/forms/d/e/1FAIpQLScnwH__2ksEcqnKQMY1BkfvzUvaObtwVku1FBSc_AE47M8qDg/viewform">https://docs.google.com/forms/d/e/1FAIpQLScnwH__2ksEcqnKQMY1BkfvzUvaObtwVku1FBSc_AE47M8qDg/viewform</a></strong></p>

<p>El próximo miércoles 24 de abril, tendrá lugar el Webinar Legislación Europea sobre productos libres de deforestación (EU Deforestación). Organizado por la Fundación Empresa y Clima, este evento abordará el impacto y<a class="moretag" href="https://www.fbycc.org/index.php/events/webinar-legislacion-europea-sobre-productos-libres-de-deforestacion-eu-deforestation/">Leer más&#8230;</a></p>
