{"id":4261,"date":"2024-04-04T12:49:56","date_gmt":"2024-04-04T12:49:56","guid":{"rendered":"https:\/\/www.fbycc.org\/?post_type=event_listing&#038;p=4261"},"modified":"2024-04-04T12:49:56","modified_gmt":"2024-04-04T12:49:56","slug":"conferencia-innovaforone-innovations-in-forestry-and-synergies-between-eu-networks","status":"publish","type":"event_listing","link":"https:\/\/www.fbycc.org\/index.php\/events\/conferencia-innovaforone-innovations-in-forestry-and-synergies-between-eu-networks\/","title":{"rendered":"CONFERENCIA | INNOVAForONE: Innovations in Forestry and Synergies between EU Networks"},"content":{"rendered":"<p><img loading=\"lazy\" decoding=\"async\" class=\"\" src=\"https:\/\/efi.int\/sites\/default\/files\/images\/events\/2024\/logo-innovaforone_web_0_0.jpg\" width=\"551\" height=\"358\" \/><\/p>\n<p style=\"text-align: justify;\">El pr\u00f3ximo <strong>18 y 19 de abril<\/strong>, tendr\u00e1 lugar la conferencia <strong>\u00abINNOVAForONE: Innovations in Forestry and Synergies between EU Networks\u00bb<\/strong>, tanto en Valladolid (Espa\u00f1a) como en l\u00ednea.<\/p>\n<p style=\"text-align: justify;\">Organizado como parte del proyecto ONEforest, este evento re\u00fane a redes forestales europeas y proyectos de la UE. Contaremos con la participaci\u00f3n de proyectos como EUFORE, Forest4EU, RESONATE y SMURF, as\u00ed como con la colaboraci\u00f3n del European Forest Institute&#8217;s Bioregions Facility, ERIAFF Network, Mediterranean Model Forest Network y la Innovawood Network.<\/p>\n<p>M\u00e1s informaci\u00f3n en:<br \/>\n<strong><a href=\"https:\/\/www.oneforest.eu\/content\/oneforest-final-conference-convenes-eu-forestry-networks-milestone-event\">https:\/\/www.oneforest.eu\/content\/oneforest-final-conference-convenes-eu-forestry-networks-milestone-event<\/a><\/strong><\/p>\n","protected":false},"excerpt":{"rendered":"<p>El pr\u00f3ximo 18 y 19 de abril, tendr\u00e1 lugar la conferencia \u00abINNOVAForONE: Innovations in Forestry and Synergies between EU Networks\u00bb, tanto en Valladolid (Espa\u00f1a) como en l\u00ednea. Organizado como parte del proyecto<a class=\"moretag\" href=\"https:\/\/www.fbycc.org\/index.php\/events\/conferencia-innovaforone-innovations-in-forestry-and-synergies-between-eu-networks\/\">Leer m\u00e1s&#8230;<\/a><\/p>\n","protected":false},"author":5,"featured_media":0,"parent":0,"menu_order":0,"comment_status":"closed","ping_status":"closed","template":"","event_listing_category":[52],"class_list":["post-4261","event_listing","type-event_listing","status-publish","hentry"],"_links":{"self":[{"href":"https:\/\/www.fbycc.org\/index.php\/wp-json\/wp\/v2\/event_listing\/4261","targetHints":{"allow":["GET"]}}],"collection":[{"href":"https:\/\/www.fbycc.org\/index.php\/wp-json\/wp\/v2\/event_listing"}],"about":[{"href":"https:\/\/www.fbycc.org\/index.php\/wp-json\/wp\/v2\/types\/event_listing"}],"author":[{"embeddable":true,"href":"https:\/\/www.fbycc.org\/index.php\/wp-json\/wp\/v2\/users\/5"}],"replies":[{"embeddable":true,"href":"https:\/\/www.fbycc.org\/index.php\/wp-json\/wp\/v2\/comments?post=4261"}],"wp:attachment":[{"href":"https:\/\/www.fbycc.org\/index.php\/wp-json\/wp\/v2\/media?parent=4261"}],"wp:term":[{"taxonomy":"event_listing_category","embeddable":true,"href":"https:\/\/www.fbycc.org\/index.php\/wp-json\/wp\/v2\/event_listing_category?post=4261"}],"curies":[{"name":"wp","href":"https:\/\/api.w.org\/{rel}","templated":true}]}}

<p><img loading="lazy" decoding="async" class="" src="https://efi.int/sites/default/files/images/events/2024/logo-innovaforone_web_0_0.jpg" width="551" height="358" /></p>
<p style="text-align: justify;">El próximo <strong>18 y 19 de abril</strong>, tendrá lugar la conferencia <strong>«INNOVAForONE: Innovations in Forestry and Synergies between EU Networks»</strong>, tanto en Valladolid (España) como en línea.</p>
<p style="text-align: justify;">Organizado como parte del proyecto ONEforest, este evento reúne a redes forestales europeas y proyectos de la UE. Contaremos con la participación de proyectos como EUFORE, Forest4EU, RESONATE y SMURF, así como con la colaboración del European Forest Institute&#8217;s Bioregions Facility, ERIAFF Network, Mediterranean Model Forest Network y la Innovawood Network.</p>
<p>Más información en:<br />
<strong><a href="https://www.oneforest.eu/content/oneforest-final-conference-convenes-eu-forestry-networks-milestone-event">https://www.oneforest.eu/content/oneforest-final-conference-convenes-eu-forestry-networks-milestone-event</a></strong></p>

<p>El próximo 18 y 19 de abril, tendrá lugar la conferencia «INNOVAForONE: Innovations in Forestry and Synergies between EU Networks», tanto en Valladolid (España) como en línea. Organizado como parte del proyecto<a class="moretag" href="https://www.fbycc.org/index.php/events/conferencia-innovaforone-innovations-in-forestry-and-synergies-between-eu-networks/">Leer más&#8230;</a></p>
