{"id":4260,"date":"2024-04-04T12:46:15","date_gmt":"2024-04-04T12:46:15","guid":{"rendered":"https:\/\/www.fbycc.org\/?post_type=event_listing&#038;p=4260"},"modified":"2024-04-04T12:46:15","modified_gmt":"2024-04-04T12:46:15","slug":"webinar-spotlight-on-genetic-diversity-an-unseen-ally-in-adapting-forests-to-drought","status":"publish","type":"event_listing","link":"https:\/\/www.fbycc.org\/index.php\/events\/webinar-spotlight-on-genetic-diversity-an-unseen-ally-in-adapting-forests-to-drought\/","title":{"rendered":"WEBINAR | Spotlight on Genetic Diversity: An Unseen Ally in Adapting Forests to Drought"},"content":{"rendered":"<p><img loading=\"lazy\" decoding=\"async\" class=\"\" src=\"https:\/\/efi.int\/sites\/default\/files\/images\/events\/2024\/sm_card_general_for_general_public.png\" alt=\"Spotlight on genetic diversity: An unseen ally in adapting forests to drought\" width=\"554\" height=\"290\" \/><\/p>\n<p style=\"text-align: justify;\">El pr\u00f3ximo <strong>14 de abril<\/strong> de 2024 a las 10:00 CET, tendr\u00e1 lugar el <strong>webinar \u00abSpotlight on Genetic Diversity: An Unseen Ally in Adapting Forests to Drought\u00bb<\/strong>, como parte de la serie &#8216;From the roots to the canopy&#8217; organizada por FOREST EUROPE.<\/p>\n<p style=\"text-align: justify;\">Este evento, organizado en colaboraci\u00f3n con EUFORGEN, el European Forest Institute y el proyecto FORGENIUS financiado por la UE, abordar\u00e1 la adaptaci\u00f3n de los bosques al estr\u00e9s por sequ\u00eda, centr\u00e1ndose en la diversidad gen\u00e9tica como aliado clave. Se explorar\u00e1 la gen\u00e9tica subyacente a la adaptaci\u00f3n a la sequ\u00eda, comprendiendo c\u00f3mo esta afecta a los bosques europeos y c\u00f3mo var\u00eda el estr\u00e9s por sequ\u00eda entre especies, poblaciones e individuos. Se discutir\u00e1 la importancia de este conocimiento y su aplicaci\u00f3n pr\u00e1ctica.<\/p>\n<p>M\u00e1s informaci\u00f3n en:<br \/>\n<strong><a href=\"https:\/\/efi.int\/events\/forest-europe-webinar-spotlight-genetic-diversity-unseen-ally-adapting-forests-drought-2024\">https:\/\/efi.int\/events\/forest-europe-webinar-spotlight-genetic-diversity-unseen-ally-adapting-forests-drought-2024<\/a><\/strong><\/p>\n<p>&nbsp;<\/p>\n","protected":false},"excerpt":{"rendered":"<p>El pr\u00f3ximo 14 de abril de 2024 a las 10:00 CET, tendr\u00e1 lugar el webinar \u00abSpotlight on Genetic Diversity: An Unseen Ally in Adapting Forests to Drought\u00bb, como parte de la serie<a class=\"moretag\" href=\"https:\/\/www.fbycc.org\/index.php\/events\/webinar-spotlight-on-genetic-diversity-an-unseen-ally-in-adapting-forests-to-drought\/\">Leer m\u00e1s&#8230;<\/a><\/p>\n","protected":false},"author":5,"featured_media":0,"parent":0,"menu_order":0,"comment_status":"closed","ping_status":"closed","template":"","event_listing_category":[52],"class_list":["post-4260","event_listing","type-event_listing","status-publish","hentry"],"_links":{"self":[{"href":"https:\/\/www.fbycc.org\/index.php\/wp-json\/wp\/v2\/event_listing\/4260","targetHints":{"allow":["GET"]}}],"collection":[{"href":"https:\/\/www.fbycc.org\/index.php\/wp-json\/wp\/v2\/event_listing"}],"about":[{"href":"https:\/\/www.fbycc.org\/index.php\/wp-json\/wp\/v2\/types\/event_listing"}],"author":[{"embeddable":true,"href":"https:\/\/www.fbycc.org\/index.php\/wp-json\/wp\/v2\/users\/5"}],"replies":[{"embeddable":true,"href":"https:\/\/www.fbycc.org\/index.php\/wp-json\/wp\/v2\/comments?post=4260"}],"wp:attachment":[{"href":"https:\/\/www.fbycc.org\/index.php\/wp-json\/wp\/v2\/media?parent=4260"}],"wp:term":[{"taxonomy":"event_listing_category","embeddable":true,"href":"https:\/\/www.fbycc.org\/index.php\/wp-json\/wp\/v2\/event_listing_category?post=4260"}],"curies":[{"name":"wp","href":"https:\/\/api.w.org\/{rel}","templated":true}]}}

<p><img loading="lazy" decoding="async" class="" src="https://efi.int/sites/default/files/images/events/2024/sm_card_general_for_general_public.png" alt="Spotlight on genetic diversity: An unseen ally in adapting forests to drought" width="554" height="290" /></p>
<p style="text-align: justify;">El próximo <strong>14 de abril</strong> de 2024 a las 10:00 CET, tendrá lugar el <strong>webinar «Spotlight on Genetic Diversity: An Unseen Ally in Adapting Forests to Drought»</strong>, como parte de la serie &#8216;From the roots to the canopy&#8217; organizada por FOREST EUROPE.</p>
<p style="text-align: justify;">Este evento, organizado en colaboración con EUFORGEN, el European Forest Institute y el proyecto FORGENIUS financiado por la UE, abordará la adaptación de los bosques al estrés por sequía, centrándose en la diversidad genética como aliado clave. Se explorará la genética subyacente a la adaptación a la sequía, comprendiendo cómo esta afecta a los bosques europeos y cómo varía el estrés por sequía entre especies, poblaciones e individuos. Se discutirá la importancia de este conocimiento y su aplicación práctica.</p>
<p>Más información en:<br />
<strong><a href="https://efi.int/events/forest-europe-webinar-spotlight-genetic-diversity-unseen-ally-adapting-forests-drought-2024">https://efi.int/events/forest-europe-webinar-spotlight-genetic-diversity-unseen-ally-adapting-forests-drought-2024</a></strong></p>
<p>&nbsp;</p>

<p>El próximo 14 de abril de 2024 a las 10:00 CET, tendrá lugar el webinar «Spotlight on Genetic Diversity: An Unseen Ally in Adapting Forests to Drought», como parte de la serie<a class="moretag" href="https://www.fbycc.org/index.php/events/webinar-spotlight-on-genetic-diversity-an-unseen-ally-in-adapting-forests-to-drought/">Leer más&#8230;</a></p>
