{"id":4258,"date":"2024-04-04T12:37:02","date_gmt":"2024-04-04T12:37:02","guid":{"rendered":"https:\/\/www.fbycc.org\/?post_type=event_listing&#038;p=4258"},"modified":"2024-04-04T12:37:02","modified_gmt":"2024-04-04T12:37:02","slug":"congreso-xxvi-congreso-mundial-iufro-2024","status":"publish","type":"event_listing","link":"https:\/\/www.fbycc.org\/index.php\/events\/congreso-xxvi-congreso-mundial-iufro-2024\/","title":{"rendered":"CONGRESO | XXVI Congreso Mundial IUFRO 2024"},"content":{"rendered":"<p><img loading=\"lazy\" decoding=\"async\" class=\"\" src=\"https:\/\/naturalezainterior.org.pe\/wp-content\/uploads\/2024\/01\/CONGRESO-IUFRO-2024.jpg\" alt=\"26\u00b0 Congreso Mundial de la Uni\u00f3n Internacional de Organizaciones de  Investigaci\u00f3n Forestal 2024 - www.naturalezainterior.org.pe\" width=\"547\" height=\"307\" \/><\/p>\n<div class=\"flex-1 overflow-hidden\">\n<div class=\"react-scroll-to-bottom--css-vetwi-79elbk h-full\">\n<div class=\"react-scroll-to-bottom--css-vetwi-1n7m0yu\">\n<div class=\"flex flex-col text-sm pb-9\">\n<div class=\"w-full text-token-text-primary\" data-testid=\"conversation-turn-519\">\n<div class=\"px-4 py-2 justify-center text-base md:gap-6 m-auto\">\n<div class=\"flex flex-1 text-base mx-auto gap-3 md:px-5 lg:px-1 xl:px-5 md:max-w-3xl lg:max-w-[40rem] xl:max-w-[48rem] group final-completion\">\n<div class=\"relative flex w-full flex-col agent-turn\">\n<div class=\"flex-col gap-1 md:gap-3\">\n<div class=\"flex flex-grow flex-col max-w-full\">\n<div class=\"min-h-[20px] text-message flex flex-col items-start gap-3 whitespace-pre-wrap break-words [.text-message+&amp;]:mt-5 overflow-x-auto\" data-message-author-role=\"assistant\" data-message-id=\"204a1e26-9b6f-41a6-86e9-a7c1758d3c27\">\n<div class=\"markdown prose w-full break-words dark:prose-invert light\">\n<p>&nbsp;<\/p>\n<p style=\"text-align: justify;\">El pr\u00f3ximo <strong>23 al 29 de junio<\/strong> de 2024, tendr\u00e1 lugar el <strong>XXVI Congreso Mundial IUFRO<\/strong> en Estocolmo, Suecia.<\/p>\n<p style=\"text-align: justify;\">Organizado por la IUFRO, este congreso ofrece una plataforma de red global colaborativa con amplias oportunidades para el intercambio de conocimientos y el acceso a la ciencia y la investigaci\u00f3n m\u00e1s recientes. Centrado en el tema \u00abBosques y Sociedad hacia 2050\u00bb, el evento establecer\u00e1 la futura agenda de investigaci\u00f3n y la hoja de ruta para las pr\u00f3ximas generaciones.<\/p>\n<p>M\u00e1s informaci\u00f3n en:<br \/>\n<strong><a href=\"https:\/\/iufro2024.com\/\" target=\"_new\" rel=\"noopener\">https:\/\/iufro2024.com\/<\/a><\/strong><\/p>\n<\/div>\n<\/div>\n<\/div>\n<div class=\"mt-1 flex justify-start gap-3 empty:hidden\">\n<div class=\"text-gray-400 flex self-end lg:self-center items-center justify-center lg:justify-start mt-0 -ml-1 h-7 gap-[2px] visible\">\n<div class=\"flex\"><\/div>\n<\/div>\n<\/div>\n<div class=\"pr-2 lg:pr-0\"><\/div>\n<\/div>\n<div class=\"absolute\">\n<div class=\"flex w-full gap-2 items-center justify-center\"><\/div>\n<\/div>\n<\/div>\n<\/div>\n<\/div>\n<\/div>\n<\/div>\n<\/div>\n<\/div>\n<\/div>\n<div class=\"w-full pt-2 md:pt-0 dark:border-white\/20 md:border-transparent md:dark:border-transparent md:w-[calc(100%-.5rem)]\">\n<form class=\"stretch mx-2 flex flex-row gap-3 last:mb-2 md:mx-4 md:last:mb-6 lg:mx-auto lg:max-w-2xl xl:max-w-3xl\">\n<div class=\"relative flex h-full flex-1 flex-col\">\n<div class=\"absolute bottom-full left-0 right-0\"><\/div>\n<div class=\"flex w-full items-center\"><\/div>\n<\/div>\n<\/form>\n<\/div>\n","protected":false},"excerpt":{"rendered":"<p>&nbsp; El pr\u00f3ximo 23 al 29 de junio de 2024, tendr\u00e1 lugar el XXVI Congreso Mundial IUFRO en Estocolmo, Suecia. Organizado por la IUFRO, este congreso ofrece una plataforma de red global<a class=\"moretag\" href=\"https:\/\/www.fbycc.org\/index.php\/events\/congreso-xxvi-congreso-mundial-iufro-2024\/\">Leer m\u00e1s&#8230;<\/a><\/p>\n","protected":false},"author":5,"featured_media":0,"parent":0,"menu_order":0,"comment_status":"closed","ping_status":"closed","template":"","event_listing_category":[76],"class_list":["post-4258","event_listing","type-event_listing","status-publish","hentry"],"_links":{"self":[{"href":"https:\/\/www.fbycc.org\/index.php\/wp-json\/wp\/v2\/event_listing\/4258","targetHints":{"allow":["GET"]}}],"collection":[{"href":"https:\/\/www.fbycc.org\/index.php\/wp-json\/wp\/v2\/event_listing"}],"about":[{"href":"https:\/\/www.fbycc.org\/index.php\/wp-json\/wp\/v2\/types\/event_listing"}],"author":[{"embeddable":true,"href":"https:\/\/www.fbycc.org\/index.php\/wp-json\/wp\/v2\/users\/5"}],"replies":[{"embeddable":true,"href":"https:\/\/www.fbycc.org\/index.php\/wp-json\/wp\/v2\/comments?post=4258"}],"wp:attachment":[{"href":"https:\/\/www.fbycc.org\/index.php\/wp-json\/wp\/v2\/media?parent=4258"}],"wp:term":[{"taxonomy":"event_listing_category","embeddable":true,"href":"https:\/\/www.fbycc.org\/index.php\/wp-json\/wp\/v2\/event_listing_category?post=4258"}],"curies":[{"name":"wp","href":"https:\/\/api.w.org\/{rel}","templated":true}]}}

<p><img loading="lazy" decoding="async" class="" src="https://naturalezainterior.org.pe/wp-content/uploads/2024/01/CONGRESO-IUFRO-2024.jpg" alt="26° Congreso Mundial de la Unión Internacional de Organizaciones de  Investigación Forestal 2024 - www.naturalezainterior.org.pe" width="547" height="307" /></p>
<div class="flex-1 overflow-hidden">
<div class="react-scroll-to-bottom--css-vetwi-79elbk h-full">
<div class="react-scroll-to-bottom--css-vetwi-1n7m0yu">
<div class="flex flex-col text-sm pb-9">
<div class="w-full text-token-text-primary" data-testid="conversation-turn-519">
<div class="px-4 py-2 justify-center text-base md:gap-6 m-auto">
<div class="flex flex-1 text-base mx-auto gap-3 md:px-5 lg:px-1 xl:px-5 md:max-w-3xl lg:max-w-[40rem] xl:max-w-[48rem] group final-completion">
<div class="relative flex w-full flex-col agent-turn">
<div class="flex-col gap-1 md:gap-3">
<div class="flex flex-grow flex-col max-w-full">
<div class="min-h-[20px] text-message flex flex-col items-start gap-3 whitespace-pre-wrap break-words [.text-message+&amp;]:mt-5 overflow-x-auto" data-message-author-role="assistant" data-message-id="204a1e26-9b6f-41a6-86e9-a7c1758d3c27">
<div class="markdown prose w-full break-words dark:prose-invert light">
<p>&nbsp;</p>
<p style="text-align: justify;">El próximo <strong>23 al 29 de junio</strong> de 2024, tendrá lugar el <strong>XXVI Congreso Mundial IUFRO</strong> en Estocolmo, Suecia.</p>
<p style="text-align: justify;">Organizado por la IUFRO, este congreso ofrece una plataforma de red global colaborativa con amplias oportunidades para el intercambio de conocimientos y el acceso a la ciencia y la investigación más recientes. Centrado en el tema «Bosques y Sociedad hacia 2050», el evento establecerá la futura agenda de investigación y la hoja de ruta para las próximas generaciones.</p>
<p>Más información en:<br />
<strong><a href="https://iufro2024.com/" target="_new" rel="noopener">https://iufro2024.com/</a></strong></p>
</div>
</div>
</div>
<div class="mt-1 flex justify-start gap-3 empty:hidden">
<div class="text-gray-400 flex self-end lg:self-center items-center justify-center lg:justify-start mt-0 -ml-1 h-7 gap-[2px] visible">
<div class="flex"></div>
</div>
</div>
<div class="pr-2 lg:pr-0"></div>
</div>
<div class="absolute">
<div class="flex w-full gap-2 items-center justify-center"></div>
</div>
</div>
</div>
</div>
</div>
</div>
</div>
</div>
</div>
<div class="w-full pt-2 md:pt-0 dark:border-white/20 md:border-transparent md:dark:border-transparent md:w-[calc(100%-.5rem)]">
<form class="stretch mx-2 flex flex-row gap-3 last:mb-2 md:mx-4 md:last:mb-6 lg:mx-auto lg:max-w-2xl xl:max-w-3xl">
<div class="relative flex h-full flex-1 flex-col">
<div class="absolute bottom-full left-0 right-0"></div>
<div class="flex w-full items-center"></div>
</div>
</form>
</div>

<p>&nbsp; El próximo 23 al 29 de junio de 2024, tendrá lugar el XXVI Congreso Mundial IUFRO en Estocolmo, Suecia. Organizado por la IUFRO, este congreso ofrece una plataforma de red global<a class="moretag" href="https://www.fbycc.org/index.php/events/congreso-xxvi-congreso-mundial-iufro-2024/">Leer más&#8230;</a></p>
