{"id":4257,"date":"2024-04-04T12:34:16","date_gmt":"2024-04-04T12:34:16","guid":{"rendered":"https:\/\/www.fbycc.org\/?post_type=event_listing&#038;p=4257"},"modified":"2024-04-04T12:34:16","modified_gmt":"2024-04-04T12:34:16","slug":"congreso-forum-internacional-de-construccion-con-madera","status":"publish","type":"event_listing","link":"https:\/\/www.fbycc.org\/index.php\/events\/congreso-forum-internacional-de-construccion-con-madera\/","title":{"rendered":"CONGRESO | F\u00f3rum Internacional de Construcci\u00f3n con Madera,"},"content":{"rendered":"<p><img loading=\"lazy\" decoding=\"async\" class=\"\" src=\"https:\/\/www.ademan.org\/wp-content\/uploads\/2024\/02\/logo_FMC_datum.png\" alt=\"Abierto el plazo de inscripci\u00f3n para el 4\u00aa F\u00f3rum Internacional de  Construcci\u00f3n con madera - Ademan\" width=\"549\" height=\"329\" \/><\/p>\n<p>&nbsp;<\/p>\n<p style=\"text-align: justify;\">El pr\u00f3ximo <strong>5 al 6 de junio<\/strong> de 2024, tendr\u00e1 lugar el <strong>F\u00f3rum Internacional de Construcci\u00f3n con Madera<\/strong> en Pamplona, Navarra.<\/p>\n<p style=\"text-align: justify;\">Organizado por F\u00f3rum Madera Espa\u00f1a, este evento anual de referencia en el sector de la construcci\u00f3n con madera se llevar\u00e1 a cabo en el Palacio de Congresos Baluarte de Pamplona. M\u00e1s de 400 profesionales del sector se reunir\u00e1n para descubrir las \u00faltimas novedades y participar en actividades de networking.<\/p>\n<p>M\u00e1s informaci\u00f3n en:<br \/>\n<strong><a href=\"https:\/\/www.forum-maderaconstruccion.es\/\" target=\"_new\" rel=\"noopener\">https:\/\/www.forum-maderaconstruccion.es\/<\/a><\/strong><\/p>\n","protected":false},"excerpt":{"rendered":"<p>&nbsp; El pr\u00f3ximo 5 al 6 de junio de 2024, tendr\u00e1 lugar el F\u00f3rum Internacional de Construcci\u00f3n con Madera en Pamplona, Navarra. Organizado por F\u00f3rum Madera Espa\u00f1a, este evento anual de referencia<a class=\"moretag\" href=\"https:\/\/www.fbycc.org\/index.php\/events\/congreso-forum-internacional-de-construccion-con-madera\/\">Leer m\u00e1s&#8230;<\/a><\/p>\n","protected":false},"author":5,"featured_media":0,"parent":0,"menu_order":0,"comment_status":"closed","ping_status":"closed","template":"","event_listing_category":[76],"class_list":["post-4257","event_listing","type-event_listing","status-publish","hentry"],"_links":{"self":[{"href":"https:\/\/www.fbycc.org\/index.php\/wp-json\/wp\/v2\/event_listing\/4257","targetHints":{"allow":["GET"]}}],"collection":[{"href":"https:\/\/www.fbycc.org\/index.php\/wp-json\/wp\/v2\/event_listing"}],"about":[{"href":"https:\/\/www.fbycc.org\/index.php\/wp-json\/wp\/v2\/types\/event_listing"}],"author":[{"embeddable":true,"href":"https:\/\/www.fbycc.org\/index.php\/wp-json\/wp\/v2\/users\/5"}],"replies":[{"embeddable":true,"href":"https:\/\/www.fbycc.org\/index.php\/wp-json\/wp\/v2\/comments?post=4257"}],"wp:attachment":[{"href":"https:\/\/www.fbycc.org\/index.php\/wp-json\/wp\/v2\/media?parent=4257"}],"wp:term":[{"taxonomy":"event_listing_category","embeddable":true,"href":"https:\/\/www.fbycc.org\/index.php\/wp-json\/wp\/v2\/event_listing_category?post=4257"}],"curies":[{"name":"wp","href":"https:\/\/api.w.org\/{rel}","templated":true}]}}

CONGRESO | Fórum Internacional de Construcción con Madera,

<p><img loading="lazy" decoding="async" class="" src="https://www.ademan.org/wp-content/uploads/2024/02/logo_FMC_datum.png" alt="Abierto el plazo de inscripción para el 4ª Fórum Internacional de  Construcción con madera - Ademan" width="549" height="329" /></p>
<p>&nbsp;</p>
<p style="text-align: justify;">El próximo <strong>5 al 6 de junio</strong> de 2024, tendrá lugar el <strong>Fórum Internacional de Construcción con Madera</strong> en Pamplona, Navarra.</p>
<p style="text-align: justify;">Organizado por Fórum Madera España, este evento anual de referencia en el sector de la construcción con madera se llevará a cabo en el Palacio de Congresos Baluarte de Pamplona. Más de 400 profesionales del sector se reunirán para descubrir las últimas novedades y participar en actividades de networking.</p>
<p>Más información en:<br />
<strong><a href="https://www.forum-maderaconstruccion.es/" target="_new" rel="noopener">https://www.forum-maderaconstruccion.es/</a></strong></p>

<p>&nbsp; El próximo 5 al 6 de junio de 2024, tendrá lugar el Fórum Internacional de Construcción con Madera en Pamplona, Navarra. Organizado por Fórum Madera España, este evento anual de referencia<a class="moretag" href="https://www.fbycc.org/index.php/events/congreso-forum-internacional-de-construccion-con-madera/">Leer más&#8230;</a></p>
