{"id":4251,"date":"2024-04-03T12:38:31","date_gmt":"2024-04-03T12:38:31","guid":{"rendered":"https:\/\/www.fbycc.org\/?post_type=event_listing&#038;p=4251"},"modified":"2024-04-03T12:38:31","modified_gmt":"2024-04-03T12:38:31","slug":"webinar-selvicultura-para-la-adaptacion-al-cambio-climatico","status":"publish","type":"event_listing","link":"https:\/\/www.fbycc.org\/index.php\/events\/webinar-selvicultura-para-la-adaptacion-al-cambio-climatico\/","title":{"rendered":"WEBINAR | Selvicultura para la Adaptaci\u00f3n al Cambio Clim\u00e1tico"},"content":{"rendered":"<p><img loading=\"lazy\" decoding=\"async\" class=\"alignnone size-full wp-image-4253\" style=\"text-align: justify;\" src=\"https:\/\/www.fbycc.org\/wp-content\/uploads\/2024\/04\/Captura-de-pantalla-2024-04-03-143207-1.png\" alt=\"\" width=\"986\" height=\"439\" srcset=\"https:\/\/www.fbycc.org\/wp-content\/uploads\/2024\/04\/Captura-de-pantalla-2024-04-03-143207-1.png 986w, https:\/\/www.fbycc.org\/wp-content\/uploads\/2024\/04\/Captura-de-pantalla-2024-04-03-143207-1-300x134.png 300w, https:\/\/www.fbycc.org\/wp-content\/uploads\/2024\/04\/Captura-de-pantalla-2024-04-03-143207-1-768x342.png 768w, https:\/\/www.fbycc.org\/wp-content\/uploads\/2024\/04\/Captura-de-pantalla-2024-04-03-143207-1-604x270.png 604w\" sizes=\"auto, (max-width: 986px) 100vw, 986px\" \/><\/p>\n<p style=\"text-align: justify;\">El pr\u00f3ximo lunes <strong>15 de abril<\/strong>, tendr\u00e1 lugar el seminario online titulado \u00ab<strong>Selvicultura para la Adaptaci\u00f3n al Cambio Clim\u00e1tico<\/strong>\u00ab.<\/p>\n<p style=\"text-align: justify;\">Organizado por <em>RedBosque_Clima<\/em>, este webinario explorar\u00e1 diferentes enfoques de selvicultura adaptativa para hacer frente al cambio clim\u00e1tico. Expertos en gesti\u00f3n forestal y cambio clim\u00e1tico compartir\u00e1n estrategias clave para mejorar la resiliencia de nuestros bosques en un contexto de cambio clim\u00e1tico acelerado. Se discutir\u00e1n herramientas y pr\u00e1cticas compatibles con objetivos de producci\u00f3n y conservaci\u00f3n de la biodiversidad.<\/p>\n<p><img loading=\"lazy\" decoding=\"async\" class=\"alignnone size-full wp-image-4252\" src=\"https:\/\/www.fbycc.org\/wp-content\/uploads\/2024\/04\/Captura-de-pantalla-2024-04-03-143207.png\" alt=\"\" width=\"931\" height=\"690\" srcset=\"https:\/\/www.fbycc.org\/wp-content\/uploads\/2024\/04\/Captura-de-pantalla-2024-04-03-143207.png 931w, https:\/\/www.fbycc.org\/wp-content\/uploads\/2024\/04\/Captura-de-pantalla-2024-04-03-143207-300x222.png 300w, https:\/\/www.fbycc.org\/wp-content\/uploads\/2024\/04\/Captura-de-pantalla-2024-04-03-143207-768x569.png 768w\" sizes=\"auto, (max-width: 931px) 100vw, 931px\" \/><\/p>\n<p>M\u00e1s informaci\u00f3n e inscripciones en:<br \/>\n<strong><a href=\"https:\/\/webinarioselvicultura.gr8.com\/\">https:\/\/webinarioselvicultura.gr8.com\/<\/a><\/strong><\/p>\n","protected":false},"excerpt":{"rendered":"<p>El pr\u00f3ximo lunes 15 de abril, tendr\u00e1 lugar el seminario online titulado \u00abSelvicultura para la Adaptaci\u00f3n al Cambio Clim\u00e1tico\u00ab. Organizado por RedBosque_Clima, este webinario explorar\u00e1 diferentes enfoques de selvicultura adaptativa para hacer<a class=\"moretag\" href=\"https:\/\/www.fbycc.org\/index.php\/events\/webinar-selvicultura-para-la-adaptacion-al-cambio-climatico\/\">Leer m\u00e1s&#8230;<\/a><\/p>\n","protected":false},"author":5,"featured_media":0,"parent":0,"menu_order":0,"comment_status":"closed","ping_status":"closed","template":"","event_listing_category":[52],"class_list":["post-4251","event_listing","type-event_listing","status-publish","hentry"],"_links":{"self":[{"href":"https:\/\/www.fbycc.org\/index.php\/wp-json\/wp\/v2\/event_listing\/4251","targetHints":{"allow":["GET"]}}],"collection":[{"href":"https:\/\/www.fbycc.org\/index.php\/wp-json\/wp\/v2\/event_listing"}],"about":[{"href":"https:\/\/www.fbycc.org\/index.php\/wp-json\/wp\/v2\/types\/event_listing"}],"author":[{"embeddable":true,"href":"https:\/\/www.fbycc.org\/index.php\/wp-json\/wp\/v2\/users\/5"}],"replies":[{"embeddable":true,"href":"https:\/\/www.fbycc.org\/index.php\/wp-json\/wp\/v2\/comments?post=4251"}],"wp:attachment":[{"href":"https:\/\/www.fbycc.org\/index.php\/wp-json\/wp\/v2\/media?parent=4251"}],"wp:term":[{"taxonomy":"event_listing_category","embeddable":true,"href":"https:\/\/www.fbycc.org\/index.php\/wp-json\/wp\/v2\/event_listing_category?post=4251"}],"curies":[{"name":"wp","href":"https:\/\/api.w.org\/{rel}","templated":true}]}}

WEBINAR | Selvicultura para la Adaptación al Cambio Climático

<p><img loading="lazy" decoding="async" class="alignnone size-full wp-image-4253" style="text-align: justify;" src="https://www.fbycc.org/wp-content/uploads/2024/04/Captura-de-pantalla-2024-04-03-143207-1.png" alt="" width="986" height="439" srcset="https://www.fbycc.org/wp-content/uploads/2024/04/Captura-de-pantalla-2024-04-03-143207-1.png 986w, https://www.fbycc.org/wp-content/uploads/2024/04/Captura-de-pantalla-2024-04-03-143207-1-300x134.png 300w, https://www.fbycc.org/wp-content/uploads/2024/04/Captura-de-pantalla-2024-04-03-143207-1-768x342.png 768w, https://www.fbycc.org/wp-content/uploads/2024/04/Captura-de-pantalla-2024-04-03-143207-1-604x270.png 604w" sizes="auto, (max-width: 986px) 100vw, 986px" /></p>
<p style="text-align: justify;">El próximo lunes <strong>15 de abril</strong>, tendrá lugar el seminario online titulado «<strong>Selvicultura para la Adaptación al Cambio Climático</strong>«.</p>
<p style="text-align: justify;">Organizado por <em>RedBosque_Clima</em>, este webinario explorará diferentes enfoques de selvicultura adaptativa para hacer frente al cambio climático. Expertos en gestión forestal y cambio climático compartirán estrategias clave para mejorar la resiliencia de nuestros bosques en un contexto de cambio climático acelerado. Se discutirán herramientas y prácticas compatibles con objetivos de producción y conservación de la biodiversidad.</p>
<p><img loading="lazy" decoding="async" class="alignnone size-full wp-image-4252" src="https://www.fbycc.org/wp-content/uploads/2024/04/Captura-de-pantalla-2024-04-03-143207.png" alt="" width="931" height="690" srcset="https://www.fbycc.org/wp-content/uploads/2024/04/Captura-de-pantalla-2024-04-03-143207.png 931w, https://www.fbycc.org/wp-content/uploads/2024/04/Captura-de-pantalla-2024-04-03-143207-300x222.png 300w, https://www.fbycc.org/wp-content/uploads/2024/04/Captura-de-pantalla-2024-04-03-143207-768x569.png 768w" sizes="auto, (max-width: 931px) 100vw, 931px" /></p>
<p>Más información e inscripciones en:<br />
<strong><a href="https://webinarioselvicultura.gr8.com/">https://webinarioselvicultura.gr8.com/</a></strong></p>

<p>El próximo lunes 15 de abril, tendrá lugar el seminario online titulado «Selvicultura para la Adaptación al Cambio Climático«. Organizado por RedBosque_Clima, este webinario explorará diferentes enfoques de selvicultura adaptativa para hacer<a class="moretag" href="https://www.fbycc.org/index.php/events/webinar-selvicultura-para-la-adaptacion-al-cambio-climatico/">Leer más&#8230;</a></p>
