{"id":4243,"date":"2024-03-27T13:49:58","date_gmt":"2024-03-27T13:49:58","guid":{"rendered":"https:\/\/www.fbycc.org\/?post_type=event_listing&#038;p=4243"},"modified":"2024-03-27T13:49:58","modified_gmt":"2024-03-27T13:49:58","slug":"curso-de-experto-en-huella-de-carbono","status":"publish","type":"event_listing","link":"https:\/\/www.fbycc.org\/index.php\/events\/curso-de-experto-en-huella-de-carbono\/","title":{"rendered":"Curso de Experto en HUELLA DE CARBONO"},"content":{"rendered":"<p><img loading=\"lazy\" decoding=\"async\" class=\"alignnone size-full wp-image-4244\" src=\"https:\/\/www.fbycc.org\/wp-content\/uploads\/2024\/03\/Post-instagram.png\" alt=\"\" width=\"1080\" height=\"1080\" srcset=\"https:\/\/www.fbycc.org\/wp-content\/uploads\/2024\/03\/Post-instagram.png 1080w, https:\/\/www.fbycc.org\/wp-content\/uploads\/2024\/03\/Post-instagram-300x300.png 300w, https:\/\/www.fbycc.org\/wp-content\/uploads\/2024\/03\/Post-instagram-1024x1024.png 1024w, https:\/\/www.fbycc.org\/wp-content\/uploads\/2024\/03\/Post-instagram-150x150.png 150w, https:\/\/www.fbycc.org\/wp-content\/uploads\/2024\/03\/Post-instagram-768x768.png 768w, https:\/\/www.fbycc.org\/wp-content\/uploads\/2024\/03\/Post-instagram-50x50.png 50w, https:\/\/www.fbycc.org\/wp-content\/uploads\/2024\/03\/Post-instagram-250x250.png 250w, https:\/\/www.fbycc.org\/wp-content\/uploads\/2024\/03\/Post-instagram-500x500.png 500w\" sizes=\"auto, (max-width: 1080px) 100vw, 1080px\" \/><\/p>\n<p>&nbsp;<\/p>\n<p style=\"text-align: justify;\">\u00bfEst\u00e1s interesado en convertirte en un experto en c\u00e1lculo, mitigaci\u00f3n, compensaci\u00f3n y registro de la huella de carbono? \u00a1Entonces este curso es para ti! <\/p>\n<p>El equipo Huella de Carbono de la Universidad Polit\u00e9cnica de Madrid presenta el <strong>\u00abT\u00edtulo de Experto en C\u00e1lculo, Mitigaci\u00f3n, Compensaci\u00f3n y Registro de la Huella de Carbono\u00bb<\/strong><\/p>\n<p>Esta formaci\u00f3n se imparte en modalidad semipresencial y tiene una carga de 15 ECTS.<\/p>\n<p> Fechas: Del 5 de abril al 12 de julio<br \/>\n\u23f0 Horario: Viernes por la tarde, de 16:00 a 20:00h<br \/>\n Coste: 825\u20ac<\/p>\n<p>\u00a1Aprovecha esta oportunidad para especializarte en un campo clave para la sostenibilidad!<\/p>\n<p style=\"text-align: justify;\"><strong>Preinscripci\u00f3n<\/strong> abierta <span style=\"text-decoration: underline;\">hasta el 6 de abril.<\/span><\/p>\n<p>M\u00e1s informaci\u00f3n en:<br \/>\n<strong><a href=\"https:\/\/sites.google.com\/site\/carbonfootprintmontes\/formacion\/curso-de-experto?authuser=0\">https:\/\/sites.google.com\/site\/carbonfootprintmontes\/formacion\/curso-de-experto?authuser=0<\/a><\/strong><\/p>\n","protected":false},"excerpt":{"rendered":"<p>&nbsp; \u00bfEst\u00e1s interesado en convertirte en un experto en c\u00e1lculo, mitigaci\u00f3n, compensaci\u00f3n y registro de la huella de carbono? \u00a1Entonces este curso es para ti! El equipo Huella de Carbono de la<a class=\"moretag\" href=\"https:\/\/www.fbycc.org\/index.php\/events\/curso-de-experto-en-huella-de-carbono\/\">Leer m\u00e1s&#8230;<\/a><\/p>\n","protected":false},"author":5,"featured_media":0,"parent":0,"menu_order":0,"comment_status":"closed","ping_status":"closed","template":"","event_listing_category":[232],"class_list":["post-4243","event_listing","type-event_listing","status-publish","hentry"],"_links":{"self":[{"href":"https:\/\/www.fbycc.org\/index.php\/wp-json\/wp\/v2\/event_listing\/4243","targetHints":{"allow":["GET"]}}],"collection":[{"href":"https:\/\/www.fbycc.org\/index.php\/wp-json\/wp\/v2\/event_listing"}],"about":[{"href":"https:\/\/www.fbycc.org\/index.php\/wp-json\/wp\/v2\/types\/event_listing"}],"author":[{"embeddable":true,"href":"https:\/\/www.fbycc.org\/index.php\/wp-json\/wp\/v2\/users\/5"}],"replies":[{"embeddable":true,"href":"https:\/\/www.fbycc.org\/index.php\/wp-json\/wp\/v2\/comments?post=4243"}],"wp:attachment":[{"href":"https:\/\/www.fbycc.org\/index.php\/wp-json\/wp\/v2\/media?parent=4243"}],"wp:term":[{"taxonomy":"event_listing_category","embeddable":true,"href":"https:\/\/www.fbycc.org\/index.php\/wp-json\/wp\/v2\/event_listing_category?post=4243"}],"curies":[{"name":"wp","href":"https:\/\/api.w.org\/{rel}","templated":true}]}}

<p><img loading="lazy" decoding="async" class="alignnone size-full wp-image-4244" src="https://www.fbycc.org/wp-content/uploads/2024/03/Post-instagram.png" alt="" width="1080" height="1080" srcset="https://www.fbycc.org/wp-content/uploads/2024/03/Post-instagram.png 1080w, https://www.fbycc.org/wp-content/uploads/2024/03/Post-instagram-300x300.png 300w, https://www.fbycc.org/wp-content/uploads/2024/03/Post-instagram-1024x1024.png 1024w, https://www.fbycc.org/wp-content/uploads/2024/03/Post-instagram-150x150.png 150w, https://www.fbycc.org/wp-content/uploads/2024/03/Post-instagram-768x768.png 768w, https://www.fbycc.org/wp-content/uploads/2024/03/Post-instagram-50x50.png 50w, https://www.fbycc.org/wp-content/uploads/2024/03/Post-instagram-250x250.png 250w, https://www.fbycc.org/wp-content/uploads/2024/03/Post-instagram-500x500.png 500w" sizes="auto, (max-width: 1080px) 100vw, 1080px" /></p>
<p>&nbsp;</p>
<p style="text-align: justify;">¿Estás interesado en convertirte en un experto en cálculo, mitigación, compensación y registro de la huella de carbono? ¡Entonces este curso es para ti! </p>
<p>El equipo Huella de Carbono de la Universidad Politécnica de Madrid presenta el <strong>«Título de Experto en Cálculo, Mitigación, Compensación y Registro de la Huella de Carbono»</strong></p>
<p>Esta formación se imparte en modalidad semipresencial y tiene una carga de 15 ECTS.</p>
<p> Fechas: Del 5 de abril al 12 de julio<br />
⏰ Horario: Viernes por la tarde, de 16:00 a 20:00h<br />
 Coste: 825€</p>
<p>¡Aprovecha esta oportunidad para especializarte en un campo clave para la sostenibilidad!</p>
<p style="text-align: justify;"><strong>Preinscripción</strong> abierta <span style="text-decoration: underline;">hasta el 6 de abril.</span></p>
<p>Más información en:<br />
<strong><a href="https://sites.google.com/site/carbonfootprintmontes/formacion/curso-de-experto?authuser=0">https://sites.google.com/site/carbonfootprintmontes/formacion/curso-de-experto?authuser=0</a></strong></p>

<p>&nbsp; ¿Estás interesado en convertirte en un experto en cálculo, mitigación, compensación y registro de la huella de carbono? ¡Entonces este curso es para ti! El equipo Huella de Carbono de la<a class="moretag" href="https://www.fbycc.org/index.php/events/curso-de-experto-en-huella-de-carbono/">Leer más&#8230;</a></p>
