{"id":4139,"date":"2024-03-07T08:59:30","date_gmt":"2024-03-07T08:59:30","guid":{"rendered":"https:\/\/www.fbycc.org\/?post_type=event_listing&#038;p=4139"},"modified":"2024-03-07T08:59:30","modified_gmt":"2024-03-07T08:59:30","slug":"webinar-from-policy-to-practice-the-european-guidelines-for-closer-to-nature-forestry-and-their-application-by-ccf-forester-across-europe","status":"publish","type":"event_listing","link":"https:\/\/www.fbycc.org\/index.php\/events\/webinar-from-policy-to-practice-the-european-guidelines-for-closer-to-nature-forestry-and-their-application-by-ccf-forester-across-europe\/","title":{"rendered":"WEBINAR | From policy to practice: the european guidelines for Closer-to-nature forestry and their application by CCF forester across Europe"},"content":{"rendered":"<p><img loading=\"lazy\" decoding=\"async\" class=\"alignnone size-full wp-image-4140\" src=\"https:\/\/www.fbycc.org\/wp-content\/uploads\/2024\/03\/BOLETIN-Eventos.png\" alt=\"\" width=\"900\" height=\"400\" srcset=\"https:\/\/www.fbycc.org\/wp-content\/uploads\/2024\/03\/BOLETIN-Eventos.png 900w, https:\/\/www.fbycc.org\/wp-content\/uploads\/2024\/03\/BOLETIN-Eventos-300x133.png 300w, https:\/\/www.fbycc.org\/wp-content\/uploads\/2024\/03\/BOLETIN-Eventos-768x341.png 768w\" sizes=\"auto, (max-width: 900px) 100vw, 900px\" \/><\/p>\n<p style=\"text-align: justify;\">El pr\u00f3ximo martes <strong>12 de marzo<\/strong>, tendr\u00e1 lugar el seminario online titulado \u00ab<strong>From policy to practice: the european guidelines for Closer-to-nature forestry and their application by CCF forester across Europe<\/strong>\u00ab.<\/p>\n<p style=\"text-align: justify;\">Organizado por <em>F\u00d4RET Nature<\/em>, este webinar abordar\u00e1 c\u00f3mo las nuevas directrices europeas sobre manejo forestal cercano a la naturaleza, en el marco de la estrategia forestal europea 2030, est\u00e1n impactando el trabajo de los silvicultores. Expertos discutir\u00e1n sobre su aplicaci\u00f3n en el campo y responder\u00e1n preguntas clave.<\/p>\n<p>M\u00e1s informaci\u00f3n en:<br \/>\n<strong><a href=\"https:\/\/foretnature.be\/webinar-from-policy-to-practice\/\">https:\/\/foretnature.be\/webinar-from-policy-to-practice\/<\/a><\/strong><\/p>\n","protected":false},"excerpt":{"rendered":"<p>El pr\u00f3ximo martes 12 de marzo, tendr\u00e1 lugar el seminario online titulado \u00abFrom policy to practice: the european guidelines for Closer-to-nature forestry and their application by CCF forester across Europe\u00ab. Organizado por<a class=\"moretag\" href=\"https:\/\/www.fbycc.org\/index.php\/events\/webinar-from-policy-to-practice-the-european-guidelines-for-closer-to-nature-forestry-and-their-application-by-ccf-forester-across-europe\/\">Leer m\u00e1s&#8230;<\/a><\/p>\n","protected":false},"author":5,"featured_media":0,"parent":0,"menu_order":0,"comment_status":"closed","ping_status":"closed","template":"","event_listing_category":[52],"class_list":["post-4139","event_listing","type-event_listing","status-publish","hentry"],"_links":{"self":[{"href":"https:\/\/www.fbycc.org\/index.php\/wp-json\/wp\/v2\/event_listing\/4139","targetHints":{"allow":["GET"]}}],"collection":[{"href":"https:\/\/www.fbycc.org\/index.php\/wp-json\/wp\/v2\/event_listing"}],"about":[{"href":"https:\/\/www.fbycc.org\/index.php\/wp-json\/wp\/v2\/types\/event_listing"}],"author":[{"embeddable":true,"href":"https:\/\/www.fbycc.org\/index.php\/wp-json\/wp\/v2\/users\/5"}],"replies":[{"embeddable":true,"href":"https:\/\/www.fbycc.org\/index.php\/wp-json\/wp\/v2\/comments?post=4139"}],"wp:attachment":[{"href":"https:\/\/www.fbycc.org\/index.php\/wp-json\/wp\/v2\/media?parent=4139"}],"wp:term":[{"taxonomy":"event_listing_category","embeddable":true,"href":"https:\/\/www.fbycc.org\/index.php\/wp-json\/wp\/v2\/event_listing_category?post=4139"}],"curies":[{"name":"wp","href":"https:\/\/api.w.org\/{rel}","templated":true}]}}

<p><img loading="lazy" decoding="async" class="alignnone size-full wp-image-4140" src="https://www.fbycc.org/wp-content/uploads/2024/03/BOLETIN-Eventos.png" alt="" width="900" height="400" srcset="https://www.fbycc.org/wp-content/uploads/2024/03/BOLETIN-Eventos.png 900w, https://www.fbycc.org/wp-content/uploads/2024/03/BOLETIN-Eventos-300x133.png 300w, https://www.fbycc.org/wp-content/uploads/2024/03/BOLETIN-Eventos-768x341.png 768w" sizes="auto, (max-width: 900px) 100vw, 900px" /></p>
<p style="text-align: justify;">El próximo martes <strong>12 de marzo</strong>, tendrá lugar el seminario online titulado «<strong>From policy to practice: the european guidelines for Closer-to-nature forestry and their application by CCF forester across Europe</strong>«.</p>
<p style="text-align: justify;">Organizado por <em>FÔRET Nature</em>, este webinar abordará cómo las nuevas directrices europeas sobre manejo forestal cercano a la naturaleza, en el marco de la estrategia forestal europea 2030, están impactando el trabajo de los silvicultores. Expertos discutirán sobre su aplicación en el campo y responderán preguntas clave.</p>
<p>Más información en:<br />
<strong><a href="https://foretnature.be/webinar-from-policy-to-practice/">https://foretnature.be/webinar-from-policy-to-practice/</a></strong></p>

<p>El próximo martes 12 de marzo, tendrá lugar el seminario online titulado «From policy to practice: the european guidelines for Closer-to-nature forestry and their application by CCF forester across Europe«. Organizado por<a class="moretag" href="https://www.fbycc.org/index.php/events/webinar-from-policy-to-practice-the-european-guidelines-for-closer-to-nature-forestry-and-their-application-by-ccf-forester-across-europe/">Leer más&#8230;</a></p>
