{"id":4137,"date":"2024-02-27T07:46:31","date_gmt":"2024-02-27T07:46:31","guid":{"rendered":"https:\/\/www.fbycc.org\/?post_type=event_listing&#038;p=4137"},"modified":"2024-02-27T07:46:31","modified_gmt":"2024-02-27T07:46:31","slug":"conferencia-cambiando-el-combustible-biodiesel-y-el-futuro-del-transporte-sostenible-en-la-ue","status":"publish","type":"event_listing","link":"https:\/\/www.fbycc.org\/index.php\/events\/conferencia-cambiando-el-combustible-biodiesel-y-el-futuro-del-transporte-sostenible-en-la-ue\/","title":{"rendered":"Conferencia | Cambiando el Combustible &#8211; Biodi\u00e9sel y el Futuro del Transporte Sostenible en la UE"},"content":{"rendered":"<p><img loading=\"lazy\" decoding=\"async\" class=\"alignnone size-full wp-image-4138\" src=\"https:\/\/www.fbycc.org\/wp-content\/uploads\/2024\/02\/Captura-de-pantalla-2024-02-27-084131.png\" alt=\"\" width=\"1374\" height=\"414\" srcset=\"https:\/\/www.fbycc.org\/wp-content\/uploads\/2024\/02\/Captura-de-pantalla-2024-02-27-084131.png 1374w, https:\/\/www.fbycc.org\/wp-content\/uploads\/2024\/02\/Captura-de-pantalla-2024-02-27-084131-300x90.png 300w, https:\/\/www.fbycc.org\/wp-content\/uploads\/2024\/02\/Captura-de-pantalla-2024-02-27-084131-1024x309.png 1024w, https:\/\/www.fbycc.org\/wp-content\/uploads\/2024\/02\/Captura-de-pantalla-2024-02-27-084131-768x231.png 768w\" sizes=\"auto, (max-width: 1374px) 100vw, 1374px\" \/><\/p>\n<p style=\"text-align: justify;\">El pr\u00f3ximo <strong>19 de marzo<\/strong> de 2024, se llevar\u00e1 a cabo la <strong>Conferencia<\/strong> H\u00edbrida de Euractiv \u00ab<strong>Cambiando el Combustible &#8211; Biodi\u00e9sel y el Futuro del Transporte Sostenible en la UE<\/strong>\u00ab.<\/p>\n<p style=\"text-align: justify;\">En este evento, se discutir\u00e1 el papel del biodi\u00e9sel sostenible en la reducci\u00f3n de emisiones de gases de efecto invernadero y en el fortalecimiento de la seguridad energ\u00e9tica en la Uni\u00f3n Europea. Se abordar\u00e1n temas como los desaf\u00edos pol\u00edticos para el sector de los biocombustibles, el apoyo a la autonom\u00eda estrat\u00e9gica de la UE en alimentos y piensos, y la eficacia de la Directiva de Energ\u00edas Renovables revisada.<\/p>\n<p>Mas informaci\u00f3n e inscripciones en:<br \/>\n<strong><a href=\"https:\/\/www.eventleaf.com\/Attendee\/Attendee\/EventPage?eId=KFZ1U2qEm1NTTmChv617Cw%3D%3D\">https:\/\/www.eventleaf.com\/Attendee\/Attendee\/EventPage?eId=KFZ1U2qEm1NTTmChv617Cw%3D%3D<\/a><\/strong><\/p>\n","protected":false},"excerpt":{"rendered":"<p>El pr\u00f3ximo 19 de marzo de 2024, se llevar\u00e1 a cabo la Conferencia H\u00edbrida de Euractiv \u00abCambiando el Combustible &#8211; Biodi\u00e9sel y el Futuro del Transporte Sostenible en la UE\u00ab. En este<a class=\"moretag\" href=\"https:\/\/www.fbycc.org\/index.php\/events\/conferencia-cambiando-el-combustible-biodiesel-y-el-futuro-del-transporte-sostenible-en-la-ue\/\">Leer m\u00e1s&#8230;<\/a><\/p>\n","protected":false},"author":5,"featured_media":0,"parent":0,"menu_order":0,"comment_status":"closed","ping_status":"closed","template":"","event_listing_category":[52],"class_list":["post-4137","event_listing","type-event_listing","status-publish","hentry"],"_links":{"self":[{"href":"https:\/\/www.fbycc.org\/index.php\/wp-json\/wp\/v2\/event_listing\/4137","targetHints":{"allow":["GET"]}}],"collection":[{"href":"https:\/\/www.fbycc.org\/index.php\/wp-json\/wp\/v2\/event_listing"}],"about":[{"href":"https:\/\/www.fbycc.org\/index.php\/wp-json\/wp\/v2\/types\/event_listing"}],"author":[{"embeddable":true,"href":"https:\/\/www.fbycc.org\/index.php\/wp-json\/wp\/v2\/users\/5"}],"replies":[{"embeddable":true,"href":"https:\/\/www.fbycc.org\/index.php\/wp-json\/wp\/v2\/comments?post=4137"}],"wp:attachment":[{"href":"https:\/\/www.fbycc.org\/index.php\/wp-json\/wp\/v2\/media?parent=4137"}],"wp:term":[{"taxonomy":"event_listing_category","embeddable":true,"href":"https:\/\/www.fbycc.org\/index.php\/wp-json\/wp\/v2\/event_listing_category?post=4137"}],"curies":[{"name":"wp","href":"https:\/\/api.w.org\/{rel}","templated":true}]}}

Conferencia | Cambiando el Combustible &#8211; Biodiésel y el Futuro del Transporte Sostenible en la UE

<p><img loading="lazy" decoding="async" class="alignnone size-full wp-image-4138" src="https://www.fbycc.org/wp-content/uploads/2024/02/Captura-de-pantalla-2024-02-27-084131.png" alt="" width="1374" height="414" srcset="https://www.fbycc.org/wp-content/uploads/2024/02/Captura-de-pantalla-2024-02-27-084131.png 1374w, https://www.fbycc.org/wp-content/uploads/2024/02/Captura-de-pantalla-2024-02-27-084131-300x90.png 300w, https://www.fbycc.org/wp-content/uploads/2024/02/Captura-de-pantalla-2024-02-27-084131-1024x309.png 1024w, https://www.fbycc.org/wp-content/uploads/2024/02/Captura-de-pantalla-2024-02-27-084131-768x231.png 768w" sizes="auto, (max-width: 1374px) 100vw, 1374px" /></p>
<p style="text-align: justify;">El próximo <strong>19 de marzo</strong> de 2024, se llevará a cabo la <strong>Conferencia</strong> Híbrida de Euractiv «<strong>Cambiando el Combustible &#8211; Biodiésel y el Futuro del Transporte Sostenible en la UE</strong>«.</p>
<p style="text-align: justify;">En este evento, se discutirá el papel del biodiésel sostenible en la reducción de emisiones de gases de efecto invernadero y en el fortalecimiento de la seguridad energética en la Unión Europea. Se abordarán temas como los desafíos políticos para el sector de los biocombustibles, el apoyo a la autonomía estratégica de la UE en alimentos y piensos, y la eficacia de la Directiva de Energías Renovables revisada.</p>
<p>Mas información e inscripciones en:<br />
<strong><a href="https://www.eventleaf.com/Attendee/Attendee/EventPage?eId=KFZ1U2qEm1NTTmChv617Cw%3D%3D">https://www.eventleaf.com/Attendee/Attendee/EventPage?eId=KFZ1U2qEm1NTTmChv617Cw%3D%3D</a></strong></p>

<p>El próximo 19 de marzo de 2024, se llevará a cabo la Conferencia Híbrida de Euractiv «Cambiando el Combustible &#8211; Biodiésel y el Futuro del Transporte Sostenible en la UE«. En este<a class="moretag" href="https://www.fbycc.org/index.php/events/conferencia-cambiando-el-combustible-biodiesel-y-el-futuro-del-transporte-sostenible-en-la-ue/">Leer más&#8230;</a></p>
