{"id":4136,"date":"2024-02-27T07:39:46","date_gmt":"2024-02-27T07:39:46","guid":{"rendered":"https:\/\/www.fbycc.org\/?post_type=event_listing&#038;p=4136"},"modified":"2024-02-27T07:39:46","modified_gmt":"2024-02-27T07:39:46","slug":"taller-online-copernicus-para-la-silvicultura","status":"publish","type":"event_listing","link":"https:\/\/www.fbycc.org\/index.php\/events\/taller-online-copernicus-para-la-silvicultura\/","title":{"rendered":"Taller online | Copernicus para la silvicultura"},"content":{"rendered":"<p><img loading=\"lazy\" decoding=\"async\" class=\"\" src=\"https:\/\/pbs.twimg.com\/media\/GHBK25yWoAAh7T6?format=jpg&amp;name=900x900\" alt=\"Imagen\" width=\"556\" height=\"313\" \/><\/p>\n<div class=\"flex-1 overflow-hidden\">\n<div class=\"react-scroll-to-bottom--css-nfifb-79elbk h-full\">\n<div class=\"react-scroll-to-bottom--css-nfifb-1n7m0yu\">\n<div class=\"flex flex-col text-sm pb-9\">\n<div class=\"w-full text-token-text-primary\" data-testid=\"conversation-turn-847\">\n<div class=\"px-4 py-2 justify-center text-base md:gap-6 m-auto\">\n<div class=\"flex flex-1 text-base mx-auto gap-3 md:px-5 lg:px-1 xl:px-5 md:max-w-3xl lg:max-w-[40rem] xl:max-w-[48rem] group final-completion\">\n<div class=\"relative flex w-full flex-col agent-turn\">\n<div class=\"flex-col gap-1 md:gap-3\">\n<div class=\"flex flex-grow flex-col max-w-full\">\n<div class=\"min-h-[20px] text-message flex flex-col items-start gap-3 whitespace-pre-wrap break-words [.text-message+&amp;]:mt-5 overflow-x-auto\" data-message-author-role=\"assistant\" data-message-id=\"f72ad8c3-f4a6-4b2b-8bcc-40c06e8d6042\">\n<div class=\"markdown prose w-full break-words dark:prose-invert light\">\n<p style=\"text-align: justify;\">El pr\u00f3ximo martes <strong>12 de marzo<\/strong>, tendr\u00e1 lugar un evento online que reunir\u00e1 a expertos y partes interesadas para analizar el <strong>papel crucial de Copernicus en la pol\u00edtica forestal de la UE<\/strong>.<\/p>\n<p style=\"text-align: justify;\">Se abordar\u00e1n temas clave como la regulaci\u00f3n de productos libres de deforestaci\u00f3n, la estrategia forestal de la UE y la monitorizaci\u00f3n forestal, junto con la revisi\u00f3n de casos exitosos de la Observaci\u00f3n de la Tierra y Copernicus en el sector forestal. Oradores de alto nivel y representantes del sector p\u00fablico y privado discutir\u00e1n sobre c\u00f3mo utilizar mejor los datos de Copernicus para beneficiar tanto a los usuarios p\u00fablicos como privados en la industria forestal.<\/p>\n<p>M\u00e1s informaci\u00f3n e inscripciones en:<br \/>\n<strong><a href=\"https:\/\/www.copernicus.eu\/en\/events\/events\/copernicus-forestry\">https:\/\/www.copernicus.eu\/en\/events\/events\/copernicus-forestry<\/a><\/strong><\/p>\n<\/div>\n<\/div>\n<\/div>\n<\/div>\n<div class=\"absolute\">\n<div class=\"flex w-full gap-2 items-center justify-center\"><\/div>\n<\/div>\n<\/div>\n<\/div>\n<\/div>\n<\/div>\n<\/div>\n<\/div>\n<\/div>\n<\/div>\n<div class=\"w-full pt-2 md:pt-0 dark:border-white\/20 md:border-transparent md:dark:border-transparent md:w-[calc(100%-.5rem)]\">\n<form class=\"stretch mx-2 flex flex-row gap-3 last:mb-2 md:mx-4 md:last:mb-6 lg:mx-auto lg:max-w-2xl xl:max-w-3xl\">\n<div class=\"relative flex h-full flex-1 flex-col\">\n<div class=\"flex w-full items-center\"><\/div>\n<\/div>\n<\/form>\n<\/div>\n","protected":false},"excerpt":{"rendered":"<p>El pr\u00f3ximo martes 12 de marzo, tendr\u00e1 lugar un evento online que reunir\u00e1 a expertos y partes interesadas para analizar el papel crucial de Copernicus en la pol\u00edtica forestal de la UE.<a class=\"moretag\" href=\"https:\/\/www.fbycc.org\/index.php\/events\/taller-online-copernicus-para-la-silvicultura\/\">Leer m\u00e1s&#8230;<\/a><\/p>\n","protected":false},"author":5,"featured_media":0,"parent":0,"menu_order":0,"comment_status":"closed","ping_status":"closed","template":"","event_listing_category":[52],"class_list":["post-4136","event_listing","type-event_listing","status-publish","hentry"],"_links":{"self":[{"href":"https:\/\/www.fbycc.org\/index.php\/wp-json\/wp\/v2\/event_listing\/4136","targetHints":{"allow":["GET"]}}],"collection":[{"href":"https:\/\/www.fbycc.org\/index.php\/wp-json\/wp\/v2\/event_listing"}],"about":[{"href":"https:\/\/www.fbycc.org\/index.php\/wp-json\/wp\/v2\/types\/event_listing"}],"author":[{"embeddable":true,"href":"https:\/\/www.fbycc.org\/index.php\/wp-json\/wp\/v2\/users\/5"}],"replies":[{"embeddable":true,"href":"https:\/\/www.fbycc.org\/index.php\/wp-json\/wp\/v2\/comments?post=4136"}],"wp:attachment":[{"href":"https:\/\/www.fbycc.org\/index.php\/wp-json\/wp\/v2\/media?parent=4136"}],"wp:term":[{"taxonomy":"event_listing_category","embeddable":true,"href":"https:\/\/www.fbycc.org\/index.php\/wp-json\/wp\/v2\/event_listing_category?post=4136"}],"curies":[{"name":"wp","href":"https:\/\/api.w.org\/{rel}","templated":true}]}}

<p><img loading="lazy" decoding="async" class="" src="https://pbs.twimg.com/media/GHBK25yWoAAh7T6?format=jpg&amp;name=900x900" alt="Imagen" width="556" height="313" /></p>
<div class="flex-1 overflow-hidden">
<div class="react-scroll-to-bottom--css-nfifb-79elbk h-full">
<div class="react-scroll-to-bottom--css-nfifb-1n7m0yu">
<div class="flex flex-col text-sm pb-9">
<div class="w-full text-token-text-primary" data-testid="conversation-turn-847">
<div class="px-4 py-2 justify-center text-base md:gap-6 m-auto">
<div class="flex flex-1 text-base mx-auto gap-3 md:px-5 lg:px-1 xl:px-5 md:max-w-3xl lg:max-w-[40rem] xl:max-w-[48rem] group final-completion">
<div class="relative flex w-full flex-col agent-turn">
<div class="flex-col gap-1 md:gap-3">
<div class="flex flex-grow flex-col max-w-full">
<div class="min-h-[20px] text-message flex flex-col items-start gap-3 whitespace-pre-wrap break-words [.text-message+&amp;]:mt-5 overflow-x-auto" data-message-author-role="assistant" data-message-id="f72ad8c3-f4a6-4b2b-8bcc-40c06e8d6042">
<div class="markdown prose w-full break-words dark:prose-invert light">
<p style="text-align: justify;">El próximo martes <strong>12 de marzo</strong>, tendrá lugar un evento online que reunirá a expertos y partes interesadas para analizar el <strong>papel crucial de Copernicus en la política forestal de la UE</strong>.</p>
<p style="text-align: justify;">Se abordarán temas clave como la regulación de productos libres de deforestación, la estrategia forestal de la UE y la monitorización forestal, junto con la revisión de casos exitosos de la Observación de la Tierra y Copernicus en el sector forestal. Oradores de alto nivel y representantes del sector público y privado discutirán sobre cómo utilizar mejor los datos de Copernicus para beneficiar tanto a los usuarios públicos como privados en la industria forestal.</p>
<p>Más información e inscripciones en:<br />
<strong><a href="https://www.copernicus.eu/en/events/events/copernicus-forestry">https://www.copernicus.eu/en/events/events/copernicus-forestry</a></strong></p>
</div>
</div>
</div>
</div>
<div class="absolute">
<div class="flex w-full gap-2 items-center justify-center"></div>
</div>
</div>
</div>
</div>
</div>
</div>
</div>
</div>
</div>
<div class="w-full pt-2 md:pt-0 dark:border-white/20 md:border-transparent md:dark:border-transparent md:w-[calc(100%-.5rem)]">
<form class="stretch mx-2 flex flex-row gap-3 last:mb-2 md:mx-4 md:last:mb-6 lg:mx-auto lg:max-w-2xl xl:max-w-3xl">
<div class="relative flex h-full flex-1 flex-col">
<div class="flex w-full items-center"></div>
</div>
</form>
</div>

<p>El próximo martes 12 de marzo, tendrá lugar un evento online que reunirá a expertos y partes interesadas para analizar el papel crucial de Copernicus en la política forestal de la UE.<a class="moretag" href="https://www.fbycc.org/index.php/events/taller-online-copernicus-para-la-silvicultura/">Leer más&#8230;</a></p>
