{"id":4135,"date":"2024-02-27T07:31:49","date_gmt":"2024-02-27T07:31:49","guid":{"rendered":"https:\/\/www.fbycc.org\/?post_type=event_listing&#038;p=4135"},"modified":"2024-02-27T07:31:49","modified_gmt":"2024-02-27T07:31:49","slug":"taller-online-resiliencia-climatica-de-las-cadenas-de-valor-de-la-madera-de-la-ue","status":"publish","type":"event_listing","link":"https:\/\/www.fbycc.org\/index.php\/events\/taller-online-resiliencia-climatica-de-las-cadenas-de-valor-de-la-madera-de-la-ue\/","title":{"rendered":"Taller online | Resiliencia clim\u00e1tica de las cadenas de valor de la madera de la UE"},"content":{"rendered":"<p><img loading=\"lazy\" decoding=\"async\" class=\"\" src=\"https:\/\/pbs.twimg.com\/media\/GHAihSYWYAA6ZWv?format=jpg&amp;name=900x900\" alt=\"Imagen\" width=\"559\" height=\"559\" \/><\/p>\n<p style=\"text-align: justify;\">El pr\u00f3ximo martes <strong>19 de marzo<\/strong>, se llevar\u00e1 a cabo un taller online sobre \u00ab<strong>Resiliencia clim\u00e1tica de las cadenas de valor de la madera de la UE<\/strong>\u00ab.<\/p>\n<p style=\"text-align: justify;\">Organizado por la Universidad de Graz, la Universidad de Copenhague y el Instituto Prospex, este evento en l\u00ednea reunir\u00e1 a <em>expertos y profesionales de la cadena de valor de la madera para abordar medidas de adaptaci\u00f3n y la demanda social<\/em> en el contexto del cambio clim\u00e1tico. Este taller interactivo ofrecer\u00e1 una visi\u00f3n completa de las estrategias de resiliencia, incluyendo ejercicios de retroproyecci\u00f3n y la oportunidad de compartir experiencias y desaf\u00edos en la implementaci\u00f3n de medidas de adaptaci\u00f3n en la industria maderera europea.<\/p>\n<p>M\u00e1s informaci\u00f3n en:<br \/>\n<strong><a href=\"https:\/\/resonateforest.org\/join-our-workshop-climate-resilience-of-eu-wood-value-chains\/\">https:\/\/resonateforest.org\/join-our-workshop-climate-resilience-of-eu-wood-value-chains\/<\/a><\/strong><\/p>\n","protected":false},"excerpt":{"rendered":"<p>El pr\u00f3ximo martes 19 de marzo, se llevar\u00e1 a cabo un taller online sobre \u00abResiliencia clim\u00e1tica de las cadenas de valor de la madera de la UE\u00ab. Organizado por la Universidad de<a class=\"moretag\" href=\"https:\/\/www.fbycc.org\/index.php\/events\/taller-online-resiliencia-climatica-de-las-cadenas-de-valor-de-la-madera-de-la-ue\/\">Leer m\u00e1s&#8230;<\/a><\/p>\n","protected":false},"author":5,"featured_media":0,"parent":0,"menu_order":0,"comment_status":"closed","ping_status":"closed","template":"","event_listing_category":[52],"class_list":["post-4135","event_listing","type-event_listing","status-publish","hentry"],"_links":{"self":[{"href":"https:\/\/www.fbycc.org\/index.php\/wp-json\/wp\/v2\/event_listing\/4135","targetHints":{"allow":["GET"]}}],"collection":[{"href":"https:\/\/www.fbycc.org\/index.php\/wp-json\/wp\/v2\/event_listing"}],"about":[{"href":"https:\/\/www.fbycc.org\/index.php\/wp-json\/wp\/v2\/types\/event_listing"}],"author":[{"embeddable":true,"href":"https:\/\/www.fbycc.org\/index.php\/wp-json\/wp\/v2\/users\/5"}],"replies":[{"embeddable":true,"href":"https:\/\/www.fbycc.org\/index.php\/wp-json\/wp\/v2\/comments?post=4135"}],"wp:attachment":[{"href":"https:\/\/www.fbycc.org\/index.php\/wp-json\/wp\/v2\/media?parent=4135"}],"wp:term":[{"taxonomy":"event_listing_category","embeddable":true,"href":"https:\/\/www.fbycc.org\/index.php\/wp-json\/wp\/v2\/event_listing_category?post=4135"}],"curies":[{"name":"wp","href":"https:\/\/api.w.org\/{rel}","templated":true}]}}

Taller online | Resiliencia climática de las cadenas de valor de la madera de la UE

<p><img loading="lazy" decoding="async" class="" src="https://pbs.twimg.com/media/GHAihSYWYAA6ZWv?format=jpg&amp;name=900x900" alt="Imagen" width="559" height="559" /></p>
<p style="text-align: justify;">El próximo martes <strong>19 de marzo</strong>, se llevará a cabo un taller online sobre «<strong>Resiliencia climática de las cadenas de valor de la madera de la UE</strong>«.</p>
<p style="text-align: justify;">Organizado por la Universidad de Graz, la Universidad de Copenhague y el Instituto Prospex, este evento en línea reunirá a <em>expertos y profesionales de la cadena de valor de la madera para abordar medidas de adaptación y la demanda social</em> en el contexto del cambio climático. Este taller interactivo ofrecerá una visión completa de las estrategias de resiliencia, incluyendo ejercicios de retroproyección y la oportunidad de compartir experiencias y desafíos en la implementación de medidas de adaptación en la industria maderera europea.</p>
<p>Más información en:<br />
<strong><a href="https://resonateforest.org/join-our-workshop-climate-resilience-of-eu-wood-value-chains/">https://resonateforest.org/join-our-workshop-climate-resilience-of-eu-wood-value-chains/</a></strong></p>

<p>El próximo martes 19 de marzo, se llevará a cabo un taller online sobre «Resiliencia climática de las cadenas de valor de la madera de la UE«. Organizado por la Universidad de<a class="moretag" href="https://www.fbycc.org/index.php/events/taller-online-resiliencia-climatica-de-las-cadenas-de-valor-de-la-madera-de-la-ue/">Leer más&#8230;</a></p>
