{"id":4127,"date":"2024-02-21T09:39:24","date_gmt":"2024-02-21T09:39:24","guid":{"rendered":"https:\/\/www.fbycc.org\/?post_type=event_listing&#038;p=4127"},"modified":"2024-02-21T09:39:24","modified_gmt":"2024-02-21T09:39:24","slug":"encuentro-virtual-montes-de-pino-pinaster-mejorar-la-resiliencia-y-la-gestion-forestal","status":"publish","type":"event_listing","link":"https:\/\/www.fbycc.org\/index.php\/events\/encuentro-virtual-montes-de-pino-pinaster-mejorar-la-resiliencia-y-la-gestion-forestal\/","title":{"rendered":"Encuentro virtual | MONTES DE PINO PINASTER: mejorar la resiliencia y la gesti\u00f3n forestal"},"content":{"rendered":"<p><img loading=\"lazy\" decoding=\"async\" class=\"alignnone size-full wp-image-4128\" src=\"https:\/\/www.fbycc.org\/wp-content\/uploads\/2024\/02\/Encuentros-pino-copia.png\" alt=\"\" width=\"595\" height=\"360\" srcset=\"https:\/\/www.fbycc.org\/wp-content\/uploads\/2024\/02\/Encuentros-pino-copia.png 595w, https:\/\/www.fbycc.org\/wp-content\/uploads\/2024\/02\/Encuentros-pino-copia-300x182.png 300w\" sizes=\"auto, (max-width: 595px) 100vw, 595px\" \/><\/p>\n<p style=\"text-align: justify;\">Los d\u00edas <strong>19 y 20 de marzo<\/strong> se llevar\u00e1 a cabo el encuentro cient\u00edfico-t\u00e9cnico transfronterizo <strong>\u00abMONTES DE PINO PINASTER: Mejorar la resiliencia y la gesti\u00f3n forestal\u00bb<\/strong> a trav\u00e9s de videoconferencia.<\/p>\n<p>Mas informaci\u00f3n en:<br \/>\n<a href=\"https:\/\/asociacionforestal.gal\/encontro-cientifico-tecnico-sobre-montes-de-pineiro-pinaster\/\"><span style=\"font-size: 14pt;\"><strong>https:\/\/asociacionforestal.gal\/encontro-cientifico-tecnico-sobre-montes-de-pineiro-pinaster\/<\/strong><\/span><\/a><\/p>\n","protected":false},"excerpt":{"rendered":"<p>Los d\u00edas 19 y 20 de marzo se llevar\u00e1 a cabo el encuentro cient\u00edfico-t\u00e9cnico transfronterizo \u00abMONTES DE PINO PINASTER: Mejorar la resiliencia y la gesti\u00f3n forestal\u00bb a trav\u00e9s de videoconferencia. Mas informaci\u00f3n<a class=\"moretag\" href=\"https:\/\/www.fbycc.org\/index.php\/events\/encuentro-virtual-montes-de-pino-pinaster-mejorar-la-resiliencia-y-la-gestion-forestal\/\">Leer m\u00e1s&#8230;<\/a><\/p>\n","protected":false},"author":5,"featured_media":0,"parent":0,"menu_order":0,"comment_status":"closed","ping_status":"closed","template":"","event_listing_category":[52],"class_list":["post-4127","event_listing","type-event_listing","status-publish","hentry"],"_links":{"self":[{"href":"https:\/\/www.fbycc.org\/index.php\/wp-json\/wp\/v2\/event_listing\/4127","targetHints":{"allow":["GET"]}}],"collection":[{"href":"https:\/\/www.fbycc.org\/index.php\/wp-json\/wp\/v2\/event_listing"}],"about":[{"href":"https:\/\/www.fbycc.org\/index.php\/wp-json\/wp\/v2\/types\/event_listing"}],"author":[{"embeddable":true,"href":"https:\/\/www.fbycc.org\/index.php\/wp-json\/wp\/v2\/users\/5"}],"replies":[{"embeddable":true,"href":"https:\/\/www.fbycc.org\/index.php\/wp-json\/wp\/v2\/comments?post=4127"}],"wp:attachment":[{"href":"https:\/\/www.fbycc.org\/index.php\/wp-json\/wp\/v2\/media?parent=4127"}],"wp:term":[{"taxonomy":"event_listing_category","embeddable":true,"href":"https:\/\/www.fbycc.org\/index.php\/wp-json\/wp\/v2\/event_listing_category?post=4127"}],"curies":[{"name":"wp","href":"https:\/\/api.w.org\/{rel}","templated":true}]}}

Encuentro virtual | MONTES DE PINO PINASTER: mejorar la resiliencia y la gestión forestal

<p><img loading="lazy" decoding="async" class="alignnone size-full wp-image-4128" src="https://www.fbycc.org/wp-content/uploads/2024/02/Encuentros-pino-copia.png" alt="" width="595" height="360" srcset="https://www.fbycc.org/wp-content/uploads/2024/02/Encuentros-pino-copia.png 595w, https://www.fbycc.org/wp-content/uploads/2024/02/Encuentros-pino-copia-300x182.png 300w" sizes="auto, (max-width: 595px) 100vw, 595px" /></p>
<p style="text-align: justify;">Los días <strong>19 y 20 de marzo</strong> se llevará a cabo el encuentro científico-técnico transfronterizo <strong>«MONTES DE PINO PINASTER: Mejorar la resiliencia y la gestión forestal»</strong> a través de videoconferencia.</p>
<p>Mas información en:<br />
<a href="https://asociacionforestal.gal/encontro-cientifico-tecnico-sobre-montes-de-pineiro-pinaster/"><span style="font-size: 14pt;"><strong>https://asociacionforestal.gal/encontro-cientifico-tecnico-sobre-montes-de-pineiro-pinaster/</strong></span></a></p>

<p>Los días 19 y 20 de marzo se llevará a cabo el encuentro científico-técnico transfronterizo «MONTES DE PINO PINASTER: Mejorar la resiliencia y la gestión forestal» a través de videoconferencia. Mas información<a class="moretag" href="https://www.fbycc.org/index.php/events/encuentro-virtual-montes-de-pino-pinaster-mejorar-la-resiliencia-y-la-gestion-forestal/">Leer más&#8230;</a></p>
