{"id":4120,"date":"2024-02-05T16:18:43","date_gmt":"2024-02-05T16:18:43","guid":{"rendered":"https:\/\/www.fbycc.org\/?post_type=event_listing&#038;p=4120"},"modified":"2024-02-05T16:18:43","modified_gmt":"2024-02-05T16:18:43","slug":"3-o-congres-bit-2024-el-congreso-de-referencia-en-cataluna-de-la-bioeconomia-innovacion-y-tecnologia","status":"publish","type":"event_listing","link":"https:\/\/www.fbycc.org\/index.php\/events\/3-o-congres-bit-2024-el-congreso-de-referencia-en-cataluna-de-la-bioeconomia-innovacion-y-tecnologia\/","title":{"rendered":"3.\u00ba CONGR\u00c9S BIT 2024: El Congreso de Referencia en Catalu\u00f1a de la Bioeconom\u00eda, Innovaci\u00f3n y Tecnolog\u00eda"},"content":{"rendered":"<p><img loading=\"lazy\" decoding=\"async\" class=\"alignnone size-full wp-image-4121\" src=\"https:\/\/www.fbycc.org\/wp-content\/uploads\/2024\/02\/Captura-de-pantalla-2024-02-05-170949.png\" alt=\"\" width=\"1360\" height=\"739\" srcset=\"https:\/\/www.fbycc.org\/wp-content\/uploads\/2024\/02\/Captura-de-pantalla-2024-02-05-170949.png 1360w, https:\/\/www.fbycc.org\/wp-content\/uploads\/2024\/02\/Captura-de-pantalla-2024-02-05-170949-300x163.png 300w, https:\/\/www.fbycc.org\/wp-content\/uploads\/2024\/02\/Captura-de-pantalla-2024-02-05-170949-1024x556.png 1024w, https:\/\/www.fbycc.org\/wp-content\/uploads\/2024\/02\/Captura-de-pantalla-2024-02-05-170949-768x417.png 768w\" sizes=\"auto, (max-width: 1360px) 100vw, 1360px\" \/><\/p>\n<p style=\"text-align: justify;\">El <strong>3.\u00ba Congr\u00e9s BIT<\/strong>, que se llevar\u00e1 a cabo los d\u00edas <strong>20 y 21 de marzo en Lleida<\/strong>, se consolida como el evento l\u00edder en Catalu\u00f1a para explorar las tendencias, innovaciones y proyectos empresariales relacionados con la <em>bioeconom\u00eda<\/em>. Este a\u00f1o, el evento abordar\u00e1 temas clave entorno al <strong>agua y los paisajes resilientes<\/strong>.<\/p>\n<p>Para obtener m\u00e1s informaci\u00f3n, visita:<br \/>\n<span style=\"color: #ffcc00; font-size: 14pt;\"><strong><a style=\"color: #ffcc00;\" href=\"https:\/\/www.congresbit.cat\/es\/congres-bit\/\">https:\/\/www.congresbit.cat\/es\/https:\/\/www.congresbit.cat\/es\/congres-bit\/<\/a><\/strong><\/span><\/p>\n","protected":false},"excerpt":{"rendered":"<p>El 3.\u00ba Congr\u00e9s BIT, que se llevar\u00e1 a cabo los d\u00edas 20 y 21 de marzo en Lleida, se consolida como el evento l\u00edder en Catalu\u00f1a para explorar las tendencias, innovaciones y<a class=\"moretag\" href=\"https:\/\/www.fbycc.org\/index.php\/events\/3-o-congres-bit-2024-el-congreso-de-referencia-en-cataluna-de-la-bioeconomia-innovacion-y-tecnologia\/\">Leer m\u00e1s&#8230;<\/a><\/p>\n","protected":false},"author":5,"featured_media":0,"parent":0,"menu_order":0,"comment_status":"closed","ping_status":"closed","template":"","event_listing_category":[52],"class_list":["post-4120","event_listing","type-event_listing","status-publish","hentry"],"_links":{"self":[{"href":"https:\/\/www.fbycc.org\/index.php\/wp-json\/wp\/v2\/event_listing\/4120","targetHints":{"allow":["GET"]}}],"collection":[{"href":"https:\/\/www.fbycc.org\/index.php\/wp-json\/wp\/v2\/event_listing"}],"about":[{"href":"https:\/\/www.fbycc.org\/index.php\/wp-json\/wp\/v2\/types\/event_listing"}],"author":[{"embeddable":true,"href":"https:\/\/www.fbycc.org\/index.php\/wp-json\/wp\/v2\/users\/5"}],"replies":[{"embeddable":true,"href":"https:\/\/www.fbycc.org\/index.php\/wp-json\/wp\/v2\/comments?post=4120"}],"wp:attachment":[{"href":"https:\/\/www.fbycc.org\/index.php\/wp-json\/wp\/v2\/media?parent=4120"}],"wp:term":[{"taxonomy":"event_listing_category","embeddable":true,"href":"https:\/\/www.fbycc.org\/index.php\/wp-json\/wp\/v2\/event_listing_category?post=4120"}],"curies":[{"name":"wp","href":"https:\/\/api.w.org\/{rel}","templated":true}]}}

3.º CONGRÉS BIT 2024: El Congreso de Referencia en Cataluña de la Bioeconomía, Innovación y Tecnología

<p><img loading="lazy" decoding="async" class="alignnone size-full wp-image-4121" src="https://www.fbycc.org/wp-content/uploads/2024/02/Captura-de-pantalla-2024-02-05-170949.png" alt="" width="1360" height="739" srcset="https://www.fbycc.org/wp-content/uploads/2024/02/Captura-de-pantalla-2024-02-05-170949.png 1360w, https://www.fbycc.org/wp-content/uploads/2024/02/Captura-de-pantalla-2024-02-05-170949-300x163.png 300w, https://www.fbycc.org/wp-content/uploads/2024/02/Captura-de-pantalla-2024-02-05-170949-1024x556.png 1024w, https://www.fbycc.org/wp-content/uploads/2024/02/Captura-de-pantalla-2024-02-05-170949-768x417.png 768w" sizes="auto, (max-width: 1360px) 100vw, 1360px" /></p>
<p style="text-align: justify;">El <strong>3.º Congrés BIT</strong>, que se llevará a cabo los días <strong>20 y 21 de marzo en Lleida</strong>, se consolida como el evento líder en Cataluña para explorar las tendencias, innovaciones y proyectos empresariales relacionados con la <em>bioeconomía</em>. Este año, el evento abordará temas clave entorno al <strong>agua y los paisajes resilientes</strong>.</p>
<p>Para obtener más información, visita:<br />
<span style="color: #ffcc00; font-size: 14pt;"><strong><a style="color: #ffcc00;" href="https://www.congresbit.cat/es/congres-bit/">https://www.congresbit.cat/es/https://www.congresbit.cat/es/congres-bit/</a></strong></span></p>

<p>El 3.º Congrés BIT, que se llevará a cabo los días 20 y 21 de marzo en Lleida, se consolida como el evento líder en Cataluña para explorar las tendencias, innovaciones y<a class="moretag" href="https://www.fbycc.org/index.php/events/3-o-congres-bit-2024-el-congreso-de-referencia-en-cataluna-de-la-bioeconomia-innovacion-y-tecnologia/">Leer más&#8230;</a></p>
