{"id":4116,"date":"2024-02-05T16:06:42","date_gmt":"2024-02-05T16:06:42","guid":{"rendered":"https:\/\/www.fbycc.org\/?post_type=event_listing&#038;p=4116"},"modified":"2024-02-05T16:06:42","modified_gmt":"2024-02-05T16:06:42","slug":"evento-biosc-spotlight-the-bioeconomy-of-wood","status":"publish","type":"event_listing","link":"https:\/\/www.fbycc.org\/index.php\/events\/evento-biosc-spotlight-the-bioeconomy-of-wood\/","title":{"rendered":"Evento BioSC Spotlight | The Bioeconomy of wood"},"content":{"rendered":"<p><img loading=\"lazy\" decoding=\"async\" class=\"alignnone size-full wp-image-4119\" src=\"https:\/\/www.fbycc.org\/wp-content\/uploads\/2024\/02\/BOLETIN-Otras-noticias.png\" alt=\"\" width=\"1280\" height=\"853\" srcset=\"https:\/\/www.fbycc.org\/wp-content\/uploads\/2024\/02\/BOLETIN-Otras-noticias.png 1280w, https:\/\/www.fbycc.org\/wp-content\/uploads\/2024\/02\/BOLETIN-Otras-noticias-300x200.png 300w, https:\/\/www.fbycc.org\/wp-content\/uploads\/2024\/02\/BOLETIN-Otras-noticias-1024x682.png 1024w, https:\/\/www.fbycc.org\/wp-content\/uploads\/2024\/02\/BOLETIN-Otras-noticias-768x512.png 768w\" sizes=\"auto, (max-width: 1280px) 100vw, 1280px\" \/><\/p>\n<p style=\"text-align: justify;\">El pr\u00f3ximo martes <strong>5 de marzo<\/strong> tendr\u00e1 lugar el <strong>evento BioSC Spotlight \u00abThe Bioeconomy of wood\u00bb<\/strong>, el cual se centrar\u00e1 en\u00a0destacar el <em><strong>papel clave de la madera en la bioeconom\u00eda<\/strong><\/em> y su transformaci\u00f3n en industrias como la construcci\u00f3n y la producci\u00f3n textil. Explora enfoques innovadores y desarrollos actuales en cadenas de valor basadas en la madera. El evento presenta enfoques innovadores y perspectivas a lo largo de las cadenas de valor basadas en la madera, proporcionando una visi\u00f3n de los desarrollos actuales en este campo.<\/p>\n<p>M\u00e1s informaci\u00f3n en:<br \/>\n<strong><span style=\"font-size: 14pt;\"><a href=\"https:\/\/www.biosc.de\/Spotlight_Wood\">https:\/\/www.biosc.de\/Spotlight_Wood<\/a><\/span><\/strong><\/p>\n","protected":false},"excerpt":{"rendered":"<p>El pr\u00f3ximo martes 5 de marzo tendr\u00e1 lugar el evento BioSC Spotlight \u00abThe Bioeconomy of wood\u00bb, el cual se centrar\u00e1 en\u00a0destacar el papel clave de la madera en la bioeconom\u00eda y su<a class=\"moretag\" href=\"https:\/\/www.fbycc.org\/index.php\/events\/evento-biosc-spotlight-the-bioeconomy-of-wood\/\">Leer m\u00e1s&#8230;<\/a><\/p>\n","protected":false},"author":5,"featured_media":0,"parent":0,"menu_order":0,"comment_status":"closed","ping_status":"closed","template":"","event_listing_category":[52],"class_list":["post-4116","event_listing","type-event_listing","status-publish","hentry"],"_links":{"self":[{"href":"https:\/\/www.fbycc.org\/index.php\/wp-json\/wp\/v2\/event_listing\/4116","targetHints":{"allow":["GET"]}}],"collection":[{"href":"https:\/\/www.fbycc.org\/index.php\/wp-json\/wp\/v2\/event_listing"}],"about":[{"href":"https:\/\/www.fbycc.org\/index.php\/wp-json\/wp\/v2\/types\/event_listing"}],"author":[{"embeddable":true,"href":"https:\/\/www.fbycc.org\/index.php\/wp-json\/wp\/v2\/users\/5"}],"replies":[{"embeddable":true,"href":"https:\/\/www.fbycc.org\/index.php\/wp-json\/wp\/v2\/comments?post=4116"}],"wp:attachment":[{"href":"https:\/\/www.fbycc.org\/index.php\/wp-json\/wp\/v2\/media?parent=4116"}],"wp:term":[{"taxonomy":"event_listing_category","embeddable":true,"href":"https:\/\/www.fbycc.org\/index.php\/wp-json\/wp\/v2\/event_listing_category?post=4116"}],"curies":[{"name":"wp","href":"https:\/\/api.w.org\/{rel}","templated":true}]}}

<p><img loading="lazy" decoding="async" class="alignnone size-full wp-image-4119" src="https://www.fbycc.org/wp-content/uploads/2024/02/BOLETIN-Otras-noticias.png" alt="" width="1280" height="853" srcset="https://www.fbycc.org/wp-content/uploads/2024/02/BOLETIN-Otras-noticias.png 1280w, https://www.fbycc.org/wp-content/uploads/2024/02/BOLETIN-Otras-noticias-300x200.png 300w, https://www.fbycc.org/wp-content/uploads/2024/02/BOLETIN-Otras-noticias-1024x682.png 1024w, https://www.fbycc.org/wp-content/uploads/2024/02/BOLETIN-Otras-noticias-768x512.png 768w" sizes="auto, (max-width: 1280px) 100vw, 1280px" /></p>
<p style="text-align: justify;">El próximo martes <strong>5 de marzo</strong> tendrá lugar el <strong>evento BioSC Spotlight «The Bioeconomy of wood»</strong>, el cual se centrará en destacar el <em><strong>papel clave de la madera en la bioeconomía</strong></em> y su transformación en industrias como la construcción y la producción textil. Explora enfoques innovadores y desarrollos actuales en cadenas de valor basadas en la madera. El evento presenta enfoques innovadores y perspectivas a lo largo de las cadenas de valor basadas en la madera, proporcionando una visión de los desarrollos actuales en este campo.</p>
<p>Más información en:<br />
<strong><span style="font-size: 14pt;"><a href="https://www.biosc.de/Spotlight_Wood">https://www.biosc.de/Spotlight_Wood</a></span></strong></p>

<p>El próximo martes 5 de marzo tendrá lugar el evento BioSC Spotlight «The Bioeconomy of wood», el cual se centrará en destacar el papel clave de la madera en la bioeconomía y su<a class="moretag" href="https://www.fbycc.org/index.php/events/evento-biosc-spotlight-the-bioeconomy-of-wood/">Leer más&#8230;</a></p>
