{"id":4115,"date":"2024-02-05T15:48:49","date_gmt":"2024-02-05T15:48:49","guid":{"rendered":"https:\/\/www.fbycc.org\/?post_type=event_listing&#038;p=4115"},"modified":"2024-02-05T15:48:49","modified_gmt":"2024-02-05T15:48:49","slug":"mesa-redonda-en-madera-otra-forma-de-construir","status":"publish","type":"event_listing","link":"https:\/\/www.fbycc.org\/index.php\/events\/mesa-redonda-en-madera-otra-forma-de-construir\/","title":{"rendered":"Mesa redonda | En Madera, otra forma de construir."},"content":{"rendered":"<p><img loading=\"lazy\" decoding=\"async\" class=\"\" src=\"https:\/\/mcusercontent.com\/5809d4f3d62b37e386d93f4fb\/images\/d98295fb-bd9b-c61b-0a0b-6cb65c2e9a16.jpg\" width=\"567\" height=\"378\" \/><\/p>\n<p style=\"text-align: justify;\">El pr\u00f3ximo viernes <strong>16 de febrero<\/strong>, FSC Espa\u00f1a convocar\u00e1 a representantes institucionales, sectoriales y profesionales en un acto p\u00fablico dedicado a la cadena de valor forestal, la industria y la arquitectura en madera. Esta <strong>jornada<\/strong>, titulada <strong>&#8216;Have a Wood Day&#8217;<\/strong>, ser\u00e1 la <strong>presentaci\u00f3n de la tercera edici\u00f3n de \u00abEn Madera, otra forma de construir. El material constructivo sostenible del siglo XXI\u00bb<\/strong>, una publicaci\u00f3n respaldada por el Ministerio para la Transici\u00f3n Ecol\u00f3gica y el Reto Demogr\u00e1fico.<\/p>\n<p>M\u00e1s informaci\u00f3n en:<br \/>\n<span style=\"font-size: 14pt;\"><strong><a href=\"https:\/\/forms.office.com\/pages\/responsepage.aspx?id=22lOEmXva0mWqV1WvsHSkaqTxRngSPRGnvzlLssWJjVUMEE4SUQ3VUlRVEtPQThZUUVWMzY4M0lVSy4u\">https:\/\/forms.office.com\/pages\/responsepage.aspx?id=22lOEmXva0mWqV1WvsHSkaqTxRngSPRGnvzlLssWJjVUMEE4SUQ3VUlRVEtPQThZUUVWMzY4M0lVSy4u<\/a><\/strong><\/span><\/p>\n","protected":false},"excerpt":{"rendered":"<p>El pr\u00f3ximo viernes 16 de febrero, FSC Espa\u00f1a convocar\u00e1 a representantes institucionales, sectoriales y profesionales en un acto p\u00fablico dedicado a la cadena de valor forestal, la industria y la arquitectura en<a class=\"moretag\" href=\"https:\/\/www.fbycc.org\/index.php\/events\/mesa-redonda-en-madera-otra-forma-de-construir\/\">Leer m\u00e1s&#8230;<\/a><\/p>\n","protected":false},"author":5,"featured_media":0,"parent":0,"menu_order":0,"comment_status":"closed","ping_status":"closed","template":"","event_listing_category":[],"class_list":["post-4115","event_listing","type-event_listing","status-publish","hentry"],"_links":{"self":[{"href":"https:\/\/www.fbycc.org\/index.php\/wp-json\/wp\/v2\/event_listing\/4115","targetHints":{"allow":["GET"]}}],"collection":[{"href":"https:\/\/www.fbycc.org\/index.php\/wp-json\/wp\/v2\/event_listing"}],"about":[{"href":"https:\/\/www.fbycc.org\/index.php\/wp-json\/wp\/v2\/types\/event_listing"}],"author":[{"embeddable":true,"href":"https:\/\/www.fbycc.org\/index.php\/wp-json\/wp\/v2\/users\/5"}],"replies":[{"embeddable":true,"href":"https:\/\/www.fbycc.org\/index.php\/wp-json\/wp\/v2\/comments?post=4115"}],"wp:attachment":[{"href":"https:\/\/www.fbycc.org\/index.php\/wp-json\/wp\/v2\/media?parent=4115"}],"wp:term":[{"taxonomy":"event_listing_category","embeddable":true,"href":"https:\/\/www.fbycc.org\/index.php\/wp-json\/wp\/v2\/event_listing_category?post=4115"}],"curies":[{"name":"wp","href":"https:\/\/api.w.org\/{rel}","templated":true}]}}

<p><img loading="lazy" decoding="async" class="" src="https://mcusercontent.com/5809d4f3d62b37e386d93f4fb/images/d98295fb-bd9b-c61b-0a0b-6cb65c2e9a16.jpg" width="567" height="378" /></p>
<p style="text-align: justify;">El próximo viernes <strong>16 de febrero</strong>, FSC España convocará a representantes institucionales, sectoriales y profesionales en un acto público dedicado a la cadena de valor forestal, la industria y la arquitectura en madera. Esta <strong>jornada</strong>, titulada <strong>&#8216;Have a Wood Day&#8217;</strong>, será la <strong>presentación de la tercera edición de «En Madera, otra forma de construir. El material constructivo sostenible del siglo XXI»</strong>, una publicación respaldada por el Ministerio para la Transición Ecológica y el Reto Demográfico.</p>
<p>Más información en:<br />
<span style="font-size: 14pt;"><strong><a href="https://forms.office.com/pages/responsepage.aspx?id=22lOEmXva0mWqV1WvsHSkaqTxRngSPRGnvzlLssWJjVUMEE4SUQ3VUlRVEtPQThZUUVWMzY4M0lVSy4u">https://forms.office.com/pages/responsepage.aspx?id=22lOEmXva0mWqV1WvsHSkaqTxRngSPRGnvzlLssWJjVUMEE4SUQ3VUlRVEtPQThZUUVWMzY4M0lVSy4u</a></strong></span></p>

<p>El próximo viernes 16 de febrero, FSC España convocará a representantes institucionales, sectoriales y profesionales en un acto público dedicado a la cadena de valor forestal, la industria y la arquitectura en<a class="moretag" href="https://www.fbycc.org/index.php/events/mesa-redonda-en-madera-otra-forma-de-construir/">Leer más&#8230;</a></p>
