{"id":4104,"date":"2024-01-23T08:27:59","date_gmt":"2024-01-23T08:27:59","guid":{"rendered":"https:\/\/www.fbycc.org\/?post_type=event_listing&#038;p=4104"},"modified":"2024-01-23T08:27:59","modified_gmt":"2024-01-23T08:27:59","slug":"webinar-the-future-of-eu-forests-a-new-eu-framework-for-forest-monitoring-and-strategic-plans","status":"publish","type":"event_listing","link":"https:\/\/www.fbycc.org\/index.php\/events\/webinar-the-future-of-eu-forests-a-new-eu-framework-for-forest-monitoring-and-strategic-plans\/","title":{"rendered":"Webinar | THE FUTURE OF EU FORESTS \u2013 A NEW EU FRAMEWORK FOR FOREST MONITORING AND STRATEGIC PLANS"},"content":{"rendered":"<p><img loading=\"lazy\" decoding=\"async\" class=\"alignnone size-full wp-image-4102\" src=\"https:\/\/www.fbycc.org\/wp-content\/uploads\/2024\/01\/BOLETIN-Otras-noticias-5-1.png\" alt=\"\" width=\"1280\" height=\"853\" srcset=\"https:\/\/www.fbycc.org\/wp-content\/uploads\/2024\/01\/BOLETIN-Otras-noticias-5-1.png 1280w, https:\/\/www.fbycc.org\/wp-content\/uploads\/2024\/01\/BOLETIN-Otras-noticias-5-1-300x200.png 300w, https:\/\/www.fbycc.org\/wp-content\/uploads\/2024\/01\/BOLETIN-Otras-noticias-5-1-1024x682.png 1024w, https:\/\/www.fbycc.org\/wp-content\/uploads\/2024\/01\/BOLETIN-Otras-noticias-5-1-768x512.png 768w\" sizes=\"auto, (max-width: 1280px) 100vw, 1280px\" \/><\/p>\n<p style=\"text-align: justify;\">El pr\u00f3ximo martes <strong>20 de febrero 2024<\/strong> tendr\u00e1 lugar un <strong>conferencia online<\/strong> que analizar\u00e1 el nuevo <strong>Marco para el Monitoreo Forestal y los Planes Estrat\u00e9gicos<\/strong> propuesto por la Uni\u00f3n Europea.<\/p>\n<p style=\"text-align: justify;\">Se abordar\u00e1n preguntas clave, como si la propuesta es suficiente para proteger los bosques de la UE y combatir el cambio clim\u00e1tico, identificar sus fortalezas y debilidades, su impacto en los silvicultores y en los Estados miembros con grandes industrias forestales, y c\u00f3mo podr\u00eda ayudar a reconocer los bosques primarios.<\/p>\n<p>M\u00e1s informaci\u00f3n y registro en:<br \/>\n<a href=\"https:\/\/events.euractiv.com\/event\/info\/the-future-of-eu-forests-a-new-eu-framework-for-forest-monitoring-and-strategic-plans\"><span style=\"font-size: 14pt;\"><strong>https:\/\/events.euractiv.com\/event\/info\/the-future-of-eu-forests-a-new-eu-framework-for-forest-monitoring-and-strategic-plans<\/strong><\/span><\/a><\/p>\n","protected":false},"excerpt":{"rendered":"<p>El pr\u00f3ximo martes 20 de febrero 2024 tendr\u00e1 lugar un conferencia online que analizar\u00e1 el nuevo Marco para el Monitoreo Forestal y los Planes Estrat\u00e9gicos propuesto por la Uni\u00f3n Europea. Se abordar\u00e1n<a class=\"moretag\" href=\"https:\/\/www.fbycc.org\/index.php\/events\/webinar-the-future-of-eu-forests-a-new-eu-framework-for-forest-monitoring-and-strategic-plans\/\">Leer m\u00e1s&#8230;<\/a><\/p>\n","protected":false},"author":5,"featured_media":0,"parent":0,"menu_order":0,"comment_status":"closed","ping_status":"closed","template":"","event_listing_category":[52],"class_list":["post-4104","event_listing","type-event_listing","status-publish","hentry"],"_links":{"self":[{"href":"https:\/\/www.fbycc.org\/index.php\/wp-json\/wp\/v2\/event_listing\/4104","targetHints":{"allow":["GET"]}}],"collection":[{"href":"https:\/\/www.fbycc.org\/index.php\/wp-json\/wp\/v2\/event_listing"}],"about":[{"href":"https:\/\/www.fbycc.org\/index.php\/wp-json\/wp\/v2\/types\/event_listing"}],"author":[{"embeddable":true,"href":"https:\/\/www.fbycc.org\/index.php\/wp-json\/wp\/v2\/users\/5"}],"replies":[{"embeddable":true,"href":"https:\/\/www.fbycc.org\/index.php\/wp-json\/wp\/v2\/comments?post=4104"}],"wp:attachment":[{"href":"https:\/\/www.fbycc.org\/index.php\/wp-json\/wp\/v2\/media?parent=4104"}],"wp:term":[{"taxonomy":"event_listing_category","embeddable":true,"href":"https:\/\/www.fbycc.org\/index.php\/wp-json\/wp\/v2\/event_listing_category?post=4104"}],"curies":[{"name":"wp","href":"https:\/\/api.w.org\/{rel}","templated":true}]}}

<p><img loading="lazy" decoding="async" class="alignnone size-full wp-image-4102" src="https://www.fbycc.org/wp-content/uploads/2024/01/BOLETIN-Otras-noticias-5-1.png" alt="" width="1280" height="853" srcset="https://www.fbycc.org/wp-content/uploads/2024/01/BOLETIN-Otras-noticias-5-1.png 1280w, https://www.fbycc.org/wp-content/uploads/2024/01/BOLETIN-Otras-noticias-5-1-300x200.png 300w, https://www.fbycc.org/wp-content/uploads/2024/01/BOLETIN-Otras-noticias-5-1-1024x682.png 1024w, https://www.fbycc.org/wp-content/uploads/2024/01/BOLETIN-Otras-noticias-5-1-768x512.png 768w" sizes="auto, (max-width: 1280px) 100vw, 1280px" /></p>
<p style="text-align: justify;">El próximo martes <strong>20 de febrero 2024</strong> tendrá lugar un <strong>conferencia online</strong> que analizará el nuevo <strong>Marco para el Monitoreo Forestal y los Planes Estratégicos</strong> propuesto por la Unión Europea.</p>
<p style="text-align: justify;">Se abordarán preguntas clave, como si la propuesta es suficiente para proteger los bosques de la UE y combatir el cambio climático, identificar sus fortalezas y debilidades, su impacto en los silvicultores y en los Estados miembros con grandes industrias forestales, y cómo podría ayudar a reconocer los bosques primarios.</p>
<p>Más información y registro en:<br />
<a href="https://events.euractiv.com/event/info/the-future-of-eu-forests-a-new-eu-framework-for-forest-monitoring-and-strategic-plans"><span style="font-size: 14pt;"><strong>https://events.euractiv.com/event/info/the-future-of-eu-forests-a-new-eu-framework-for-forest-monitoring-and-strategic-plans</strong></span></a></p>

<p>El próximo martes 20 de febrero 2024 tendrá lugar un conferencia online que analizará el nuevo Marco para el Monitoreo Forestal y los Planes Estratégicos propuesto por la Unión Europea. Se abordarán<a class="moretag" href="https://www.fbycc.org/index.php/events/webinar-the-future-of-eu-forests-a-new-eu-framework-for-forest-monitoring-and-strategic-plans/">Leer más&#8230;</a></p>
