{"id":4098,"date":"2024-01-19T10:14:52","date_gmt":"2024-01-19T10:14:52","guid":{"rendered":"https:\/\/www.fbycc.org\/?post_type=event_listing&#038;p=4098"},"modified":"2024-10-30T16:40:15","modified_gmt":"2024-10-30T16:40:15","slug":"8th-mediterranean-forest-week","status":"publish","type":"event_listing","link":"https:\/\/www.fbycc.org\/index.php\/events\/8th-mediterranean-forest-week\/","title":{"rendered":"8th Mediterranean Forest Week"},"content":{"rendered":"<p><img loading=\"lazy\" decoding=\"async\" class=\"alignnone size-full wp-image-4099\" src=\"https:\/\/www.fbycc.org\/wp-content\/uploads\/2024\/01\/Pinonero-Madreselva.png\" alt=\"\" width=\"1211\" height=\"688\" srcset=\"https:\/\/www.fbycc.org\/wp-content\/uploads\/2024\/01\/Pinonero-Madreselva.png 1211w, https:\/\/www.fbycc.org\/wp-content\/uploads\/2024\/01\/Pinonero-Madreselva-300x170.png 300w, https:\/\/www.fbycc.org\/wp-content\/uploads\/2024\/01\/Pinonero-Madreselva-1024x582.png 1024w, https:\/\/www.fbycc.org\/wp-content\/uploads\/2024\/01\/Pinonero-Madreselva-768x436.png 768w\" sizes=\"auto, (max-width: 1211px) 100vw, 1211px\" \/><\/p>\n<p style=\"text-align: justify;\">Del <strong>4 al 8 de Noviembre de 2024<\/strong> se celebrar\u00e1 la <strong>8\u00ba edici\u00f3n de la Semana Forestal Mediterr\u00e1nea<\/strong> (MFW) en <strong>Barcelona<\/strong>. Este evento proporciona una plataforma para la cooperaci\u00f3n entre investigadores, responsables pol\u00edticos e interesados, fomentando el di\u00e1logo sobre los desaf\u00edos que enfrentan los bosques mediterr\u00e1neos.<\/p>\n<p style=\"text-align: justify;\">La 8\u00aa MFW se centrar\u00e1 en la restauraci\u00f3n de los ecosistemas forestales en la regi\u00f3n mediterr\u00e1nea, y explorar\u00e1 soluciones y acciones para la restauraci\u00f3n y gesti\u00f3n sostenible de estos ecosistemas, abordando temas como enfoques exitosos de paisajes en la restauraci\u00f3n forestal, gesti\u00f3n eficiente para la adaptaci\u00f3n al cambio clim\u00e1tico y participaci\u00f3n amplia de los interesados en la gesti\u00f3n integrada de los bosques mediterr\u00e1neos.<\/p>\n<p>M\u00e1s informaci\u00f3n en:<br \/>\n<span style=\"font-size: 14pt;\"><strong><a href=\"https:\/\/medforest.net\/2023\/12\/19\/save-the-date-the-8th-mediterranean-forest-week\/\">https:\/\/medforest.net\/2023\/12\/19\/save-the-date-the-8th-mediterranean-forest-week\/<\/a><\/strong><\/span><\/p>\n<p>La asistencia en persona est\u00e1 completa, pero puedes registrarte para asistir online aqu\u00ed:<\/p>\n<p><span style=\"font-size: 14pt;\"><strong><a href=\"https:\/\/mediterraneanforestweek.org\/registrations\/\">https:\/\/mediterraneanforestweek.org\/registrations\/\u00a0<\/a><\/strong><\/span><\/p>\n","protected":false},"excerpt":{"rendered":"<p>Del 4 al 8 de Noviembre de 2024 se celebrar\u00e1 la 8\u00ba edici\u00f3n de la Semana Forestal Mediterr\u00e1nea (MFW) en Barcelona. Este evento proporciona una plataforma para la cooperaci\u00f3n entre investigadores, responsables<a class=\"moretag\" href=\"https:\/\/www.fbycc.org\/index.php\/events\/8th-mediterranean-forest-week\/\">Leer m\u00e1s&#8230;<\/a><\/p>\n","protected":false},"author":5,"featured_media":0,"parent":0,"menu_order":0,"comment_status":"closed","ping_status":"closed","template":"","event_listing_category":[52],"class_list":["post-4098","event_listing","type-event_listing","status-publish","hentry"],"_links":{"self":[{"href":"https:\/\/www.fbycc.org\/index.php\/wp-json\/wp\/v2\/event_listing\/4098","targetHints":{"allow":["GET"]}}],"collection":[{"href":"https:\/\/www.fbycc.org\/index.php\/wp-json\/wp\/v2\/event_listing"}],"about":[{"href":"https:\/\/www.fbycc.org\/index.php\/wp-json\/wp\/v2\/types\/event_listing"}],"author":[{"embeddable":true,"href":"https:\/\/www.fbycc.org\/index.php\/wp-json\/wp\/v2\/users\/5"}],"replies":[{"embeddable":true,"href":"https:\/\/www.fbycc.org\/index.php\/wp-json\/wp\/v2\/comments?post=4098"}],"wp:attachment":[{"href":"https:\/\/www.fbycc.org\/index.php\/wp-json\/wp\/v2\/media?parent=4098"}],"wp:term":[{"taxonomy":"event_listing_category","embeddable":true,"href":"https:\/\/www.fbycc.org\/index.php\/wp-json\/wp\/v2\/event_listing_category?post=4098"}],"curies":[{"name":"wp","href":"https:\/\/api.w.org\/{rel}","templated":true}]}}

<p><img loading="lazy" decoding="async" class="alignnone size-full wp-image-4099" src="https://www.fbycc.org/wp-content/uploads/2024/01/Pinonero-Madreselva.png" alt="" width="1211" height="688" srcset="https://www.fbycc.org/wp-content/uploads/2024/01/Pinonero-Madreselva.png 1211w, https://www.fbycc.org/wp-content/uploads/2024/01/Pinonero-Madreselva-300x170.png 300w, https://www.fbycc.org/wp-content/uploads/2024/01/Pinonero-Madreselva-1024x582.png 1024w, https://www.fbycc.org/wp-content/uploads/2024/01/Pinonero-Madreselva-768x436.png 768w" sizes="auto, (max-width: 1211px) 100vw, 1211px" /></p>
<p style="text-align: justify;">Del <strong>4 al 8 de Noviembre de 2024</strong> se celebrará la <strong>8º edición de la Semana Forestal Mediterránea</strong> (MFW) en <strong>Barcelona</strong>. Este evento proporciona una plataforma para la cooperación entre investigadores, responsables políticos e interesados, fomentando el diálogo sobre los desafíos que enfrentan los bosques mediterráneos.</p>
<p style="text-align: justify;">La 8ª MFW se centrará en la restauración de los ecosistemas forestales en la región mediterránea, y explorará soluciones y acciones para la restauración y gestión sostenible de estos ecosistemas, abordando temas como enfoques exitosos de paisajes en la restauración forestal, gestión eficiente para la adaptación al cambio climático y participación amplia de los interesados en la gestión integrada de los bosques mediterráneos.</p>
<p>Más información en:<br />
<span style="font-size: 14pt;"><strong><a href="https://medforest.net/2023/12/19/save-the-date-the-8th-mediterranean-forest-week/">https://medforest.net/2023/12/19/save-the-date-the-8th-mediterranean-forest-week/</a></strong></span></p>
<p>La asistencia en persona está completa, pero puedes registrarte para asistir online aquí:</p>
<p><span style="font-size: 14pt;"><strong><a href="https://mediterraneanforestweek.org/registrations/">https://mediterraneanforestweek.org/registrations/ </a></strong></span></p>

<p>Del 4 al 8 de Noviembre de 2024 se celebrará la 8º edición de la Semana Forestal Mediterránea (MFW) en Barcelona. Este evento proporciona una plataforma para la cooperación entre investigadores, responsables<a class="moretag" href="https://www.fbycc.org/index.php/events/8th-mediterranean-forest-week/">Leer más&#8230;</a></p>
