{"id":4091,"date":"2024-01-11T11:42:27","date_gmt":"2024-01-11T11:42:27","guid":{"rendered":"https:\/\/www.fbycc.org\/?post_type=event_listing&#038;p=4091"},"modified":"2024-01-11T11:42:27","modified_gmt":"2024-01-11T11:42:27","slug":"ii-congreso-iberico-de-fincas-rusticas","status":"publish","type":"event_listing","link":"https:\/\/www.fbycc.org\/index.php\/events\/ii-congreso-iberico-de-fincas-rusticas\/","title":{"rendered":"II Congreso Ib\u00e9rico de Fincas R\u00fasticas"},"content":{"rendered":"<p><img loading=\"lazy\" decoding=\"async\" class=\"alignnone size-full wp-image-4092\" src=\"https:\/\/www.fbycc.org\/wp-content\/uploads\/2024\/01\/Captura.jpg\" alt=\"\" width=\"1025\" height=\"482\" srcset=\"https:\/\/www.fbycc.org\/wp-content\/uploads\/2024\/01\/Captura.jpg 1025w, https:\/\/www.fbycc.org\/wp-content\/uploads\/2024\/01\/Captura-300x141.jpg 300w, https:\/\/www.fbycc.org\/wp-content\/uploads\/2024\/01\/Captura-768x361.jpg 768w\" sizes=\"auto, (max-width: 1025px) 100vw, 1025px\" \/><\/p>\n<p style=\"text-align: justify;\">El <strong>II Congreso Ib\u00e9rico de Fincas R\u00fasticas<\/strong>, organizado por Fincalista, se llevar\u00e1 a cabo el 1 de febrero en Madrid. Este evento se presenta como una plataforma clave para discutir y poner en valor la actualidad del sector inmobiliario r\u00fastico en Espa\u00f1a y Portugal.<\/p>\n<p style=\"text-align: justify;\">Bajo el t\u00edtulo <strong>\u00abRetos y oportunidades para generar valor en el suelo r\u00fastico\u00bb<\/strong>, en esta edici\u00f3n, el congreso explorar\u00e1 cuestiones clave que afectan al valor del suelo, como el nuevo Plan Hidrol\u00f3gico, la inflaci\u00f3n alimentaria, la escasez de madera para la industria y cambios en los cultivos. Proporcionar\u00e1 una visi\u00f3n integral de los temas actuales que impactan en el sector de las fincas r\u00fasticas.<\/p>\n<p>Mas informaci\u00f3n e inscripciones en:<br \/>\n<span style=\"font-size: 14pt;\"><strong><a href=\"https:\/\/cifir.net\/\">https:\/\/cifir.net\/<\/a><\/strong><\/span><\/p>\n","protected":false},"excerpt":{"rendered":"<p>El II Congreso Ib\u00e9rico de Fincas R\u00fasticas, organizado por Fincalista, se llevar\u00e1 a cabo el 1 de febrero en Madrid. Este evento se presenta como una plataforma clave para discutir y poner<a class=\"moretag\" href=\"https:\/\/www.fbycc.org\/index.php\/events\/ii-congreso-iberico-de-fincas-rusticas\/\">Leer m\u00e1s&#8230;<\/a><\/p>\n","protected":false},"author":5,"featured_media":0,"parent":0,"menu_order":0,"comment_status":"closed","ping_status":"closed","template":"","event_listing_category":[52],"class_list":["post-4091","event_listing","type-event_listing","status-publish","hentry"],"_links":{"self":[{"href":"https:\/\/www.fbycc.org\/index.php\/wp-json\/wp\/v2\/event_listing\/4091","targetHints":{"allow":["GET"]}}],"collection":[{"href":"https:\/\/www.fbycc.org\/index.php\/wp-json\/wp\/v2\/event_listing"}],"about":[{"href":"https:\/\/www.fbycc.org\/index.php\/wp-json\/wp\/v2\/types\/event_listing"}],"author":[{"embeddable":true,"href":"https:\/\/www.fbycc.org\/index.php\/wp-json\/wp\/v2\/users\/5"}],"replies":[{"embeddable":true,"href":"https:\/\/www.fbycc.org\/index.php\/wp-json\/wp\/v2\/comments?post=4091"}],"wp:attachment":[{"href":"https:\/\/www.fbycc.org\/index.php\/wp-json\/wp\/v2\/media?parent=4091"}],"wp:term":[{"taxonomy":"event_listing_category","embeddable":true,"href":"https:\/\/www.fbycc.org\/index.php\/wp-json\/wp\/v2\/event_listing_category?post=4091"}],"curies":[{"name":"wp","href":"https:\/\/api.w.org\/{rel}","templated":true}]}}

II Congreso Ibérico de Fincas Rústicas

<p><img loading="lazy" decoding="async" class="alignnone size-full wp-image-4092" src="https://www.fbycc.org/wp-content/uploads/2024/01/Captura.jpg" alt="" width="1025" height="482" srcset="https://www.fbycc.org/wp-content/uploads/2024/01/Captura.jpg 1025w, https://www.fbycc.org/wp-content/uploads/2024/01/Captura-300x141.jpg 300w, https://www.fbycc.org/wp-content/uploads/2024/01/Captura-768x361.jpg 768w" sizes="auto, (max-width: 1025px) 100vw, 1025px" /></p>
<p style="text-align: justify;">El <strong>II Congreso Ibérico de Fincas Rústicas</strong>, organizado por Fincalista, se llevará a cabo el 1 de febrero en Madrid. Este evento se presenta como una plataforma clave para discutir y poner en valor la actualidad del sector inmobiliario rústico en España y Portugal.</p>
<p style="text-align: justify;">Bajo el título <strong>«Retos y oportunidades para generar valor en el suelo rústico»</strong>, en esta edición, el congreso explorará cuestiones clave que afectan al valor del suelo, como el nuevo Plan Hidrológico, la inflación alimentaria, la escasez de madera para la industria y cambios en los cultivos. Proporcionará una visión integral de los temas actuales que impactan en el sector de las fincas rústicas.</p>
<p>Mas información e inscripciones en:<br />
<span style="font-size: 14pt;"><strong><a href="https://cifir.net/">https://cifir.net/</a></strong></span></p>

<p>El II Congreso Ibérico de Fincas Rústicas, organizado por Fincalista, se llevará a cabo el 1 de febrero en Madrid. Este evento se presenta como una plataforma clave para discutir y poner<a class="moretag" href="https://www.fbycc.org/index.php/events/ii-congreso-iberico-de-fincas-rusticas/">Leer más&#8230;</a></p>
