{"id":3848,"date":"2023-11-16T08:10:02","date_gmt":"2023-11-16T08:10:02","guid":{"rendered":"https:\/\/www.fbycc.org\/?post_type=event_listing&#038;p=3848"},"modified":"2023-11-16T08:10:02","modified_gmt":"2023-11-16T08:10:02","slug":"webinario-europarc-espana-adaptacion-al-cambio-climatico-en-areas-protegidas","status":"publish","type":"event_listing","link":"https:\/\/www.fbycc.org\/index.php\/events\/webinario-europarc-espana-adaptacion-al-cambio-climatico-en-areas-protegidas\/","title":{"rendered":"Webinario EUROPARC-Espa\u00f1a  |  Adaptaci\u00f3n al Cambio Clim\u00e1tico en \u00c1reas Protegidas"},"content":{"rendered":"<p><img loading=\"lazy\" decoding=\"async\" class=\"\" src=\"https:\/\/us-ms.gr-cdn.com\/getresponse-MZHNK\/photos\/ae2050a6-9fe2-488b-9fa2-37497fc1b1d7.png\" alt=\"M\u00e1ster en Espacios Naturales Protegidos\" width=\"556\" height=\"313\" \/><\/p>\n<p style=\"text-align: justify;\">\nEl pr\u00f3ximo <strong>29 de noviembre<\/strong> EUROPARC-Espa\u00f1a llevar\u00e1 a cabo un <strong>webinario<\/strong> sobre <strong>Adaptaci\u00f3n al Cambio Clim\u00e1tico en \u00c1reas Protegidas<\/strong>.<\/p>\n<p style=\"text-align: justify;\">Durante el evento, se presentar\u00e1n dos iniciativas ejemplares: \u00abMedidas para la mejora de la resiliencia del patrimonio natural frente al cambio clim\u00e1tico en el Parque Natural Baixa Limia \u2013 Serra do Xur\u00e9s, Galicia\u00bb y \u00abPlan de Adaptaci\u00f3n al cambio clim\u00e1tico en el Parque Natural del Cap de Creus, Catalu\u00f1a\u00bb. El webinario es respaldado por el Departamento de Desarrollo Econ\u00f3mico, Sostenibilidad y Medio Ambiente del Gobierno Vasco como parte de las actividades para implementar el Programa 2030: Cambio global y \u00e1reas protegidas.<\/p>\n<p>M\u00e1s informaci\u00f3n e inscripciones en:<br \/>\n<strong><a href=\"http:\/\/v\">https:\/\/redeuroparc.org\/webinario-cambio-climatico-noviembre-2023\/?<\/a><\/strong><\/p>\n","protected":false},"excerpt":{"rendered":"<p>El pr\u00f3ximo 29 de noviembre EUROPARC-Espa\u00f1a llevar\u00e1 a cabo un webinario sobre Adaptaci\u00f3n al Cambio Clim\u00e1tico en \u00c1reas Protegidas. Durante el evento, se presentar\u00e1n dos iniciativas ejemplares: \u00abMedidas para la mejora de<a class=\"moretag\" href=\"https:\/\/www.fbycc.org\/index.php\/events\/webinario-europarc-espana-adaptacion-al-cambio-climatico-en-areas-protegidas\/\">Leer m\u00e1s&#8230;<\/a><\/p>\n","protected":false},"author":5,"featured_media":0,"parent":0,"menu_order":0,"comment_status":"closed","ping_status":"closed","template":"","event_listing_category":[52],"class_list":["post-3848","event_listing","type-event_listing","status-publish","hentry"],"_links":{"self":[{"href":"https:\/\/www.fbycc.org\/index.php\/wp-json\/wp\/v2\/event_listing\/3848","targetHints":{"allow":["GET"]}}],"collection":[{"href":"https:\/\/www.fbycc.org\/index.php\/wp-json\/wp\/v2\/event_listing"}],"about":[{"href":"https:\/\/www.fbycc.org\/index.php\/wp-json\/wp\/v2\/types\/event_listing"}],"author":[{"embeddable":true,"href":"https:\/\/www.fbycc.org\/index.php\/wp-json\/wp\/v2\/users\/5"}],"replies":[{"embeddable":true,"href":"https:\/\/www.fbycc.org\/index.php\/wp-json\/wp\/v2\/comments?post=3848"}],"wp:attachment":[{"href":"https:\/\/www.fbycc.org\/index.php\/wp-json\/wp\/v2\/media?parent=3848"}],"wp:term":[{"taxonomy":"event_listing_category","embeddable":true,"href":"https:\/\/www.fbycc.org\/index.php\/wp-json\/wp\/v2\/event_listing_category?post=3848"}],"curies":[{"name":"wp","href":"https:\/\/api.w.org\/{rel}","templated":true}]}}

Webinario EUROPARC-España  |  Adaptación al Cambio Climático en Áreas Protegidas

<p><img loading="lazy" decoding="async" class="" src="https://us-ms.gr-cdn.com/getresponse-MZHNK/photos/ae2050a6-9fe2-488b-9fa2-37497fc1b1d7.png" alt="Máster en Espacios Naturales Protegidos" width="556" height="313" /></p>
<p style="text-align: justify;">
El próximo <strong>29 de noviembre</strong> EUROPARC-España llevará a cabo un <strong>webinario</strong> sobre <strong>Adaptación al Cambio Climático en Áreas Protegidas</strong>.</p>
<p style="text-align: justify;">Durante el evento, se presentarán dos iniciativas ejemplares: «Medidas para la mejora de la resiliencia del patrimonio natural frente al cambio climático en el Parque Natural Baixa Limia – Serra do Xurés, Galicia» y «Plan de Adaptación al cambio climático en el Parque Natural del Cap de Creus, Cataluña». El webinario es respaldado por el Departamento de Desarrollo Económico, Sostenibilidad y Medio Ambiente del Gobierno Vasco como parte de las actividades para implementar el Programa 2030: Cambio global y áreas protegidas.</p>
<p>Más información e inscripciones en:<br />
<strong><a href="http://v">https://redeuroparc.org/webinario-cambio-climatico-noviembre-2023/?</a></strong></p>

<p>El próximo 29 de noviembre EUROPARC-España llevará a cabo un webinario sobre Adaptación al Cambio Climático en Áreas Protegidas. Durante el evento, se presentarán dos iniciativas ejemplares: «Medidas para la mejora de<a class="moretag" href="https://www.fbycc.org/index.php/events/webinario-europarc-espana-adaptacion-al-cambio-climatico-en-areas-protegidas/">Leer más&#8230;</a></p>
