{"id":3828,"date":"2023-11-08T20:03:30","date_gmt":"2023-11-08T20:03:30","guid":{"rendered":"https:\/\/www.fbycc.org\/?post_type=event_listing&#038;p=3828"},"modified":"2023-11-08T20:03:30","modified_gmt":"2023-11-08T20:03:30","slug":"towards-a-sustainable-future-what-is-the-potential-of-the-eus-bioeconomy","status":"publish","type":"event_listing","link":"https:\/\/www.fbycc.org\/index.php\/events\/towards-a-sustainable-future-what-is-the-potential-of-the-eus-bioeconomy\/","title":{"rendered":"TOWARDS A SUSTAINABLE FUTURE &#8211; WHAT IS THE  POTENTIAL OF THE  EU\u2019S BIOECONOMY?"},"content":{"rendered":"<p><img loading=\"lazy\" decoding=\"async\" class=\"alignnone size-full wp-image-3829\" src=\"https:\/\/www.fbycc.org\/wp-content\/uploads\/2023\/11\/Captura-de-pantalla-2023-11-08-202708-2.png\" alt=\"\" width=\"1026\" height=\"575\" srcset=\"https:\/\/www.fbycc.org\/wp-content\/uploads\/2023\/11\/Captura-de-pantalla-2023-11-08-202708-2.png 1026w, https:\/\/www.fbycc.org\/wp-content\/uploads\/2023\/11\/Captura-de-pantalla-2023-11-08-202708-2-300x168.png 300w, https:\/\/www.fbycc.org\/wp-content\/uploads\/2023\/11\/Captura-de-pantalla-2023-11-08-202708-2-1024x574.png 1024w, https:\/\/www.fbycc.org\/wp-content\/uploads\/2023\/11\/Captura-de-pantalla-2023-11-08-202708-2-768x430.png 768w\" sizes=\"auto, (max-width: 1026px) 100vw, 1026px\" \/><\/p>\n<p style=\"text-align: justify;\">El pr\u00f3ximo <strong>30 de noviembre<\/strong>, tendr\u00e1 lugar el evento titulado \u00ab<strong>Hacia un Futuro Sostenible: \u00bfCu\u00e1l es el Potencial de la Bioeconom\u00eda de la UE?<\/strong>\u00ab, el cual explorar\u00e1 el potencial de la bioeconom\u00eda de la UE en un evento h\u00edbrido organizado por Euractiv.<\/p>\n<p style=\"text-align: justify;\">Durante el evento se discutir\u00e1n los desaf\u00edos pol\u00edticos clave, los \u00e9xitos y mejoras en la Estrategia de Bioeconom\u00eda actualizada de la UE, y c\u00f3mo la bioeconom\u00eda puede contribuir a la mitigaci\u00f3n del cambio clim\u00e1tico, la seguridad energ\u00e9tica, la innovaci\u00f3n y la autonom\u00eda estrat\u00e9gica.<\/p>\n<p>M\u00e1s informaci\u00f3n e inscripciones en:<br \/>\n<strong><a href=\"https:\/\/events.euractiv.com\/event\/info\/towards-a-sustainable-future-what-is-the-potential-of-the-eus-bioeconomy\">https:\/\/events.euractiv.com\/event\/info\/towards-a-sustainable-future-what-is-the-potential-of-the-eus-bioeconomy<\/a><\/strong><\/p>\n","protected":false},"excerpt":{"rendered":"<p>El pr\u00f3ximo 30 de noviembre, tendr\u00e1 lugar el evento titulado \u00abHacia un Futuro Sostenible: \u00bfCu\u00e1l es el Potencial de la Bioeconom\u00eda de la UE?\u00ab, el cual explorar\u00e1 el potencial de la bioeconom\u00eda<a class=\"moretag\" href=\"https:\/\/www.fbycc.org\/index.php\/events\/towards-a-sustainable-future-what-is-the-potential-of-the-eus-bioeconomy\/\">Leer m\u00e1s&#8230;<\/a><\/p>\n","protected":false},"author":5,"featured_media":0,"parent":0,"menu_order":0,"comment_status":"closed","ping_status":"closed","template":"","event_listing_category":[52],"class_list":["post-3828","event_listing","type-event_listing","status-publish","hentry"],"_links":{"self":[{"href":"https:\/\/www.fbycc.org\/index.php\/wp-json\/wp\/v2\/event_listing\/3828","targetHints":{"allow":["GET"]}}],"collection":[{"href":"https:\/\/www.fbycc.org\/index.php\/wp-json\/wp\/v2\/event_listing"}],"about":[{"href":"https:\/\/www.fbycc.org\/index.php\/wp-json\/wp\/v2\/types\/event_listing"}],"author":[{"embeddable":true,"href":"https:\/\/www.fbycc.org\/index.php\/wp-json\/wp\/v2\/users\/5"}],"replies":[{"embeddable":true,"href":"https:\/\/www.fbycc.org\/index.php\/wp-json\/wp\/v2\/comments?post=3828"}],"wp:attachment":[{"href":"https:\/\/www.fbycc.org\/index.php\/wp-json\/wp\/v2\/media?parent=3828"}],"wp:term":[{"taxonomy":"event_listing_category","embeddable":true,"href":"https:\/\/www.fbycc.org\/index.php\/wp-json\/wp\/v2\/event_listing_category?post=3828"}],"curies":[{"name":"wp","href":"https:\/\/api.w.org\/{rel}","templated":true}]}}

<p><img loading="lazy" decoding="async" class="alignnone size-full wp-image-3829" src="https://www.fbycc.org/wp-content/uploads/2023/11/Captura-de-pantalla-2023-11-08-202708-2.png" alt="" width="1026" height="575" srcset="https://www.fbycc.org/wp-content/uploads/2023/11/Captura-de-pantalla-2023-11-08-202708-2.png 1026w, https://www.fbycc.org/wp-content/uploads/2023/11/Captura-de-pantalla-2023-11-08-202708-2-300x168.png 300w, https://www.fbycc.org/wp-content/uploads/2023/11/Captura-de-pantalla-2023-11-08-202708-2-1024x574.png 1024w, https://www.fbycc.org/wp-content/uploads/2023/11/Captura-de-pantalla-2023-11-08-202708-2-768x430.png 768w" sizes="auto, (max-width: 1026px) 100vw, 1026px" /></p>
<p style="text-align: justify;">El próximo <strong>30 de noviembre</strong>, tendrá lugar el evento titulado «<strong>Hacia un Futuro Sostenible: ¿Cuál es el Potencial de la Bioeconomía de la UE?</strong>«, el cual explorará el potencial de la bioeconomía de la UE en un evento híbrido organizado por Euractiv.</p>
<p style="text-align: justify;">Durante el evento se discutirán los desafíos políticos clave, los éxitos y mejoras en la Estrategia de Bioeconomía actualizada de la UE, y cómo la bioeconomía puede contribuir a la mitigación del cambio climático, la seguridad energética, la innovación y la autonomía estratégica.</p>
<p>Más información e inscripciones en:<br />
<strong><a href="https://events.euractiv.com/event/info/towards-a-sustainable-future-what-is-the-potential-of-the-eus-bioeconomy">https://events.euractiv.com/event/info/towards-a-sustainable-future-what-is-the-potential-of-the-eus-bioeconomy</a></strong></p>

<p>El próximo 30 de noviembre, tendrá lugar el evento titulado «Hacia un Futuro Sostenible: ¿Cuál es el Potencial de la Bioeconomía de la UE?«, el cual explorará el potencial de la bioeconomía<a class="moretag" href="https://www.fbycc.org/index.php/events/towards-a-sustainable-future-what-is-the-potential-of-the-eus-bioeconomy/">Leer más&#8230;</a></p>
