{"id":3826,"date":"2023-11-08T19:53:54","date_gmt":"2023-11-08T19:53:54","guid":{"rendered":"https:\/\/www.fbycc.org\/?post_type=event_listing&#038;p=3826"},"modified":"2023-11-08T19:53:54","modified_gmt":"2023-11-08T19:53:54","slug":"webinar-analysing-the-packaging-and-packaging-waste-regulation-what-are-the-implications-for-our-forests","status":"publish","type":"event_listing","link":"https:\/\/www.fbycc.org\/index.php\/events\/webinar-analysing-the-packaging-and-packaging-waste-regulation-what-are-the-implications-for-our-forests\/","title":{"rendered":"Webinar  |  ANALYSING THE PACKAGING AND PACKAGING WASTE REGULATION &#8211; WHAT ARE THE IMPLICATIONS FOR OUR FORESTS?"},"content":{"rendered":"<p><img loading=\"lazy\" decoding=\"async\" class=\"alignnone size-full wp-image-3827\" src=\"https:\/\/www.fbycc.org\/wp-content\/uploads\/2023\/11\/Captura-de-pantalla-2023-11-08-202708-1.png\" alt=\"\" width=\"1029\" height=\"532\" srcset=\"https:\/\/www.fbycc.org\/wp-content\/uploads\/2023\/11\/Captura-de-pantalla-2023-11-08-202708-1.png 1029w, https:\/\/www.fbycc.org\/wp-content\/uploads\/2023\/11\/Captura-de-pantalla-2023-11-08-202708-1-300x155.png 300w, https:\/\/www.fbycc.org\/wp-content\/uploads\/2023\/11\/Captura-de-pantalla-2023-11-08-202708-1-1024x529.png 1024w, https:\/\/www.fbycc.org\/wp-content\/uploads\/2023\/11\/Captura-de-pantalla-2023-11-08-202708-1-768x397.png 768w\" sizes=\"auto, (max-width: 1029px) 100vw, 1029px\" \/><\/p>\n<p style=\"text-align: justify;\">El <strong>14 de noviembre<\/strong> tendr\u00e1 lugar un evento titulado \u00ab<strong>Analysing the Packaging and Packaging Waste Regulation &#8211; What are the Implications for our Forests?<\/strong>\u00ab, el cual explorar\u00e1 la regulaci\u00f3n de envases y residuos de envases y su impacto en nuestros bosques.<\/p>\n<p style=\"text-align: justify;\">Este evento, que se llevar\u00e1 a cabo en l\u00ednea, forma parte del Pacto Verde Europeo y se centra en la revisi\u00f3n de la Directiva de Envases y Residuos de Envases (PPWD), con el objetivo de hacer que todos los envases sean reutilizables o reciclables para 2030. Durante la conferencia, se analizar\u00e1 c\u00f3mo esto afecta a la generaci\u00f3n de residuos y a la tala de \u00e1rboles, y se explorar\u00e1n alternativas de envasado sostenible.<\/p>\n<p>M\u00e1s informaci\u00f3n e inscripciones en:<br \/>\n<strong><a href=\"https:\/\/events.euractiv.com\/event\/info\/analysing-the-packaging-and-packaging-waste-directive-what-are-the-implications-for-our-forests\">https:\/\/events.euractiv.com\/event\/info\/analysing-the-packaging-and-packaging-waste-directive-what-are-the-implications-for-our-forests<\/a><\/strong><\/p>\n","protected":false},"excerpt":{"rendered":"<p>El 14 de noviembre tendr\u00e1 lugar un evento titulado \u00abAnalysing the Packaging and Packaging Waste Regulation &#8211; What are the Implications for our Forests?\u00ab, el cual explorar\u00e1 la regulaci\u00f3n de envases y<a class=\"moretag\" href=\"https:\/\/www.fbycc.org\/index.php\/events\/webinar-analysing-the-packaging-and-packaging-waste-regulation-what-are-the-implications-for-our-forests\/\">Leer m\u00e1s&#8230;<\/a><\/p>\n","protected":false},"author":5,"featured_media":0,"parent":0,"menu_order":0,"comment_status":"closed","ping_status":"closed","template":"","event_listing_category":[52],"class_list":["post-3826","event_listing","type-event_listing","status-publish","hentry"],"_links":{"self":[{"href":"https:\/\/www.fbycc.org\/index.php\/wp-json\/wp\/v2\/event_listing\/3826","targetHints":{"allow":["GET"]}}],"collection":[{"href":"https:\/\/www.fbycc.org\/index.php\/wp-json\/wp\/v2\/event_listing"}],"about":[{"href":"https:\/\/www.fbycc.org\/index.php\/wp-json\/wp\/v2\/types\/event_listing"}],"author":[{"embeddable":true,"href":"https:\/\/www.fbycc.org\/index.php\/wp-json\/wp\/v2\/users\/5"}],"replies":[{"embeddable":true,"href":"https:\/\/www.fbycc.org\/index.php\/wp-json\/wp\/v2\/comments?post=3826"}],"wp:attachment":[{"href":"https:\/\/www.fbycc.org\/index.php\/wp-json\/wp\/v2\/media?parent=3826"}],"wp:term":[{"taxonomy":"event_listing_category","embeddable":true,"href":"https:\/\/www.fbycc.org\/index.php\/wp-json\/wp\/v2\/event_listing_category?post=3826"}],"curies":[{"name":"wp","href":"https:\/\/api.w.org\/{rel}","templated":true}]}}

<p><img loading="lazy" decoding="async" class="alignnone size-full wp-image-3827" src="https://www.fbycc.org/wp-content/uploads/2023/11/Captura-de-pantalla-2023-11-08-202708-1.png" alt="" width="1029" height="532" srcset="https://www.fbycc.org/wp-content/uploads/2023/11/Captura-de-pantalla-2023-11-08-202708-1.png 1029w, https://www.fbycc.org/wp-content/uploads/2023/11/Captura-de-pantalla-2023-11-08-202708-1-300x155.png 300w, https://www.fbycc.org/wp-content/uploads/2023/11/Captura-de-pantalla-2023-11-08-202708-1-1024x529.png 1024w, https://www.fbycc.org/wp-content/uploads/2023/11/Captura-de-pantalla-2023-11-08-202708-1-768x397.png 768w" sizes="auto, (max-width: 1029px) 100vw, 1029px" /></p>
<p style="text-align: justify;">El <strong>14 de noviembre</strong> tendrá lugar un evento titulado «<strong>Analysing the Packaging and Packaging Waste Regulation &#8211; What are the Implications for our Forests?</strong>«, el cual explorará la regulación de envases y residuos de envases y su impacto en nuestros bosques.</p>
<p style="text-align: justify;">Este evento, que se llevará a cabo en línea, forma parte del Pacto Verde Europeo y se centra en la revisión de la Directiva de Envases y Residuos de Envases (PPWD), con el objetivo de hacer que todos los envases sean reutilizables o reciclables para 2030. Durante la conferencia, se analizará cómo esto afecta a la generación de residuos y a la tala de árboles, y se explorarán alternativas de envasado sostenible.</p>
<p>Más información e inscripciones en:<br />
<strong><a href="https://events.euractiv.com/event/info/analysing-the-packaging-and-packaging-waste-directive-what-are-the-implications-for-our-forests">https://events.euractiv.com/event/info/analysing-the-packaging-and-packaging-waste-directive-what-are-the-implications-for-our-forests</a></strong></p>

<p>El 14 de noviembre tendrá lugar un evento titulado «Analysing the Packaging and Packaging Waste Regulation &#8211; What are the Implications for our Forests?«, el cual explorará la regulación de envases y<a class="moretag" href="https://www.fbycc.org/index.php/events/webinar-analysing-the-packaging-and-packaging-waste-regulation-what-are-the-implications-for-our-forests/">Leer más&#8230;</a></p>
