{"id":3771,"date":"2023-11-03T12:27:50","date_gmt":"2023-11-03T12:27:50","guid":{"rendered":"https:\/\/www.fbycc.org\/?post_type=event_listing&#038;p=3771"},"modified":"2023-11-03T12:27:50","modified_gmt":"2023-11-03T12:27:50","slug":"webinar-sobre-el-mecanismo-de-ajuste-fronterizo-de-carbono-cbam","status":"publish","type":"event_listing","link":"https:\/\/www.fbycc.org\/index.php\/events\/webinar-sobre-el-mecanismo-de-ajuste-fronterizo-de-carbono-cbam\/","title":{"rendered":"Webinar sobre el Mecanismo de Ajuste Fronterizo de Carbono (CBAM)"},"content":{"rendered":"<p style=\"text-align: justify;\"><img loading=\"lazy\" decoding=\"async\" class=\"alignnone size-full wp-image-3772\" src=\"https:\/\/www.fbycc.org\/wp-content\/uploads\/2023\/11\/Captura-de-pantalla-2023-11-03-131552.png\" alt=\"\" width=\"557\" height=\"170\" srcset=\"https:\/\/www.fbycc.org\/wp-content\/uploads\/2023\/11\/Captura-de-pantalla-2023-11-03-131552.png 557w, https:\/\/www.fbycc.org\/wp-content\/uploads\/2023\/11\/Captura-de-pantalla-2023-11-03-131552-300x92.png 300w\" sizes=\"auto, (max-width: 557px) 100vw, 557px\" \/><\/p>\n<p style=\"text-align: justify;\">El pr\u00f3ximo mi\u00e9rcoles, <strong>29 de noviembre, de 16:30 h a 17:30 h<\/strong>, tendr\u00e1 lugar un <strong>Webinar <\/strong>sobre el <strong>Mecanismo de Ajuste Fronterizo de Carbono (CBAM)<\/strong>.<\/p>\n<p style=\"text-align: justify;\">Tras la reciente entrada en vigor del CBAM en su fase transitoria el 1 de octubre de 2023, este Webinar ofrece una oportunidad \u00fanica para comprender su aplicaci\u00f3n. El CBAM se aplica a importaciones de bienes intensivos en carbono como cemento, hierro y acero, aluminio, fertilizantes, electricidad e hidr\u00f3geno. Durante el per\u00edodo transitorio, los importadores solo declarar\u00e1n las emisiones de gases de efecto invernadero (GEI) en sus importaciones. Este evento ofrece una oportunidad \u00fanica para comprender el impacto y las implicaciones del CBAM en su empresa.<\/p>\n<p style=\"text-align: justify;\"><strong>Precio:<\/strong><br \/>\nSocios de la Fundaci\u00f3n Empresa y Clima: 0 &#8211; <strong><span style=\"color: #339966;\">30 \u20ac m\u00e1s IVA.**<\/span><\/strong><br \/>\nPersonal ajenas a la Fundaci\u00f3n Empresa y Clima: 60\u20ac m\u00e1s IVA.<\/p>\n<p style=\"text-align: justify;\"><span style=\"text-align: justify; color: #339966;\">**Los socios del Foro de Bosques y Cambio Clim\u00e1tico se benefician tambi\u00e9n del precio reducido de 30\u20ac m\u00e1s IVA.<\/span><\/p>\n<p style=\"text-align: justify;\">\n<strong>Inscripciones en el siguiente correo:\u00a0<\/strong><br \/>\n<span style=\"color: #ff9900;\"><strong>ndelpozo@empresaclima.org<\/strong><\/span><\/p>\n","protected":false},"excerpt":{"rendered":"<p>El pr\u00f3ximo mi\u00e9rcoles, 29 de noviembre, de 16:30 h a 17:30 h, tendr\u00e1 lugar un Webinar sobre el Mecanismo de Ajuste Fronterizo de Carbono (CBAM). Tras la reciente entrada en vigor del<a class=\"moretag\" href=\"https:\/\/www.fbycc.org\/index.php\/events\/webinar-sobre-el-mecanismo-de-ajuste-fronterizo-de-carbono-cbam\/\">Leer m\u00e1s&#8230;<\/a><\/p>\n","protected":false},"author":5,"featured_media":0,"parent":0,"menu_order":0,"comment_status":"closed","ping_status":"closed","template":"","event_listing_category":[],"class_list":["post-3771","event_listing","type-event_listing","status-publish","hentry"],"_links":{"self":[{"href":"https:\/\/www.fbycc.org\/index.php\/wp-json\/wp\/v2\/event_listing\/3771","targetHints":{"allow":["GET"]}}],"collection":[{"href":"https:\/\/www.fbycc.org\/index.php\/wp-json\/wp\/v2\/event_listing"}],"about":[{"href":"https:\/\/www.fbycc.org\/index.php\/wp-json\/wp\/v2\/types\/event_listing"}],"author":[{"embeddable":true,"href":"https:\/\/www.fbycc.org\/index.php\/wp-json\/wp\/v2\/users\/5"}],"replies":[{"embeddable":true,"href":"https:\/\/www.fbycc.org\/index.php\/wp-json\/wp\/v2\/comments?post=3771"}],"wp:attachment":[{"href":"https:\/\/www.fbycc.org\/index.php\/wp-json\/wp\/v2\/media?parent=3771"}],"wp:term":[{"taxonomy":"event_listing_category","embeddable":true,"href":"https:\/\/www.fbycc.org\/index.php\/wp-json\/wp\/v2\/event_listing_category?post=3771"}],"curies":[{"name":"wp","href":"https:\/\/api.w.org\/{rel}","templated":true}]}}

<p style="text-align: justify;"><img loading="lazy" decoding="async" class="alignnone size-full wp-image-3772" src="https://www.fbycc.org/wp-content/uploads/2023/11/Captura-de-pantalla-2023-11-03-131552.png" alt="" width="557" height="170" srcset="https://www.fbycc.org/wp-content/uploads/2023/11/Captura-de-pantalla-2023-11-03-131552.png 557w, https://www.fbycc.org/wp-content/uploads/2023/11/Captura-de-pantalla-2023-11-03-131552-300x92.png 300w" sizes="auto, (max-width: 557px) 100vw, 557px" /></p>
<p style="text-align: justify;">El próximo miércoles, <strong>29 de noviembre, de 16:30 h a 17:30 h</strong>, tendrá lugar un <strong>Webinar </strong>sobre el <strong>Mecanismo de Ajuste Fronterizo de Carbono (CBAM)</strong>.</p>
<p style="text-align: justify;">Tras la reciente entrada en vigor del CBAM en su fase transitoria el 1 de octubre de 2023, este Webinar ofrece una oportunidad única para comprender su aplicación. El CBAM se aplica a importaciones de bienes intensivos en carbono como cemento, hierro y acero, aluminio, fertilizantes, electricidad e hidrógeno. Durante el período transitorio, los importadores solo declararán las emisiones de gases de efecto invernadero (GEI) en sus importaciones. Este evento ofrece una oportunidad única para comprender el impacto y las implicaciones del CBAM en su empresa.</p>
<p style="text-align: justify;"><strong>Precio:</strong><br />
Socios de la Fundación Empresa y Clima: 0 &#8211; <strong><span style="color: #339966;">30 € más IVA.**</span></strong><br />
Personal ajenas a la Fundación Empresa y Clima: 60€ más IVA.</p>
<p style="text-align: justify;"><span style="text-align: justify; color: #339966;">**Los socios del Foro de Bosques y Cambio Climático se benefician también del precio reducido de 30€ más IVA.</span></p>
<p style="text-align: justify;">
<strong>Inscripciones en el siguiente correo: </strong><br />
<span style="color: #ff9900;"><strong>ndelpozo@empresaclima.org</strong></span></p>

<p>El próximo miércoles, 29 de noviembre, de 16:30 h a 17:30 h, tendrá lugar un Webinar sobre el Mecanismo de Ajuste Fronterizo de Carbono (CBAM). Tras la reciente entrada en vigor del<a class="moretag" href="https://www.fbycc.org/index.php/events/webinar-sobre-el-mecanismo-de-ajuste-fronterizo-de-carbono-cbam/">Leer más&#8230;</a></p>
