{"id":3743,"date":"2023-10-20T11:13:41","date_gmt":"2023-10-20T11:13:41","guid":{"rendered":"https:\/\/www.fbycc.org\/?post_type=event_listing&#038;p=3743"},"modified":"2023-10-20T11:13:41","modified_gmt":"2023-10-20T11:13:41","slug":"jornada-acuerdos-por-los-bosques-ibericos-un-reto-colectivo","status":"publish","type":"event_listing","link":"https:\/\/www.fbycc.org\/index.php\/events\/jornada-acuerdos-por-los-bosques-ibericos-un-reto-colectivo\/","title":{"rendered":"Jornada | \u00abACUERDOS POR LOS BOSQUES IB\u00c9RICOS: un reto colectivo\u00bb"},"content":{"rendered":"<p style=\"text-align: justify;\"><img loading=\"lazy\" decoding=\"async\" class=\"alignnone size-full wp-image-3744\" src=\"https:\/\/www.fbycc.org\/wp-content\/uploads\/2023\/10\/Evento-24-Oct.png\" alt=\"\" width=\"1080\" height=\"1080\" srcset=\"https:\/\/www.fbycc.org\/wp-content\/uploads\/2023\/10\/Evento-24-Oct.png 1080w, https:\/\/www.fbycc.org\/wp-content\/uploads\/2023\/10\/Evento-24-Oct-300x300.png 300w, https:\/\/www.fbycc.org\/wp-content\/uploads\/2023\/10\/Evento-24-Oct-1024x1024.png 1024w, https:\/\/www.fbycc.org\/wp-content\/uploads\/2023\/10\/Evento-24-Oct-150x150.png 150w, https:\/\/www.fbycc.org\/wp-content\/uploads\/2023\/10\/Evento-24-Oct-768x768.png 768w, https:\/\/www.fbycc.org\/wp-content\/uploads\/2023\/10\/Evento-24-Oct-50x50.png 50w, https:\/\/www.fbycc.org\/wp-content\/uploads\/2023\/10\/Evento-24-Oct-250x250.png 250w, https:\/\/www.fbycc.org\/wp-content\/uploads\/2023\/10\/Evento-24-Oct-500x500.png 500w\" sizes=\"auto, (max-width: 1080px) 100vw, 1080px\" \/><\/p>\n<p style=\"text-align: justify;\">El pr\u00f3ximo <strong>martes 24 de octubre<\/strong> del 2023, se celebra el evento: \u00ab<strong>ACUERDOS POR LOS BOSQUES IB\u00c9RICOS: un reto colectivo\u00bb.<\/strong><\/p>\n<p style=\"text-align: justify;\">Organizado por Foro de Bosques y Cambio Clim\u00e1tico, en colaboraci\u00f3n con Greenpeace-Espa\u00f1a, WWF-Espa\u00f1a y Ecologistas en Acci\u00f3n, este evento busca generar consensos y acuerdos para mejorar nuestros bosques, prevenir incendios forestales y fortalecer la actividad forestal en Espa\u00f1a, involucrando a representantes y organizaciones del sector forestal, grupos pol\u00edticos y autoridades territoriales en esta misi\u00f3n.<\/p>\n<p>Fecha: Martes, 24 de octubre<br \/>\nHora: 11:00 &#8211; 13:00<br \/>\nLugar: Ministerio para la Transici\u00f3n Ecol\u00f3gica, Plaza San Juan de la Cruz, s.n., Madrid<\/p>\n<p style=\"text-align: justify;\"><strong>Evento gratuito<\/strong><\/p>\n<a class=\"tx-button\" href=\"https:\/\/www.fbycc.org\/index.php\/jornadas\/jornada-acuerdos-por-los-bosques-ibericos-un-reto-colectivo\/\" target=\"_blank\" style=\"color: #ffffff; background-color: #79bc3a\">Incr\u00edbete <\/a>\n","protected":false},"excerpt":{"rendered":"<p>El pr\u00f3ximo martes 24 de octubre del 2023, se celebra el evento: \u00abACUERDOS POR LOS BOSQUES IB\u00c9RICOS: un reto colectivo\u00bb. Organizado por Foro de Bosques y Cambio Clim\u00e1tico, en colaboraci\u00f3n con Greenpeace-Espa\u00f1a,<a class=\"moretag\" href=\"https:\/\/www.fbycc.org\/index.php\/events\/jornada-acuerdos-por-los-bosques-ibericos-un-reto-colectivo\/\">Leer m\u00e1s&#8230;<\/a><\/p>\n","protected":false},"author":5,"featured_media":0,"parent":0,"menu_order":0,"comment_status":"closed","ping_status":"closed","template":"","event_listing_category":[53],"class_list":["post-3743","event_listing","type-event_listing","status-publish","hentry"],"_links":{"self":[{"href":"https:\/\/www.fbycc.org\/index.php\/wp-json\/wp\/v2\/event_listing\/3743","targetHints":{"allow":["GET"]}}],"collection":[{"href":"https:\/\/www.fbycc.org\/index.php\/wp-json\/wp\/v2\/event_listing"}],"about":[{"href":"https:\/\/www.fbycc.org\/index.php\/wp-json\/wp\/v2\/types\/event_listing"}],"author":[{"embeddable":true,"href":"https:\/\/www.fbycc.org\/index.php\/wp-json\/wp\/v2\/users\/5"}],"replies":[{"embeddable":true,"href":"https:\/\/www.fbycc.org\/index.php\/wp-json\/wp\/v2\/comments?post=3743"}],"wp:attachment":[{"href":"https:\/\/www.fbycc.org\/index.php\/wp-json\/wp\/v2\/media?parent=3743"}],"wp:term":[{"taxonomy":"event_listing_category","embeddable":true,"href":"https:\/\/www.fbycc.org\/index.php\/wp-json\/wp\/v2\/event_listing_category?post=3743"}],"curies":[{"name":"wp","href":"https:\/\/api.w.org\/{rel}","templated":true}]}}

Jornada | «ACUERDOS POR LOS BOSQUES IBÉRICOS: un reto colectivo»

<p style="text-align: justify;"><img loading="lazy" decoding="async" class="alignnone size-full wp-image-3744" src="https://www.fbycc.org/wp-content/uploads/2023/10/Evento-24-Oct.png" alt="" width="1080" height="1080" srcset="https://www.fbycc.org/wp-content/uploads/2023/10/Evento-24-Oct.png 1080w, https://www.fbycc.org/wp-content/uploads/2023/10/Evento-24-Oct-300x300.png 300w, https://www.fbycc.org/wp-content/uploads/2023/10/Evento-24-Oct-1024x1024.png 1024w, https://www.fbycc.org/wp-content/uploads/2023/10/Evento-24-Oct-150x150.png 150w, https://www.fbycc.org/wp-content/uploads/2023/10/Evento-24-Oct-768x768.png 768w, https://www.fbycc.org/wp-content/uploads/2023/10/Evento-24-Oct-50x50.png 50w, https://www.fbycc.org/wp-content/uploads/2023/10/Evento-24-Oct-250x250.png 250w, https://www.fbycc.org/wp-content/uploads/2023/10/Evento-24-Oct-500x500.png 500w" sizes="auto, (max-width: 1080px) 100vw, 1080px" /></p>
<p style="text-align: justify;">El próximo <strong>martes 24 de octubre</strong> del 2023, se celebra el evento: «<strong>ACUERDOS POR LOS BOSQUES IBÉRICOS: un reto colectivo».</strong></p>
<p style="text-align: justify;">Organizado por Foro de Bosques y Cambio Climático, en colaboración con Greenpeace-España, WWF-España y Ecologistas en Acción, este evento busca generar consensos y acuerdos para mejorar nuestros bosques, prevenir incendios forestales y fortalecer la actividad forestal en España, involucrando a representantes y organizaciones del sector forestal, grupos políticos y autoridades territoriales en esta misión.</p>
<p>Fecha: Martes, 24 de octubre<br />
Hora: 11:00 &#8211; 13:00<br />
Lugar: Ministerio para la Transición Ecológica, Plaza San Juan de la Cruz, s.n., Madrid</p>
<p style="text-align: justify;"><strong>Evento gratuito</strong></p>
<a class="tx-button" href="https://www.fbycc.org/index.php/jornadas/jornada-acuerdos-por-los-bosques-ibericos-un-reto-colectivo/" target="_blank" style="color: #ffffff; background-color: #79bc3a">Incríbete </a>

<p>El próximo martes 24 de octubre del 2023, se celebra el evento: «ACUERDOS POR LOS BOSQUES IBÉRICOS: un reto colectivo». Organizado por Foro de Bosques y Cambio Climático, en colaboración con Greenpeace-España,<a class="moretag" href="https://www.fbycc.org/index.php/events/jornada-acuerdos-por-los-bosques-ibericos-un-reto-colectivo/">Leer más&#8230;</a></p>
