{"id":3612,"date":"2023-10-09T13:09:30","date_gmt":"2023-10-09T13:09:30","guid":{"rendered":"https:\/\/www.fbycc.org\/?post_type=event_listing&#038;p=3612"},"modified":"2023-10-09T13:09:30","modified_gmt":"2023-10-09T13:09:30","slug":"ii-foro-de-bioeconomia-de-castilla-y-leon","status":"publish","type":"event_listing","link":"https:\/\/www.fbycc.org\/index.php\/events\/ii-foro-de-bioeconomia-de-castilla-y-leon\/","title":{"rendered":"II Foro de Bioeconom\u00eda de Castilla y Le\u00f3n"},"content":{"rendered":"<p><img loading=\"lazy\" decoding=\"async\" class=\"alignnone size-full wp-image-3613\" src=\"https:\/\/www.fbycc.org\/wp-content\/uploads\/2023\/10\/Captura-de-pantalla_20230209_234429.png\" alt=\"\" width=\"624\" height=\"153\" srcset=\"https:\/\/www.fbycc.org\/wp-content\/uploads\/2023\/10\/Captura-de-pantalla_20230209_234429.png 624w, https:\/\/www.fbycc.org\/wp-content\/uploads\/2023\/10\/Captura-de-pantalla_20230209_234429-300x74.png 300w\" sizes=\"auto, (max-width: 624px) 100vw, 624px\" \/><\/p>\n<p style=\"text-align: justify;\">El pr\u00f3ximo <strong>25 y 26 de Octubre<\/strong> se celebra en Soria el <strong>II Foro de Bioeconom\u00eda de Castilla y Le\u00f3n<\/strong>.<\/p>\n<p style=\"text-align: justify;\">Este evento organizado por Instituto para la Competitividad Empresarial (ICE), busca resaltar la funci\u00f3n fundamental de la bioeconom\u00eda en el progreso econ\u00f3mico y social de la regi\u00f3n, demostrando su capacidad para fomentar la generaci\u00f3n de empleo, el desarrollo empresarial y la mejora en la calidad de vida de los habitantes de Castilla y Le\u00f3n.<\/p>\n<p>M\u00e1s informaci\u00f3n en:<br \/>\n<span style=\"font-size: 12pt;\"><strong><a href=\"https:\/\/forodebioeconomia.es\/#Evento\">https:\/\/forodebioeconomia.es\/#Evento<\/a><\/strong><\/span><\/p>\n","protected":false},"excerpt":{"rendered":"<p>El pr\u00f3ximo 25 y 26 de Octubre se celebra en Soria el II Foro de Bioeconom\u00eda de Castilla y Le\u00f3n. Este evento organizado por Instituto para la Competitividad Empresarial (ICE), busca resaltar<a class=\"moretag\" href=\"https:\/\/www.fbycc.org\/index.php\/events\/ii-foro-de-bioeconomia-de-castilla-y-leon\/\">Leer m\u00e1s&#8230;<\/a><\/p>\n","protected":false},"author":5,"featured_media":0,"parent":0,"menu_order":0,"comment_status":"closed","ping_status":"closed","template":"","event_listing_category":[],"class_list":["post-3612","event_listing","type-event_listing","status-publish","hentry"],"_links":{"self":[{"href":"https:\/\/www.fbycc.org\/index.php\/wp-json\/wp\/v2\/event_listing\/3612","targetHints":{"allow":["GET"]}}],"collection":[{"href":"https:\/\/www.fbycc.org\/index.php\/wp-json\/wp\/v2\/event_listing"}],"about":[{"href":"https:\/\/www.fbycc.org\/index.php\/wp-json\/wp\/v2\/types\/event_listing"}],"author":[{"embeddable":true,"href":"https:\/\/www.fbycc.org\/index.php\/wp-json\/wp\/v2\/users\/5"}],"replies":[{"embeddable":true,"href":"https:\/\/www.fbycc.org\/index.php\/wp-json\/wp\/v2\/comments?post=3612"}],"wp:attachment":[{"href":"https:\/\/www.fbycc.org\/index.php\/wp-json\/wp\/v2\/media?parent=3612"}],"wp:term":[{"taxonomy":"event_listing_category","embeddable":true,"href":"https:\/\/www.fbycc.org\/index.php\/wp-json\/wp\/v2\/event_listing_category?post=3612"}],"curies":[{"name":"wp","href":"https:\/\/api.w.org\/{rel}","templated":true}]}}

II Foro de Bioeconomía de Castilla y León

<p><img loading="lazy" decoding="async" class="alignnone size-full wp-image-3613" src="https://www.fbycc.org/wp-content/uploads/2023/10/Captura-de-pantalla_20230209_234429.png" alt="" width="624" height="153" srcset="https://www.fbycc.org/wp-content/uploads/2023/10/Captura-de-pantalla_20230209_234429.png 624w, https://www.fbycc.org/wp-content/uploads/2023/10/Captura-de-pantalla_20230209_234429-300x74.png 300w" sizes="auto, (max-width: 624px) 100vw, 624px" /></p>
<p style="text-align: justify;">El próximo <strong>25 y 26 de Octubre</strong> se celebra en Soria el <strong>II Foro de Bioeconomía de Castilla y León</strong>.</p>
<p style="text-align: justify;">Este evento organizado por Instituto para la Competitividad Empresarial (ICE), busca resaltar la función fundamental de la bioeconomía en el progreso económico y social de la región, demostrando su capacidad para fomentar la generación de empleo, el desarrollo empresarial y la mejora en la calidad de vida de los habitantes de Castilla y León.</p>
<p>Más información en:<br />
<span style="font-size: 12pt;"><strong><a href="https://forodebioeconomia.es/#Evento">https://forodebioeconomia.es/#Evento</a></strong></span></p>

<p>El próximo 25 y 26 de Octubre se celebra en Soria el II Foro de Bioeconomía de Castilla y León. Este evento organizado por Instituto para la Competitividad Empresarial (ICE), busca resaltar<a class="moretag" href="https://www.fbycc.org/index.php/events/ii-foro-de-bioeconomia-de-castilla-y-leon/">Leer más&#8230;</a></p>
