{"id":3610,"date":"2023-10-07T15:21:58","date_gmt":"2023-10-07T15:21:58","guid":{"rendered":"https:\/\/www.fbycc.org\/?post_type=event_listing&#038;p=3610"},"modified":"2023-10-07T15:21:58","modified_gmt":"2023-10-07T15:21:58","slug":"seminario-web-nuevos-estandares-de-practica-para-la-restauracion-de-ecosistemas-perspectivas-desde-la-ciencia-y-la-practica","status":"publish","type":"event_listing","link":"https:\/\/www.fbycc.org\/index.php\/events\/seminario-web-nuevos-estandares-de-practica-para-la-restauracion-de-ecosistemas-perspectivas-desde-la-ciencia-y-la-practica\/","title":{"rendered":"Seminario web: Nuevos Est\u00e1ndares de Pr\u00e1ctica para la Restauraci\u00f3n de Ecosistemas \u2013 Perspectivas desde la Ciencia y la Pr\u00e1ctica"},"content":{"rendered":"<p><img loading=\"lazy\" decoding=\"async\" class=\"\" src=\"https:\/\/forestrestoration-b4f9.kxcdn.com\/wp-content\/uploads\/2023\/09\/SUPERB-1.png\" alt=\"SUPERB-1\" width=\"555\" height=\"555\" \/><\/p>\n<div class=\"flex-1 overflow-hidden\">\n<div class=\"react-scroll-to-bottom--css-fqhqd-79elbk h-full dark:bg-gray-800\">\n<div class=\"react-scroll-to-bottom--css-fqhqd-1n7m0yu\">\n<div class=\"flex flex-col text-sm dark:bg-gray-800\">\n<div class=\"group w-full text-token-text-primary border-b border-black\/10 gizmo:border-0 dark:border-gray-900\/50 gizmo:dark:border-0 bg-gray-50 gizmo:bg-transparent dark:bg-[#444654] gizmo:dark:bg-transparent\" data-testid=\"conversation-turn-122\">\n<div class=\"p-4 justify-center text-base md:gap-6 md:py-6 m-auto\">\n<div class=\"flex flex-1 gap-4 text-base mx-auto md:gap-6 gizmo:gap-3 gizmo:md:px-5 gizmo:lg:px-1 gizmo:xl:px-5 md:max-w-2xl lg:max-w-[38rem] gizmo:md:max-w-3xl gizmo:lg:max-w-[40rem] gizmo:xl:max-w-[48rem] xl:max-w-3xl }\">\n<div class=\"relative flex w-[calc(100%-50px)] flex-col gap-1 gizmo:w-full md:gap-3 lg:w-[calc(100%-115px)] agent-turn\">\n<div class=\"flex flex-grow flex-col gap-3 max-w-full\">\n<div class=\"min-h-[20px] flex flex-col items-start gap-3 whitespace-pre-wrap break-words overflow-x-auto\">\n<div class=\"markdown prose w-full break-words dark:prose-invert light\">\n<p style=\"text-align: justify;\">La Sociedad para la Restauraci\u00f3n Ecol\u00f3gica (SER) y la IUFRO presentar\u00e1n un <strong>seminario web<\/strong> sobre los nuevos <strong>Est\u00e1ndares de Pr\u00e1ctica para la Restauraci\u00f3n de Ecosistemas<\/strong>, coeditados con la FAO y la IUCN-CEM, como parte de la D\u00e9cada de las Naciones Unidas para la Restauraci\u00f3n de Ecosistemas. El evento, tendr\u00e1 lugar el pr\u00f3ximo mi\u00e9rcoles <strong>11 de Octubre a las 16h<\/strong>, y ofrecer\u00e1 una visi\u00f3n general de estos est\u00e1ndares y perspectivas cient\u00edficas y pr\u00e1cticas sobre restauraci\u00f3n ecol\u00f3gica forestal.<\/p>\n<p>M\u00e1s informaci\u00f3n:<br \/>\n<a href=\"https:\/\/forest-restoration.eu\/webinar-new-standards-of-practice\/\"><strong>https:\/\/forest-restoration.eu\/webinar-new-standards-of-practice\/<\/strong><\/a><\/p>\n<\/div>\n<\/div>\n<\/div>\n<\/div>\n<\/div>\n<\/div>\n<\/div>\n<\/div>\n<\/div>\n<\/div>\n<\/div>\n","protected":false},"excerpt":{"rendered":"<p>La Sociedad para la Restauraci\u00f3n Ecol\u00f3gica (SER) y la IUFRO presentar\u00e1n un seminario web sobre los nuevos Est\u00e1ndares de Pr\u00e1ctica para la Restauraci\u00f3n de Ecosistemas, coeditados con la FAO y la IUCN-CEM,<a class=\"moretag\" href=\"https:\/\/www.fbycc.org\/index.php\/events\/seminario-web-nuevos-estandares-de-practica-para-la-restauracion-de-ecosistemas-perspectivas-desde-la-ciencia-y-la-practica\/\">Leer m\u00e1s&#8230;<\/a><\/p>\n","protected":false},"author":5,"featured_media":0,"parent":0,"menu_order":0,"comment_status":"closed","ping_status":"closed","template":"","event_listing_category":[],"class_list":["post-3610","event_listing","type-event_listing","status-publish","hentry"],"_links":{"self":[{"href":"https:\/\/www.fbycc.org\/index.php\/wp-json\/wp\/v2\/event_listing\/3610","targetHints":{"allow":["GET"]}}],"collection":[{"href":"https:\/\/www.fbycc.org\/index.php\/wp-json\/wp\/v2\/event_listing"}],"about":[{"href":"https:\/\/www.fbycc.org\/index.php\/wp-json\/wp\/v2\/types\/event_listing"}],"author":[{"embeddable":true,"href":"https:\/\/www.fbycc.org\/index.php\/wp-json\/wp\/v2\/users\/5"}],"replies":[{"embeddable":true,"href":"https:\/\/www.fbycc.org\/index.php\/wp-json\/wp\/v2\/comments?post=3610"}],"wp:attachment":[{"href":"https:\/\/www.fbycc.org\/index.php\/wp-json\/wp\/v2\/media?parent=3610"}],"wp:term":[{"taxonomy":"event_listing_category","embeddable":true,"href":"https:\/\/www.fbycc.org\/index.php\/wp-json\/wp\/v2\/event_listing_category?post=3610"}],"curies":[{"name":"wp","href":"https:\/\/api.w.org\/{rel}","templated":true}]}}

Seminario web: Nuevos Estándares de Práctica para la Restauración de Ecosistemas – Perspectivas desde la Ciencia y la Práctica

<p><img loading="lazy" decoding="async" class="" src="https://forestrestoration-b4f9.kxcdn.com/wp-content/uploads/2023/09/SUPERB-1.png" alt="SUPERB-1" width="555" height="555" /></p>
<div class="flex-1 overflow-hidden">
<div class="react-scroll-to-bottom--css-fqhqd-79elbk h-full dark:bg-gray-800">
<div class="react-scroll-to-bottom--css-fqhqd-1n7m0yu">
<div class="flex flex-col text-sm dark:bg-gray-800">
<div class="group w-full text-token-text-primary border-b border-black/10 gizmo:border-0 dark:border-gray-900/50 gizmo:dark:border-0 bg-gray-50 gizmo:bg-transparent dark:bg-[#444654] gizmo:dark:bg-transparent" data-testid="conversation-turn-122">
<div class="p-4 justify-center text-base md:gap-6 md:py-6 m-auto">
<div class="flex flex-1 gap-4 text-base mx-auto md:gap-6 gizmo:gap-3 gizmo:md:px-5 gizmo:lg:px-1 gizmo:xl:px-5 md:max-w-2xl lg:max-w-[38rem] gizmo:md:max-w-3xl gizmo:lg:max-w-[40rem] gizmo:xl:max-w-[48rem] xl:max-w-3xl }">
<div class="relative flex w-[calc(100%-50px)] flex-col gap-1 gizmo:w-full md:gap-3 lg:w-[calc(100%-115px)] agent-turn">
<div class="flex flex-grow flex-col gap-3 max-w-full">
<div class="min-h-[20px] flex flex-col items-start gap-3 whitespace-pre-wrap break-words overflow-x-auto">
<div class="markdown prose w-full break-words dark:prose-invert light">
<p style="text-align: justify;">La Sociedad para la Restauración Ecológica (SER) y la IUFRO presentarán un <strong>seminario web</strong> sobre los nuevos <strong>Estándares de Práctica para la Restauración de Ecosistemas</strong>, coeditados con la FAO y la IUCN-CEM, como parte de la Década de las Naciones Unidas para la Restauración de Ecosistemas. El evento, tendrá lugar el próximo miércoles <strong>11 de Octubre a las 16h</strong>, y ofrecerá una visión general de estos estándares y perspectivas científicas y prácticas sobre restauración ecológica forestal.</p>
<p>Más información:<br />
<a href="https://forest-restoration.eu/webinar-new-standards-of-practice/"><strong>https://forest-restoration.eu/webinar-new-standards-of-practice/</strong></a></p>
</div>
</div>
</div>
</div>
</div>
</div>
</div>
</div>
</div>
</div>
</div>

<p>La Sociedad para la Restauración Ecológica (SER) y la IUFRO presentarán un seminario web sobre los nuevos Estándares de Práctica para la Restauración de Ecosistemas, coeditados con la FAO y la IUCN-CEM,<a class="moretag" href="https://www.fbycc.org/index.php/events/seminario-web-nuevos-estandares-de-practica-para-la-restauracion-de-ecosistemas-perspectivas-desde-la-ciencia-y-la-practica/">Leer más&#8230;</a></p>
