{"id":3574,"date":"2023-09-21T21:27:47","date_gmt":"2023-09-21T21:27:47","guid":{"rendered":"https:\/\/www.fbycc.org\/?post_type=event_listing&#038;p=3574"},"modified":"2023-09-21T21:27:47","modified_gmt":"2023-09-21T21:27:47","slug":"webinar-impacto-del-reglamento-de-deforestacion-de-la-union-europea-en-el-sector-forestal-gallego","status":"publish","type":"event_listing","link":"https:\/\/www.fbycc.org\/index.php\/events\/webinar-impacto-del-reglamento-de-deforestacion-de-la-union-europea-en-el-sector-forestal-gallego\/","title":{"rendered":"Webinar: Impacto del Reglamento de Deforestaci\u00f3n de la Uni\u00f3n Europea en el Sector Forestal Gallego"},"content":{"rendered":"<p>El <strong>26 de septiembre<\/strong>, PEFC GALICIA llevar\u00e1 a cabo un <strong>webinar<\/strong> destinado a informar sobre el reci\u00e9n implementado <strong>Reglamento de la Uni\u00f3n Europea contra la Deforestaci\u00f3n<\/strong> (EUDR) y a analizar su alcance y repercusiones para las empresas del sector forestal en Galicia.<\/p>\n<p><img loading=\"lazy\" decoding=\"async\" class=\"\" src=\"https:\/\/www.campogalego.gal\/wp-content\/uploads\/2023\/09\/webinar-pefc-2023.jpeg\" alt=\"webinar pefc 2023\" width=\"522\" height=\"739\" \/><\/p>\n<p>Inscripciones en:<br \/>\n<span style=\"font-size: 14pt;\"><strong><a href=\"https:\/\/us06web.zoom.us\/webinar\/register\/WN_UrIDufvMQvybNTzObcs5ZA#\/registration\">https:\/\/us06web.zoom.us\/webinar\/register\/WN_UrIDufvMQvybNTzObcs5ZA#\/registration<\/a><\/strong><\/span><\/p>\n","protected":false},"excerpt":{"rendered":"<p>El 26 de septiembre, PEFC GALICIA llevar\u00e1 a cabo un webinar destinado a informar sobre el reci\u00e9n implementado Reglamento de la Uni\u00f3n Europea contra la Deforestaci\u00f3n (EUDR) y a analizar su alcance<a class=\"moretag\" href=\"https:\/\/www.fbycc.org\/index.php\/events\/webinar-impacto-del-reglamento-de-deforestacion-de-la-union-europea-en-el-sector-forestal-gallego\/\">Leer m\u00e1s&#8230;<\/a><\/p>\n","protected":false},"author":5,"featured_media":0,"parent":0,"menu_order":0,"comment_status":"closed","ping_status":"closed","template":"","event_listing_category":[],"class_list":["post-3574","event_listing","type-event_listing","status-publish","hentry"],"_links":{"self":[{"href":"https:\/\/www.fbycc.org\/index.php\/wp-json\/wp\/v2\/event_listing\/3574","targetHints":{"allow":["GET"]}}],"collection":[{"href":"https:\/\/www.fbycc.org\/index.php\/wp-json\/wp\/v2\/event_listing"}],"about":[{"href":"https:\/\/www.fbycc.org\/index.php\/wp-json\/wp\/v2\/types\/event_listing"}],"author":[{"embeddable":true,"href":"https:\/\/www.fbycc.org\/index.php\/wp-json\/wp\/v2\/users\/5"}],"replies":[{"embeddable":true,"href":"https:\/\/www.fbycc.org\/index.php\/wp-json\/wp\/v2\/comments?post=3574"}],"wp:attachment":[{"href":"https:\/\/www.fbycc.org\/index.php\/wp-json\/wp\/v2\/media?parent=3574"}],"wp:term":[{"taxonomy":"event_listing_category","embeddable":true,"href":"https:\/\/www.fbycc.org\/index.php\/wp-json\/wp\/v2\/event_listing_category?post=3574"}],"curies":[{"name":"wp","href":"https:\/\/api.w.org\/{rel}","templated":true}]}}

Webinar: Impacto del Reglamento de Deforestación de la Unión Europea en el Sector Forestal Gallego

<p>El <strong>26 de septiembre</strong>, PEFC GALICIA llevará a cabo un <strong>webinar</strong> destinado a informar sobre el recién implementado <strong>Reglamento de la Unión Europea contra la Deforestación</strong> (EUDR) y a analizar su alcance y repercusiones para las empresas del sector forestal en Galicia.</p>
<p><img loading="lazy" decoding="async" class="" src="https://www.campogalego.gal/wp-content/uploads/2023/09/webinar-pefc-2023.jpeg" alt="webinar pefc 2023" width="522" height="739" /></p>
<p>Inscripciones en:<br />
<span style="font-size: 14pt;"><strong><a href="https://us06web.zoom.us/webinar/register/WN_UrIDufvMQvybNTzObcs5ZA#/registration">https://us06web.zoom.us/webinar/register/WN_UrIDufvMQvybNTzObcs5ZA#/registration</a></strong></span></p>

<p>El 26 de septiembre, PEFC GALICIA llevará a cabo un webinar destinado a informar sobre el recién implementado Reglamento de la Unión Europea contra la Deforestación (EUDR) y a analizar su alcance<a class="moretag" href="https://www.fbycc.org/index.php/events/webinar-impacto-del-reglamento-de-deforestacion-de-la-union-europea-en-el-sector-forestal-gallego/">Leer más&#8230;</a></p>
