{"id":3570,"date":"2023-09-21T14:34:37","date_gmt":"2023-09-21T14:34:37","guid":{"rendered":"https:\/\/www.fbycc.org\/?post_type=event_listing&#038;p=3570"},"modified":"2023-09-21T14:34:37","modified_gmt":"2023-09-21T14:34:37","slug":"iii-salon-del-gas-renovable-biogas-y-biometano","status":"publish","type":"event_listing","link":"https:\/\/www.fbycc.org\/index.php\/events\/iii-salon-del-gas-renovable-biogas-y-biometano\/","title":{"rendered":"III Sal\u00f3n del Gas Renovable: #BIOGAS y #BIOMETANO"},"content":{"rendered":"<p><img loading=\"lazy\" decoding=\"async\" class=\"alignnone size-full wp-image-3571\" src=\"https:\/\/www.fbycc.org\/wp-content\/uploads\/2023\/09\/Captura-de-pantalla-2023-09-21-163015.png\" alt=\"\" width=\"1273\" height=\"388\" srcset=\"https:\/\/www.fbycc.org\/wp-content\/uploads\/2023\/09\/Captura-de-pantalla-2023-09-21-163015.png 1273w, https:\/\/www.fbycc.org\/wp-content\/uploads\/2023\/09\/Captura-de-pantalla-2023-09-21-163015-300x91.png 300w, https:\/\/www.fbycc.org\/wp-content\/uploads\/2023\/09\/Captura-de-pantalla-2023-09-21-163015-1024x312.png 1024w, https:\/\/www.fbycc.org\/wp-content\/uploads\/2023\/09\/Captura-de-pantalla-2023-09-21-163015-768x234.png 768w\" sizes=\"auto, (max-width: 1273px) 100vw, 1273px\" \/><\/p>\n<p>El pr\u00f3ximo <strong>3 y 4 de octubre<\/strong> se llevar\u00e1 a cabo el <strong>III Sal\u00f3n del Gas Renovable<\/strong> en la Feria de Valladolid, siendo el epicentro de la industria de #BIOGAS y #BIOMETANO en Espa\u00f1a. Con 212 expositores confirmados y m\u00e1s de 1.500 visitantes ya acreditados, este evento es una oportunidad fundamental para quienes deseen adentrarse en la producci\u00f3n de biog\u00e1s y biometano, aprovechando la creciente demanda del mercado. El precio de entrada es de 10\u20ac.<\/p>\n<p>Mas informaci\u00f3n en:<br \/>\n<span style=\"font-size: 14pt;\"><strong><a href=\"https:\/\/www.salondelgasrenovable.com\/es\">https:\/\/www.salondelgasrenovable.com\/es<\/a><\/strong><\/span><\/p>\n","protected":false},"excerpt":{"rendered":"<p>El pr\u00f3ximo 3 y 4 de octubre se llevar\u00e1 a cabo el III Sal\u00f3n del Gas Renovable en la Feria de Valladolid, siendo el epicentro de la industria de #BIOGAS y #BIOMETANO<a class=\"moretag\" href=\"https:\/\/www.fbycc.org\/index.php\/events\/iii-salon-del-gas-renovable-biogas-y-biometano\/\">Leer m\u00e1s&#8230;<\/a><\/p>\n","protected":false},"author":5,"featured_media":0,"parent":0,"menu_order":0,"comment_status":"closed","ping_status":"closed","template":"","event_listing_category":[],"class_list":["post-3570","event_listing","type-event_listing","status-publish","hentry"],"_links":{"self":[{"href":"https:\/\/www.fbycc.org\/index.php\/wp-json\/wp\/v2\/event_listing\/3570","targetHints":{"allow":["GET"]}}],"collection":[{"href":"https:\/\/www.fbycc.org\/index.php\/wp-json\/wp\/v2\/event_listing"}],"about":[{"href":"https:\/\/www.fbycc.org\/index.php\/wp-json\/wp\/v2\/types\/event_listing"}],"author":[{"embeddable":true,"href":"https:\/\/www.fbycc.org\/index.php\/wp-json\/wp\/v2\/users\/5"}],"replies":[{"embeddable":true,"href":"https:\/\/www.fbycc.org\/index.php\/wp-json\/wp\/v2\/comments?post=3570"}],"wp:attachment":[{"href":"https:\/\/www.fbycc.org\/index.php\/wp-json\/wp\/v2\/media?parent=3570"}],"wp:term":[{"taxonomy":"event_listing_category","embeddable":true,"href":"https:\/\/www.fbycc.org\/index.php\/wp-json\/wp\/v2\/event_listing_category?post=3570"}],"curies":[{"name":"wp","href":"https:\/\/api.w.org\/{rel}","templated":true}]}}

III Salón del Gas Renovable: #BIOGAS y #BIOMETANO

<p><img loading="lazy" decoding="async" class="alignnone size-full wp-image-3571" src="https://www.fbycc.org/wp-content/uploads/2023/09/Captura-de-pantalla-2023-09-21-163015.png" alt="" width="1273" height="388" srcset="https://www.fbycc.org/wp-content/uploads/2023/09/Captura-de-pantalla-2023-09-21-163015.png 1273w, https://www.fbycc.org/wp-content/uploads/2023/09/Captura-de-pantalla-2023-09-21-163015-300x91.png 300w, https://www.fbycc.org/wp-content/uploads/2023/09/Captura-de-pantalla-2023-09-21-163015-1024x312.png 1024w, https://www.fbycc.org/wp-content/uploads/2023/09/Captura-de-pantalla-2023-09-21-163015-768x234.png 768w" sizes="auto, (max-width: 1273px) 100vw, 1273px" /></p>
<p>El próximo <strong>3 y 4 de octubre</strong> se llevará a cabo el <strong>III Salón del Gas Renovable</strong> en la Feria de Valladolid, siendo el epicentro de la industria de #BIOGAS y #BIOMETANO en España. Con 212 expositores confirmados y más de 1.500 visitantes ya acreditados, este evento es una oportunidad fundamental para quienes deseen adentrarse en la producción de biogás y biometano, aprovechando la creciente demanda del mercado. El precio de entrada es de 10€.</p>
<p>Mas información en:<br />
<span style="font-size: 14pt;"><strong><a href="https://www.salondelgasrenovable.com/es">https://www.salondelgasrenovable.com/es</a></strong></span></p>

<p>El próximo 3 y 4 de octubre se llevará a cabo el III Salón del Gas Renovable en la Feria de Valladolid, siendo el epicentro de la industria de #BIOGAS y #BIOMETANO<a class="moretag" href="https://www.fbycc.org/index.php/events/iii-salon-del-gas-renovable-biogas-y-biometano/">Leer más&#8230;</a></p>
