{"id":3567,"date":"2023-09-16T15:44:23","date_gmt":"2023-09-16T15:44:23","guid":{"rendered":"https:\/\/www.fbycc.org\/?post_type=event_listing&#038;p=3567"},"modified":"2023-09-16T15:44:23","modified_gmt":"2023-09-16T15:44:23","slug":"internet-de-las-cosas-en-la-gestion-de-los-recursos-naturales-y-la-biodiversidad","status":"publish","type":"event_listing","link":"https:\/\/www.fbycc.org\/index.php\/events\/internet-de-las-cosas-en-la-gestion-de-los-recursos-naturales-y-la-biodiversidad\/","title":{"rendered":"Internet de las Cosas en la gesti\u00f3n de los recursos naturales y la biodiversidad"},"content":{"rendered":"<p><img loading=\"lazy\" decoding=\"async\" class=\"\" src=\"https:\/\/www.pfcyl.es\/sites\/default\/files\/iotbv81.gif\" width=\"538\" height=\"343\" \/><\/p>\n<p>El pr\u00f3ximo <strong>28 y 29 de septiembre<\/strong> se realizar\u00e1 en Soria el <strong>IoT Bosques 2023<\/strong>, un evento organizado por el Instituto de Competitividad Empresarial de Castilla y Le\u00f3n (ICE) en colaboraci\u00f3n con Cesefor.<\/p>\n<p>Es una oportunidad para que profesionales de diversos campos, incluyendo la consultor\u00eda forestal, la inform\u00e1tica y las telecomunicaciones, se re\u00fanan, compartan conocimientos y discutan c\u00f3mo la tecnolog\u00eda Internet de las Cosas (IoT) est\u00e1 transformando la gesti\u00f3n sostenible de los recursos naturales y la conservaci\u00f3n de los bosques.<\/p>\n<p>M\u00e1s informaci\u00f3n en:<br \/>\n<span style=\"font-size: 14pt;\"><strong><a href=\"https:\/\/www.pfcyl.es\/evento\/iot-bosques-2023\">https:\/\/www.pfcyl.es\/evento\/iot-bosques-2023<\/a><\/strong><\/span><\/p>\n","protected":false},"excerpt":{"rendered":"<p>El pr\u00f3ximo 28 y 29 de septiembre se realizar\u00e1 en Soria el IoT Bosques 2023, un evento organizado por el Instituto de Competitividad Empresarial de Castilla y Le\u00f3n (ICE) en colaboraci\u00f3n con<a class=\"moretag\" href=\"https:\/\/www.fbycc.org\/index.php\/events\/internet-de-las-cosas-en-la-gestion-de-los-recursos-naturales-y-la-biodiversidad\/\">Leer m\u00e1s&#8230;<\/a><\/p>\n","protected":false},"author":5,"featured_media":0,"parent":0,"menu_order":0,"comment_status":"closed","ping_status":"closed","template":"","event_listing_category":[],"class_list":["post-3567","event_listing","type-event_listing","status-publish","hentry"],"_links":{"self":[{"href":"https:\/\/www.fbycc.org\/index.php\/wp-json\/wp\/v2\/event_listing\/3567","targetHints":{"allow":["GET"]}}],"collection":[{"href":"https:\/\/www.fbycc.org\/index.php\/wp-json\/wp\/v2\/event_listing"}],"about":[{"href":"https:\/\/www.fbycc.org\/index.php\/wp-json\/wp\/v2\/types\/event_listing"}],"author":[{"embeddable":true,"href":"https:\/\/www.fbycc.org\/index.php\/wp-json\/wp\/v2\/users\/5"}],"replies":[{"embeddable":true,"href":"https:\/\/www.fbycc.org\/index.php\/wp-json\/wp\/v2\/comments?post=3567"}],"wp:attachment":[{"href":"https:\/\/www.fbycc.org\/index.php\/wp-json\/wp\/v2\/media?parent=3567"}],"wp:term":[{"taxonomy":"event_listing_category","embeddable":true,"href":"https:\/\/www.fbycc.org\/index.php\/wp-json\/wp\/v2\/event_listing_category?post=3567"}],"curies":[{"name":"wp","href":"https:\/\/api.w.org\/{rel}","templated":true}]}}

Internet de las Cosas en la gestión de los recursos naturales y la biodiversidad

<p><img loading="lazy" decoding="async" class="" src="https://www.pfcyl.es/sites/default/files/iotbv81.gif" width="538" height="343" /></p>
<p>El próximo <strong>28 y 29 de septiembre</strong> se realizará en Soria el <strong>IoT Bosques 2023</strong>, un evento organizado por el Instituto de Competitividad Empresarial de Castilla y León (ICE) en colaboración con Cesefor.</p>
<p>Es una oportunidad para que profesionales de diversos campos, incluyendo la consultoría forestal, la informática y las telecomunicaciones, se reúnan, compartan conocimientos y discutan cómo la tecnología Internet de las Cosas (IoT) está transformando la gestión sostenible de los recursos naturales y la conservación de los bosques.</p>
<p>Más información en:<br />
<span style="font-size: 14pt;"><strong><a href="https://www.pfcyl.es/evento/iot-bosques-2023">https://www.pfcyl.es/evento/iot-bosques-2023</a></strong></span></p>

<p>El próximo 28 y 29 de septiembre se realizará en Soria el IoT Bosques 2023, un evento organizado por el Instituto de Competitividad Empresarial de Castilla y León (ICE) en colaboración con<a class="moretag" href="https://www.fbycc.org/index.php/events/internet-de-las-cosas-en-la-gestion-de-los-recursos-naturales-y-la-biodiversidad/">Leer más&#8230;</a></p>
