{"id":3538,"date":"2023-09-11T14:00:41","date_gmt":"2023-09-11T14:00:41","guid":{"rendered":"https:\/\/www.fbycc.org\/?post_type=event_listing&#038;p=3538"},"modified":"2023-09-11T14:00:41","modified_gmt":"2023-09-11T14:00:41","slug":"2-o-congres-bit-2023-el-congreso-de-referencia-en-cataluna-de-la-bioeconomia-innovacion-y-tecnologia","status":"publish","type":"event_listing","link":"https:\/\/www.fbycc.org\/index.php\/events\/2-o-congres-bit-2023-el-congreso-de-referencia-en-cataluna-de-la-bioeconomia-innovacion-y-tecnologia\/","title":{"rendered":"2.\u00ba CONGR\u00c9S BIT 2023: El Congreso de Referencia en Catalu\u00f1a de la Bioeconom\u00eda, Innovaci\u00f3n y Tecnolog\u00eda"},"content":{"rendered":"<p><img loading=\"lazy\" decoding=\"async\" class=\"alignnone size-full wp-image-3540\" src=\"https:\/\/www.fbycc.org\/wp-content\/uploads\/2023\/09\/756c6056-6a73-4f32-8056-42cde733fb75-2.png\" alt=\"\" width=\"1504\" height=\"808\" srcset=\"https:\/\/www.fbycc.org\/wp-content\/uploads\/2023\/09\/756c6056-6a73-4f32-8056-42cde733fb75-2.png 1504w, https:\/\/www.fbycc.org\/wp-content\/uploads\/2023\/09\/756c6056-6a73-4f32-8056-42cde733fb75-2-300x161.png 300w, https:\/\/www.fbycc.org\/wp-content\/uploads\/2023\/09\/756c6056-6a73-4f32-8056-42cde733fb75-2-1024x550.png 1024w, https:\/\/www.fbycc.org\/wp-content\/uploads\/2023\/09\/756c6056-6a73-4f32-8056-42cde733fb75-2-768x413.png 768w\" sizes=\"auto, (max-width: 1504px) 100vw, 1504px\" \/><\/p>\n<p>El <strong>2.\u00ba Congr\u00e9s BIT<\/strong>, que se llevar\u00e1 a cabo los d\u00edas <strong>28 y 29 de septiembre en Lleida<\/strong>, se consolida como el evento l\u00edder en Catalu\u00f1a para explorar las tendencias, innovaciones y proyectos empresariales relacionados con la <em>bioeconom\u00eda<\/em>. Este congreso representa un espacio fundamental para el intercambio de conocimientos y experiencias entre empresas, centros tecnol\u00f3gicos, investigadores, emprendedores y startups, con el objetivo de fortalecer el ecosistema y potenciar la capacidad transformadora de estos sectores.<\/p>\n<p>Durante este evento, se abordar\u00e1n temas clave que impulsar\u00e1n la innovaci\u00f3n y el avance tecnol\u00f3gico en la bioeconom\u00eda, contribuyendo as\u00ed a crear riqueza, oportunidades de empleo y promover los Objetivos de Desarrollo Sostenible (ODS).<\/p>\n<p>Para obtener m\u00e1s informaci\u00f3n, visita:<br \/>\n<span style=\"color: #ffcc00;\"><strong><a style=\"color: #ffcc00;\" href=\"https:\/\/www.congresbit.cat\/es\/congres-bit\/\">https:\/\/www.congresbit.cat\/es\/congres-bit\/<\/a><\/strong><\/span><\/p>\n","protected":false},"excerpt":{"rendered":"<p>El 2.\u00ba Congr\u00e9s BIT, que se llevar\u00e1 a cabo los d\u00edas 28 y 29 de septiembre en Lleida, se consolida como el evento l\u00edder en Catalu\u00f1a para explorar las tendencias, innovaciones y<a class=\"moretag\" href=\"https:\/\/www.fbycc.org\/index.php\/events\/2-o-congres-bit-2023-el-congreso-de-referencia-en-cataluna-de-la-bioeconomia-innovacion-y-tecnologia\/\">Leer m\u00e1s&#8230;<\/a><\/p>\n","protected":false},"author":5,"featured_media":0,"parent":0,"menu_order":0,"comment_status":"closed","ping_status":"closed","template":"","event_listing_category":[],"class_list":["post-3538","event_listing","type-event_listing","status-publish","hentry"],"_links":{"self":[{"href":"https:\/\/www.fbycc.org\/index.php\/wp-json\/wp\/v2\/event_listing\/3538","targetHints":{"allow":["GET"]}}],"collection":[{"href":"https:\/\/www.fbycc.org\/index.php\/wp-json\/wp\/v2\/event_listing"}],"about":[{"href":"https:\/\/www.fbycc.org\/index.php\/wp-json\/wp\/v2\/types\/event_listing"}],"author":[{"embeddable":true,"href":"https:\/\/www.fbycc.org\/index.php\/wp-json\/wp\/v2\/users\/5"}],"replies":[{"embeddable":true,"href":"https:\/\/www.fbycc.org\/index.php\/wp-json\/wp\/v2\/comments?post=3538"}],"wp:attachment":[{"href":"https:\/\/www.fbycc.org\/index.php\/wp-json\/wp\/v2\/media?parent=3538"}],"wp:term":[{"taxonomy":"event_listing_category","embeddable":true,"href":"https:\/\/www.fbycc.org\/index.php\/wp-json\/wp\/v2\/event_listing_category?post=3538"}],"curies":[{"name":"wp","href":"https:\/\/api.w.org\/{rel}","templated":true}]}}

2.º CONGRÉS BIT 2023: El Congreso de Referencia en Cataluña de la Bioeconomía, Innovación y Tecnología

<p><img loading="lazy" decoding="async" class="alignnone size-full wp-image-3540" src="https://www.fbycc.org/wp-content/uploads/2023/09/756c6056-6a73-4f32-8056-42cde733fb75-2.png" alt="" width="1504" height="808" srcset="https://www.fbycc.org/wp-content/uploads/2023/09/756c6056-6a73-4f32-8056-42cde733fb75-2.png 1504w, https://www.fbycc.org/wp-content/uploads/2023/09/756c6056-6a73-4f32-8056-42cde733fb75-2-300x161.png 300w, https://www.fbycc.org/wp-content/uploads/2023/09/756c6056-6a73-4f32-8056-42cde733fb75-2-1024x550.png 1024w, https://www.fbycc.org/wp-content/uploads/2023/09/756c6056-6a73-4f32-8056-42cde733fb75-2-768x413.png 768w" sizes="auto, (max-width: 1504px) 100vw, 1504px" /></p>
<p>El <strong>2.º Congrés BIT</strong>, que se llevará a cabo los días <strong>28 y 29 de septiembre en Lleida</strong>, se consolida como el evento líder en Cataluña para explorar las tendencias, innovaciones y proyectos empresariales relacionados con la <em>bioeconomía</em>. Este congreso representa un espacio fundamental para el intercambio de conocimientos y experiencias entre empresas, centros tecnológicos, investigadores, emprendedores y startups, con el objetivo de fortalecer el ecosistema y potenciar la capacidad transformadora de estos sectores.</p>
<p>Durante este evento, se abordarán temas clave que impulsarán la innovación y el avance tecnológico en la bioeconomía, contribuyendo así a crear riqueza, oportunidades de empleo y promover los Objetivos de Desarrollo Sostenible (ODS).</p>
<p>Para obtener más información, visita:<br />
<span style="color: #ffcc00;"><strong><a style="color: #ffcc00;" href="https://www.congresbit.cat/es/congres-bit/">https://www.congresbit.cat/es/congres-bit/</a></strong></span></p>

<p>El 2.º Congrés BIT, que se llevará a cabo los días 28 y 29 de septiembre en Lleida, se consolida como el evento líder en Cataluña para explorar las tendencias, innovaciones y<a class="moretag" href="https://www.fbycc.org/index.php/events/2-o-congres-bit-2023-el-congreso-de-referencia-en-cataluna-de-la-bioeconomia-innovacion-y-tecnologia/">Leer más&#8230;</a></p>
