{"id":3462,"date":"2023-08-17T10:29:09","date_gmt":"2023-08-17T10:29:09","guid":{"rendered":"https:\/\/www.fbycc.org\/?post_type=event_listing&#038;p=3462"},"modified":"2023-08-17T10:29:09","modified_gmt":"2023-08-17T10:29:09","slug":"16o-congreso-internacional-de-bioenergia-valladolid","status":"publish","type":"event_listing","link":"https:\/\/www.fbycc.org\/index.php\/events\/16o-congreso-internacional-de-bioenergia-valladolid\/","title":{"rendered":"16\u00ba Congreso Internacional de Bioenerg\u00eda | Valladolid"},"content":{"rendered":"<p>Los d\u00edas 3 y 4 de octubre se llevar\u00e1 a cabo en Valladolid el <strong>16\u00ba Congreso Internacional de Bioenerg\u00eda<\/strong>. Organizado por AVEBIOM, este evento anual re\u00fane a profesionales del sector para compartir conocimientos clave e innovadores. Con el sector del biog\u00e1s y biometano en su punto m\u00e1s destacado hasta ahora en Espa\u00f1a, este congreso proporciona un espacio interesante de encuentro para profesionales e inversores, donde se abordar\u00e1n cuestiones t\u00e9cnicas, financieras y de tr\u00e1mite esenciales para sus proyectos.<\/p>\n<p>Para m\u00e1s informaci\u00f3n e inscripciones, visita\u00a0<span style=\"font-size: 14pt;\"><strong><a href=\"https:\/\/www.congresobioenergia.org\/\">https:\/\/www.congresobioenergia.org\/<\/a><\/strong><\/span><\/p>\n","protected":false},"excerpt":{"rendered":"<p>Los d\u00edas 3 y 4 de octubre se llevar\u00e1 a cabo en Valladolid el 16\u00ba Congreso Internacional de Bioenerg\u00eda. Organizado por AVEBIOM, este evento anual re\u00fane a profesionales del sector para compartir<a class=\"moretag\" href=\"https:\/\/www.fbycc.org\/index.php\/events\/16o-congreso-internacional-de-bioenergia-valladolid\/\">Leer m\u00e1s&#8230;<\/a><\/p>\n","protected":false},"author":5,"featured_media":0,"parent":0,"menu_order":0,"comment_status":"open","ping_status":"closed","template":"","event_listing_category":[],"class_list":["post-3462","event_listing","type-event_listing","status-publish","hentry"],"_links":{"self":[{"href":"https:\/\/www.fbycc.org\/index.php\/wp-json\/wp\/v2\/event_listing\/3462","targetHints":{"allow":["GET"]}}],"collection":[{"href":"https:\/\/www.fbycc.org\/index.php\/wp-json\/wp\/v2\/event_listing"}],"about":[{"href":"https:\/\/www.fbycc.org\/index.php\/wp-json\/wp\/v2\/types\/event_listing"}],"author":[{"embeddable":true,"href":"https:\/\/www.fbycc.org\/index.php\/wp-json\/wp\/v2\/users\/5"}],"replies":[{"embeddable":true,"href":"https:\/\/www.fbycc.org\/index.php\/wp-json\/wp\/v2\/comments?post=3462"}],"wp:attachment":[{"href":"https:\/\/www.fbycc.org\/index.php\/wp-json\/wp\/v2\/media?parent=3462"}],"wp:term":[{"taxonomy":"event_listing_category","embeddable":true,"href":"https:\/\/www.fbycc.org\/index.php\/wp-json\/wp\/v2\/event_listing_category?post=3462"}],"curies":[{"name":"wp","href":"https:\/\/api.w.org\/{rel}","templated":true}]}}

16º Congreso Internacional de Bioenergía | Valladolid

<p>Los días 3 y 4 de octubre se llevará a cabo en Valladolid el <strong>16º Congreso Internacional de Bioenergía</strong>. Organizado por AVEBIOM, este evento anual reúne a profesionales del sector para compartir conocimientos clave e innovadores. Con el sector del biogás y biometano en su punto más destacado hasta ahora en España, este congreso proporciona un espacio interesante de encuentro para profesionales e inversores, donde se abordarán cuestiones técnicas, financieras y de trámite esenciales para sus proyectos.</p>
<p>Para más información e inscripciones, visita <span style="font-size: 14pt;"><strong><a href="https://www.congresobioenergia.org/">https://www.congresobioenergia.org/</a></strong></span></p>

<p>Los días 3 y 4 de octubre se llevará a cabo en Valladolid el 16º Congreso Internacional de Bioenergía. Organizado por AVEBIOM, este evento anual reúne a profesionales del sector para compartir<a class="moretag" href="https://www.fbycc.org/index.php/events/16o-congreso-internacional-de-bioenergia-valladolid/">Leer más&#8230;</a></p>
