{"id":3460,"date":"2023-08-17T10:10:24","date_gmt":"2023-08-17T10:10:24","guid":{"rendered":"https:\/\/www.fbycc.org\/?post_type=event_listing&#038;p=3460"},"modified":"2023-08-17T10:30:19","modified_gmt":"2023-08-17T10:30:19","slug":"2023-annual-conference-european-forest-institute","status":"publish","type":"event_listing","link":"https:\/\/www.fbycc.org\/index.php\/events\/2023-annual-conference-european-forest-institute\/","title":{"rendered":"2023 Annual Conference | European Forest Institute"},"content":{"rendered":"<p>The upcoming <strong>EFI 2023 Annual Conference<\/strong> will take place from September 20th to 22nd in the picturesque city of Novi Sad, Serbia.<\/p>\n<p>Under the theme <em>&#8216;European forests and forest science: transition to the future&#8217;<\/em>, the EFI invites us to be part of this engaging scientific seminar, promising to be a remarkable convergence of forestry minds.<br \/>\nThe event is collaboratively organized with the Institute of Lowland Forestry and Environment, City of Novi Sad, and Public Forest Enterprise Vojvodina\u0161ume.<\/p>\n<p>___________________________________________________________<\/p>\n<p>Entre el 20 y 22 de septiembre la pintoresca ciudad de Novi Sad (Serbia) acoger\u00e1 la <strong>Conferencia Anual de la EFI 2023<\/strong>.<\/p>\n<p>Bajo el tema <em>&#8216;Bosques europeos y ciencia forestal: transici\u00f3n hacia el futuro&#8217;<\/em>, la EFI nos invita a ser parte de este interesante seminario cient\u00edfico, prometiendo ser un destacado encuentro de mentes forestales.<br \/>\nEl evento est\u00e1 organizado en colaboraci\u00f3n con el Institute of Lowland Forestry and Environment, la Ciudad de Novi Sad y la Public Forest Enterprise Vojvodina\u0161ume.<\/p>\n<p><strong><span style=\"font-size: 14pt;\"><a href=\"https:\/\/efi.int\/membership\/ac\/2023\">https:\/\/efi.int\/membership\/ac\/2023<\/a><\/span><\/strong><\/p>\n","protected":false},"excerpt":{"rendered":"<p>The upcoming EFI 2023 Annual Conference will take place from September 20th to 22nd in the picturesque city of Novi Sad, Serbia. Under the theme &#8216;European forests and forest science: transition to<a class=\"moretag\" href=\"https:\/\/www.fbycc.org\/index.php\/events\/2023-annual-conference-european-forest-institute\/\">Leer m\u00e1s&#8230;<\/a><\/p>\n","protected":false},"author":5,"featured_media":0,"parent":0,"menu_order":0,"comment_status":"open","ping_status":"closed","template":"","event_listing_category":[],"class_list":["post-3460","event_listing","type-event_listing","status-publish","hentry"],"_links":{"self":[{"href":"https:\/\/www.fbycc.org\/index.php\/wp-json\/wp\/v2\/event_listing\/3460","targetHints":{"allow":["GET"]}}],"collection":[{"href":"https:\/\/www.fbycc.org\/index.php\/wp-json\/wp\/v2\/event_listing"}],"about":[{"href":"https:\/\/www.fbycc.org\/index.php\/wp-json\/wp\/v2\/types\/event_listing"}],"author":[{"embeddable":true,"href":"https:\/\/www.fbycc.org\/index.php\/wp-json\/wp\/v2\/users\/5"}],"replies":[{"embeddable":true,"href":"https:\/\/www.fbycc.org\/index.php\/wp-json\/wp\/v2\/comments?post=3460"}],"wp:attachment":[{"href":"https:\/\/www.fbycc.org\/index.php\/wp-json\/wp\/v2\/media?parent=3460"}],"wp:term":[{"taxonomy":"event_listing_category","embeddable":true,"href":"https:\/\/www.fbycc.org\/index.php\/wp-json\/wp\/v2\/event_listing_category?post=3460"}],"curies":[{"name":"wp","href":"https:\/\/api.w.org\/{rel}","templated":true}]}}

<p>The upcoming <strong>EFI 2023 Annual Conference</strong> will take place from September 20th to 22nd in the picturesque city of Novi Sad, Serbia.</p>
<p>Under the theme <em>&#8216;European forests and forest science: transition to the future&#8217;</em>, the EFI invites us to be part of this engaging scientific seminar, promising to be a remarkable convergence of forestry minds.<br />
The event is collaboratively organized with the Institute of Lowland Forestry and Environment, City of Novi Sad, and Public Forest Enterprise Vojvodinašume.</p>
<p>___________________________________________________________</p>
<p>Entre el 20 y 22 de septiembre la pintoresca ciudad de Novi Sad (Serbia) acogerá la <strong>Conferencia Anual de la EFI 2023</strong>.</p>
<p>Bajo el tema <em>&#8216;Bosques europeos y ciencia forestal: transición hacia el futuro&#8217;</em>, la EFI nos invita a ser parte de este interesante seminario científico, prometiendo ser un destacado encuentro de mentes forestales.<br />
El evento está organizado en colaboración con el Institute of Lowland Forestry and Environment, la Ciudad de Novi Sad y la Public Forest Enterprise Vojvodinašume.</p>
<p><strong><span style="font-size: 14pt;"><a href="https://efi.int/membership/ac/2023">https://efi.int/membership/ac/2023</a></span></strong></p>

<p>The upcoming EFI 2023 Annual Conference will take place from September 20th to 22nd in the picturesque city of Novi Sad, Serbia. Under the theme &#8216;European forests and forest science: transition to<a class="moretag" href="https://www.fbycc.org/index.php/events/2023-annual-conference-european-forest-institute/">Leer más&#8230;</a></p>
