{"id":2850,"date":"2022-07-23T00:38:15","date_gmt":"2022-07-23T00:38:15","guid":{"rendered":"https:\/\/www.fbycc.org\/?post_type=event_listing&#038;p=2850"},"modified":"2022-10-02T21:49:54","modified_gmt":"2022-10-02T21:49:54","slug":"congreso-internacional-de-bioenergia-2022","status":"publish","type":"event_listing","link":"https:\/\/www.fbycc.org\/index.php\/events\/congreso-internacional-de-bioenergia-2022\/","title":{"rendered":"CONGRESO INTERNACIONAL DE BIOENERG\u00cdA 2022"},"content":{"rendered":"<p style=\"text-align: justify;\">Los d\u00edas 5 y 6 de octubre de 2022 tendr\u00e1 lugar en Valladolid la 15\u00aa edici\u00f3n del Congreso Internacional de Bioenerg\u00eda.<\/p>\n<p style=\"text-align: justify;\">En esta nueva edici\u00f3n del evento l\u00edder especializado del sector en espa\u00f1ol que centrar\u00e1n todas sus ponencias y actividades entorno a la\u00a0<strong>producci\u00f3n de biog\u00e1s, el biometano y el gas renovable en general.<\/strong><\/p>\n<p style=\"text-align: justify;\">Es el encuentro organizado por AVEBIOM de forma anual con el fin de recopilar y difundir el conocimiento clave e innovador necesario para los profesionales del sector.<\/p>\n<p style=\"text-align: center;\"><strong>\u00a0&gt;&gt; <a href=\"https:\/\/www.congresobioenergia.org\/\" target=\"_blank\" rel=\"noopener\">ACREDITACI\u00d3N Y PROGRAMA<\/a> &lt;&lt;<\/strong><\/p>\n","protected":false},"excerpt":{"rendered":"<p>Los d\u00edas 5 y 6 de octubre de 2022 tendr\u00e1 lugar en Valladolid la 15\u00aa edici\u00f3n del Congreso Internacional de Bioenerg\u00eda. En esta nueva edici\u00f3n del evento l\u00edder especializado del sector en<a class=\"moretag\" href=\"https:\/\/www.fbycc.org\/index.php\/events\/congreso-internacional-de-bioenergia-2022\/\">Leer m\u00e1s&#8230;<\/a><\/p>\n","protected":false},"author":2,"featured_media":2851,"parent":0,"menu_order":0,"comment_status":"closed","ping_status":"closed","template":"","event_listing_category":[],"class_list":["post-2850","event_listing","type-event_listing","status-publish","has-post-thumbnail","hentry"],"_links":{"self":[{"href":"https:\/\/www.fbycc.org\/index.php\/wp-json\/wp\/v2\/event_listing\/2850","targetHints":{"allow":["GET"]}}],"collection":[{"href":"https:\/\/www.fbycc.org\/index.php\/wp-json\/wp\/v2\/event_listing"}],"about":[{"href":"https:\/\/www.fbycc.org\/index.php\/wp-json\/wp\/v2\/types\/event_listing"}],"author":[{"embeddable":true,"href":"https:\/\/www.fbycc.org\/index.php\/wp-json\/wp\/v2\/users\/2"}],"replies":[{"embeddable":true,"href":"https:\/\/www.fbycc.org\/index.php\/wp-json\/wp\/v2\/comments?post=2850"}],"wp:featuredmedia":[{"embeddable":true,"href":"https:\/\/www.fbycc.org\/index.php\/wp-json\/wp\/v2\/media\/2851"}],"wp:attachment":[{"href":"https:\/\/www.fbycc.org\/index.php\/wp-json\/wp\/v2\/media?parent=2850"}],"wp:term":[{"taxonomy":"event_listing_category","embeddable":true,"href":"https:\/\/www.fbycc.org\/index.php\/wp-json\/wp\/v2\/event_listing_category?post=2850"}],"curies":[{"name":"wp","href":"https:\/\/api.w.org\/{rel}","templated":true}]}}

CONGRESO INTERNACIONAL DE BIOENERGÍA 2022

<p style="text-align: justify;">Los días 5 y 6 de octubre de 2022 tendrá lugar en Valladolid la 15ª edición del Congreso Internacional de Bioenergía.</p>
<p style="text-align: justify;">En esta nueva edición del evento líder especializado del sector en español que centrarán todas sus ponencias y actividades entorno a la <strong>producción de biogás, el biometano y el gas renovable en general.</strong></p>
<p style="text-align: justify;">Es el encuentro organizado por AVEBIOM de forma anual con el fin de recopilar y difundir el conocimiento clave e innovador necesario para los profesionales del sector.</p>
<p style="text-align: center;"><strong> &gt;&gt; <a href="https://www.congresobioenergia.org/" target="_blank" rel="noopener">ACREDITACIÓN Y PROGRAMA</a> &lt;&lt;</strong></p>

<p>Los días 5 y 6 de octubre de 2022 tendrá lugar en Valladolid la 15ª edición del Congreso Internacional de Bioenergía. En esta nueva edición del evento líder especializado del sector en<a class="moretag" href="https://www.fbycc.org/index.php/events/congreso-internacional-de-bioenergia-2022/">Leer más&#8230;</a></p>
