{"id":2701,"date":"2022-04-24T18:19:00","date_gmt":"2022-04-24T18:19:00","guid":{"rendered":"https:\/\/www.fbycc.org\/?post_type=event_listing&#038;p=2701"},"modified":"2022-04-24T18:19:00","modified_gmt":"2022-04-24T18:19:00","slug":"xv-world-forestry-congress","status":"publish","type":"event_listing","link":"https:\/\/www.fbycc.org\/index.php\/events\/xv-world-forestry-congress\/","title":{"rendered":"XV WORLD FORESTRY CONGRESS"},"content":{"rendered":"<p><img loading=\"lazy\" decoding=\"async\" class=\"alignnone size-large\" src=\"https:\/\/www.unredd.net\/images\/stories\/WFC2021_-_WEB_BANNER_-_EN.jpg\" width=\"3942\" height=\"876\" \/><\/p>\n<p style=\"text-align: justify;\">El XV Congreso Forestal Mundial El XV Congreso ser\u00e1 hospedado por el Gobierno de la Rep\u00fablica de Corea, en Se\u00fal. La Rep\u00fablica de Corea es un pa\u00eds que asigna una notable importancia a sus bosques por sus valiosos servicios ecosist\u00e9micos, y los beneficios para la salud y las actividades de esparcimiento, y cuenta con numerosas ense\u00f1anzas adquiridas para compartir con la comunidad mundial.<\/p>\n<p style=\"text-align: justify;\">En el marco del tema \u00a0Construir un futuro verde, saludable y resiliente con los bosques, el Congreso pondr\u00e1 de relieve la funci\u00f3n esencial de los bosques en la agenda global de desarrollo sostenible, que comprende, entre otras cosas, la Agenda 2030 y sus Objetivos de Desarrollo Sostenible, los Objetivos Forestales Globales , el Acuerdo de Par\u00eds sobre el cambio clim\u00e1tico, la D\u00e9cada de las Naciones Unidas para la Restauraci\u00f3n de Ecosistemas y el Marco Global de Biodiversidad posterior a 2020, e identificar\u00e1 medidas y recomendaciones clave para mejorar esta funci\u00f3n. Asimismo, destacar\u00e1 los avances en la implementaci\u00f3n de las recomendaciones formuladas en el XIV Congreso Forestal Mundial en 2015.<\/p>\n<p style=\"text-align: justify;\">Para obtener m\u00e1s informaci\u00f3n acerca de las cuestiones tem\u00e1ticas que abordar\u00e1 el Congreso, pulse\u00a0\u00a0<a href=\"https:\/\/wfc2021korea.org\/esp\/sub02\/theme.html?hl=it&amp;prev=_t&amp;sl=en&amp;tl=es&amp;u=https:\/\/wfc2021korea.org\/sub02\/theme.html\" target=\"_blank\" rel=\"noopener\" data-sf-ec-immutable=\"\" data-sf-marked=\"\">aqu\u00ed<\/a>\u00a0.<\/p>\n<p style=\"text-align: justify;\">Acogiendo con benepl\u00e1cito la amplia participaci\u00f3n, el Congreso tiene como objetivo reunir a miles de personas de todas las regiones y sectores, incluidos los sectores p\u00fablico y privado, organizaciones no gubernamentales (ONG), organizaciones de la sociedad civil (OSC), organismos cient\u00edficos y asociaciones del sector forestal. Al unificar un grupo tan diverso de personas que se interesan por los bosques y el medio ambiente, el Congreso tiene como objetivo fomentar debates inclusivos, construir nuevas alianzas y facilitar la incorporaci\u00f3n de las cuestiones forestales en las agendas mundiales sobre el desarrollo sostenible y la recuperaci\u00f3n posterior a la COVID-19.<\/p>\n<p style=\"text-align: justify;\">Si desea participar u obtener mayor informaci\u00f3n, consulte el sitio web oficial del XV Congreso Forestal Mundial:\u00a0<a href=\"https:\/\/wfc2021korea.org\/esp\/index.html?hl=it&amp;prev=_t&amp;sl=en&amp;tl=es&amp;u=http:\/\/www.wfc2021korea.org\" target=\"_blank\" rel=\"noopener\" data-sf-ec-immutable=\"\" data-sf-marked=\"\">www.wfc2021korea.org<\/a><\/p>\n","protected":false},"excerpt":{"rendered":"<p>El XV Congreso Forestal Mundial El XV Congreso ser\u00e1 hospedado por el Gobierno de la Rep\u00fablica de Corea, en Se\u00fal. La Rep\u00fablica de Corea es un pa\u00eds que asigna una notable importancia<a class=\"moretag\" href=\"https:\/\/www.fbycc.org\/index.php\/events\/xv-world-forestry-congress\/\">Leer m\u00e1s&#8230;<\/a><\/p>\n","protected":false},"author":2,"featured_media":0,"parent":0,"menu_order":0,"comment_status":"closed","ping_status":"closed","template":"","event_listing_category":[76],"class_list":["post-2701","event_listing","type-event_listing","status-publish","hentry"],"_links":{"self":[{"href":"https:\/\/www.fbycc.org\/index.php\/wp-json\/wp\/v2\/event_listing\/2701","targetHints":{"allow":["GET"]}}],"collection":[{"href":"https:\/\/www.fbycc.org\/index.php\/wp-json\/wp\/v2\/event_listing"}],"about":[{"href":"https:\/\/www.fbycc.org\/index.php\/wp-json\/wp\/v2\/types\/event_listing"}],"author":[{"embeddable":true,"href":"https:\/\/www.fbycc.org\/index.php\/wp-json\/wp\/v2\/users\/2"}],"replies":[{"embeddable":true,"href":"https:\/\/www.fbycc.org\/index.php\/wp-json\/wp\/v2\/comments?post=2701"}],"wp:attachment":[{"href":"https:\/\/www.fbycc.org\/index.php\/wp-json\/wp\/v2\/media?parent=2701"}],"wp:term":[{"taxonomy":"event_listing_category","embeddable":true,"href":"https:\/\/www.fbycc.org\/index.php\/wp-json\/wp\/v2\/event_listing_category?post=2701"}],"curies":[{"name":"wp","href":"https:\/\/api.w.org\/{rel}","templated":true}]}}

<p><img loading="lazy" decoding="async" class="alignnone size-large" src="https://www.unredd.net/images/stories/WFC2021_-_WEB_BANNER_-_EN.jpg" width="3942" height="876" /></p>
<p style="text-align: justify;">El XV Congreso Forestal Mundial El XV Congreso será hospedado por el Gobierno de la República de Corea, en Seúl. La República de Corea es un país que asigna una notable importancia a sus bosques por sus valiosos servicios ecosistémicos, y los beneficios para la salud y las actividades de esparcimiento, y cuenta con numerosas enseñanzas adquiridas para compartir con la comunidad mundial.</p>
<p style="text-align: justify;">En el marco del tema  Construir un futuro verde, saludable y resiliente con los bosques, el Congreso pondrá de relieve la función esencial de los bosques en la agenda global de desarrollo sostenible, que comprende, entre otras cosas, la Agenda 2030 y sus Objetivos de Desarrollo Sostenible, los Objetivos Forestales Globales , el Acuerdo de París sobre el cambio climático, la Década de las Naciones Unidas para la Restauración de Ecosistemas y el Marco Global de Biodiversidad posterior a 2020, e identificará medidas y recomendaciones clave para mejorar esta función. Asimismo, destacará los avances en la implementación de las recomendaciones formuladas en el XIV Congreso Forestal Mundial en 2015.</p>
<p style="text-align: justify;">Para obtener más información acerca de las cuestiones temáticas que abordará el Congreso, pulse  <a href="https://wfc2021korea.org/esp/sub02/theme.html?hl=it&amp;prev=_t&amp;sl=en&amp;tl=es&amp;u=https://wfc2021korea.org/sub02/theme.html" target="_blank" rel="noopener" data-sf-ec-immutable="" data-sf-marked="">aquí</a> .</p>
<p style="text-align: justify;">Acogiendo con beneplácito la amplia participación, el Congreso tiene como objetivo reunir a miles de personas de todas las regiones y sectores, incluidos los sectores público y privado, organizaciones no gubernamentales (ONG), organizaciones de la sociedad civil (OSC), organismos científicos y asociaciones del sector forestal. Al unificar un grupo tan diverso de personas que se interesan por los bosques y el medio ambiente, el Congreso tiene como objetivo fomentar debates inclusivos, construir nuevas alianzas y facilitar la incorporación de las cuestiones forestales en las agendas mundiales sobre el desarrollo sostenible y la recuperación posterior a la COVID-19.</p>
<p style="text-align: justify;">Si desea participar u obtener mayor información, consulte el sitio web oficial del XV Congreso Forestal Mundial: <a href="https://wfc2021korea.org/esp/index.html?hl=it&amp;prev=_t&amp;sl=en&amp;tl=es&amp;u=http://www.wfc2021korea.org" target="_blank" rel="noopener" data-sf-ec-immutable="" data-sf-marked="">www.wfc2021korea.org</a></p>

<p>El XV Congreso Forestal Mundial El XV Congreso será hospedado por el Gobierno de la República de Corea, en Seúl. La República de Corea es un país que asigna una notable importancia<a class="moretag" href="https://www.fbycc.org/index.php/events/xv-world-forestry-congress/">Leer más&#8230;</a></p>
