{"id":2699,"date":"2022-04-24T17:56:55","date_gmt":"2022-04-24T17:56:55","guid":{"rendered":"https:\/\/www.fbycc.org\/?post_type=event_listing&#038;p=2699"},"modified":"2022-04-24T18:00:47","modified_gmt":"2022-04-24T18:00:47","slug":"8o-congreso-forestal-espanol","status":"publish","type":"event_listing","link":"https:\/\/www.fbycc.org\/index.php\/events\/8o-congreso-forestal-espanol\/","title":{"rendered":"8\u00ba Congreso Forestal Espa\u00f1ol"},"content":{"rendered":"<p style=\"text-align: center;\"><img loading=\"lazy\" decoding=\"async\" class=\"alignnone size-large\" src=\"https:\/\/8cfe.congresoforestal.es\/sites\/default\/files\/logo_8cfe_fecha_color_horizontal_web_3_mesa_de_trabajo_1.png\" width=\"1314\" height=\"525\" \/><\/p>\n<p style=\"text-align: justify;\">El Congreso Forestal Espa\u00f1ol (CFE) es el evento m\u00e1s importante que organiza la\u00a0<a href=\"http:\/\/www.secforestales.org\/\" target=\"_blank\" rel=\"noopener\">Sociedad Espa\u00f1ola de Ciencias Forestales\u00a0<\/a>(SECF). Se celebra cada cuatro a\u00f1os y constituye el principal foro de encuentro para los profesionales forestales espa\u00f1oles. Como excepcionalidad a esa periodicidad, y condicionados por la pandemia mundial provocada por la COVID-19, la edici\u00f3n prevista para el a\u00f1o 2021 tuvo que ser aplazada a 2022.<\/p>\n<p style=\"text-align: justify;\">El objetivo del CFE es presentar los resultados de las investigaciones y experiencias en materia de ciencias y t\u00e9cnicas forestales surgidos entre un Congreso y el siguiente, fomentar el an\u00e1lisis y el debate para encontrar nuevas ideas y propuestas que mejoren la gesti\u00f3n forestal y orientar la pol\u00edtica en el sector de manera que converja con los intereses de la sociedad.<\/p>\n<p>En esta ocasi\u00f3n el Congreso tendr\u00e1 lugar en el Palacio de Congresos La Llotja, Lleida. Puedes acceder a toda la informaci\u00f3n desde el siguiente <a href=\"https:\/\/8cfe.congresoforestal.es\/es\" target=\"_blank\" rel=\"noopener\">enlace<\/a>.<\/p>\n<p style=\"text-align: center;\"><img loading=\"lazy\" decoding=\"async\" class=\"alignnone size-large\" src=\"https:\/\/8cfe.congresoforestal.es\/sites\/default\/files\/practica\/imagenes\/llotja_14.jpg\" width=\"1072\" height=\"712\" \/><\/p>\n<p>&nbsp;<\/p>\n","protected":false},"excerpt":{"rendered":"<p>El Congreso Forestal Espa\u00f1ol (CFE) es el evento m\u00e1s importante que organiza la\u00a0Sociedad Espa\u00f1ola de Ciencias Forestales\u00a0(SECF). Se celebra cada cuatro a\u00f1os y constituye el principal foro de encuentro para los profesionales<a class=\"moretag\" href=\"https:\/\/www.fbycc.org\/index.php\/events\/8o-congreso-forestal-espanol\/\">Leer m\u00e1s&#8230;<\/a><\/p>\n","protected":false},"author":2,"featured_media":0,"parent":0,"menu_order":0,"comment_status":"closed","ping_status":"closed","template":"","event_listing_category":[76],"class_list":["post-2699","event_listing","type-event_listing","status-publish","hentry"],"_links":{"self":[{"href":"https:\/\/www.fbycc.org\/index.php\/wp-json\/wp\/v2\/event_listing\/2699","targetHints":{"allow":["GET"]}}],"collection":[{"href":"https:\/\/www.fbycc.org\/index.php\/wp-json\/wp\/v2\/event_listing"}],"about":[{"href":"https:\/\/www.fbycc.org\/index.php\/wp-json\/wp\/v2\/types\/event_listing"}],"author":[{"embeddable":true,"href":"https:\/\/www.fbycc.org\/index.php\/wp-json\/wp\/v2\/users\/2"}],"replies":[{"embeddable":true,"href":"https:\/\/www.fbycc.org\/index.php\/wp-json\/wp\/v2\/comments?post=2699"}],"wp:attachment":[{"href":"https:\/\/www.fbycc.org\/index.php\/wp-json\/wp\/v2\/media?parent=2699"}],"wp:term":[{"taxonomy":"event_listing_category","embeddable":true,"href":"https:\/\/www.fbycc.org\/index.php\/wp-json\/wp\/v2\/event_listing_category?post=2699"}],"curies":[{"name":"wp","href":"https:\/\/api.w.org\/{rel}","templated":true}]}}

8º Congreso Forestal Español

<p style="text-align: center;"><img loading="lazy" decoding="async" class="alignnone size-large" src="https://8cfe.congresoforestal.es/sites/default/files/logo_8cfe_fecha_color_horizontal_web_3_mesa_de_trabajo_1.png" width="1314" height="525" /></p>
<p style="text-align: justify;">El Congreso Forestal Español (CFE) es el evento más importante que organiza la <a href="http://www.secforestales.org/" target="_blank" rel="noopener">Sociedad Española de Ciencias Forestales </a>(SECF). Se celebra cada cuatro años y constituye el principal foro de encuentro para los profesionales forestales españoles. Como excepcionalidad a esa periodicidad, y condicionados por la pandemia mundial provocada por la COVID-19, la edición prevista para el año 2021 tuvo que ser aplazada a 2022.</p>
<p style="text-align: justify;">El objetivo del CFE es presentar los resultados de las investigaciones y experiencias en materia de ciencias y técnicas forestales surgidos entre un Congreso y el siguiente, fomentar el análisis y el debate para encontrar nuevas ideas y propuestas que mejoren la gestión forestal y orientar la política en el sector de manera que converja con los intereses de la sociedad.</p>
<p>En esta ocasión el Congreso tendrá lugar en el Palacio de Congresos La Llotja, Lleida. Puedes acceder a toda la información desde el siguiente <a href="https://8cfe.congresoforestal.es/es" target="_blank" rel="noopener">enlace</a>.</p>
<p style="text-align: center;"><img loading="lazy" decoding="async" class="alignnone size-large" src="https://8cfe.congresoforestal.es/sites/default/files/practica/imagenes/llotja_14.jpg" width="1072" height="712" /></p>
<p>&nbsp;</p>

<p>El Congreso Forestal Español (CFE) es el evento más importante que organiza la Sociedad Española de Ciencias Forestales (SECF). Se celebra cada cuatro años y constituye el principal foro de encuentro para los profesionales<a class="moretag" href="https://www.fbycc.org/index.php/events/8o-congreso-forestal-espanol/">Leer más&#8230;</a></p>
