{"id":1923,"date":"2020-10-02T18:23:51","date_gmt":"2020-10-02T18:23:51","guid":{"rendered":"http:\/\/www.fbycc.org\/?post_type=event_listing&#038;p=1923"},"modified":"2020-10-02T18:27:00","modified_gmt":"2020-10-02T18:27:00","slug":"xv-congreso-forestal-mundial","status":"publish","type":"event_listing","link":"https:\/\/www.fbycc.org\/index.php\/events\/xv-congreso-forestal-mundial\/","title":{"rendered":"XV CONGRESO FORESTAL MUNDIAL"},"content":{"rendered":"<p style=\"text-align: justify;\">El <strong>XV Congreso Forestal Mundial<\/strong> (XV CFM) ser\u00e1 organizado por el Gobierno de la Rep\u00fablica de Corea del 24 al 28 de mayo de 2021 y se llevar\u00e1 a cabo en el Centro de Convenciones y Exposiciones COEX, en Se\u00fal.<\/p>\n<p style=\"text-align: justify;\">El Congreso reunir\u00e1 a los actores forestales mundiales para revisar y analizar los desaf\u00edos clave que enfrenta el sector y las formas de abordarlos. Usualmente, la participaci\u00f3n es muy diversificada, contando con representaci\u00f3n de todas las regiones y sectores; incluidos el sector p\u00fablico y privado, organizaciones no gubernamentales (ONG), organizaciones de la sociedad civil, organismos cient\u00edficos o profesionales y sociedades forestales, as\u00ed como aquellos que simplemente tienen inter\u00e9s en el cuidado de los bosques y el medio ambiente.<\/p>\n<p style=\"text-align: justify;\">El CFM 2021 brindar\u00e1 una oportunidad \u00fanica para que la comunidad forestal global examine el estado y el futuro de los bosques del mundo, particularmente en el contexto de la recuperaci\u00f3n de la pandemia del COVID-19, mientras que, al mismo tiempo, se esfuerza por alcanzar los Objetivos de Desarrollo Sostenible (ODS). El Congreso se centrar\u00e1 en definir el papel de los bosques en la agenda de desarrollo global (Agenda 2030) y otros acuerdos importantes (Objetivos Forestales Globales, Acuerdo de Par\u00eds, marco global de biodiversidad posterior al 2020) e identificar medidas clave que deben implementarse mientras el sector forestal se adapta a la nueva realidad con el objetivo de ayudar a \u201creconstruir mejor\u201d. Los bosques deben formar una parte integral de las discusiones y decisiones que se tomar\u00e1n sobre el desarrollo sostenible, ya que esto determinar\u00e1 la salud, el bienestar y la estabilidad del planeta y sus habitantes.<\/p>\n<p style=\"text-align: justify;\">El Congreso Forestal Mundial se celebra aproximadamente una vez cada seis a\u00f1os. El primer Congreso se celebr\u00f3 en Italia en 1926. La FAO ha ayudado a los pa\u00edses anfitriones a organizar el Congreso desde 1954. La responsabilidad de la organizaci\u00f3n y el financiamiento de cada Congreso recae en el pa\u00eds anfitri\u00f3n.<\/p>\n<p>\u00a0 &gt;&gt;&gt; <a href=\"https:\/\/wfc2021korea.org\/esp\/index.html\" target=\"_blank\" rel=\"noopener noreferrer\">Enlace a la web del congreso<\/a><\/p>\n","protected":false},"excerpt":{"rendered":"<p>El XV Congreso Forestal Mundial (XV CFM) ser\u00e1 organizado por el Gobierno de la Rep\u00fablica de Corea del 24 al 28 de mayo de 2021 y se llevar\u00e1 a cabo en el<a class=\"moretag\" href=\"https:\/\/www.fbycc.org\/index.php\/events\/xv-congreso-forestal-mundial\/\">Leer m\u00e1s&#8230;<\/a><\/p>\n","protected":false},"author":2,"featured_media":0,"parent":0,"menu_order":0,"comment_status":"closed","ping_status":"closed","template":"","event_listing_category":[76],"class_list":["post-1923","event_listing","type-event_listing","status-publish","hentry"],"_links":{"self":[{"href":"https:\/\/www.fbycc.org\/index.php\/wp-json\/wp\/v2\/event_listing\/1923","targetHints":{"allow":["GET"]}}],"collection":[{"href":"https:\/\/www.fbycc.org\/index.php\/wp-json\/wp\/v2\/event_listing"}],"about":[{"href":"https:\/\/www.fbycc.org\/index.php\/wp-json\/wp\/v2\/types\/event_listing"}],"author":[{"embeddable":true,"href":"https:\/\/www.fbycc.org\/index.php\/wp-json\/wp\/v2\/users\/2"}],"replies":[{"embeddable":true,"href":"https:\/\/www.fbycc.org\/index.php\/wp-json\/wp\/v2\/comments?post=1923"}],"wp:attachment":[{"href":"https:\/\/www.fbycc.org\/index.php\/wp-json\/wp\/v2\/media?parent=1923"}],"wp:term":[{"taxonomy":"event_listing_category","embeddable":true,"href":"https:\/\/www.fbycc.org\/index.php\/wp-json\/wp\/v2\/event_listing_category?post=1923"}],"curies":[{"name":"wp","href":"https:\/\/api.w.org\/{rel}","templated":true}]}}

<p style="text-align: justify;">El <strong>XV Congreso Forestal Mundial</strong> (XV CFM) será organizado por el Gobierno de la República de Corea del 24 al 28 de mayo de 2021 y se llevará a cabo en el Centro de Convenciones y Exposiciones COEX, en Seúl.</p>
<p style="text-align: justify;">El Congreso reunirá a los actores forestales mundiales para revisar y analizar los desafíos clave que enfrenta el sector y las formas de abordarlos. Usualmente, la participación es muy diversificada, contando con representación de todas las regiones y sectores; incluidos el sector público y privado, organizaciones no gubernamentales (ONG), organizaciones de la sociedad civil, organismos científicos o profesionales y sociedades forestales, así como aquellos que simplemente tienen interés en el cuidado de los bosques y el medio ambiente.</p>
<p style="text-align: justify;">El CFM 2021 brindará una oportunidad única para que la comunidad forestal global examine el estado y el futuro de los bosques del mundo, particularmente en el contexto de la recuperación de la pandemia del COVID-19, mientras que, al mismo tiempo, se esfuerza por alcanzar los Objetivos de Desarrollo Sostenible (ODS). El Congreso se centrará en definir el papel de los bosques en la agenda de desarrollo global (Agenda 2030) y otros acuerdos importantes (Objetivos Forestales Globales, Acuerdo de París, marco global de biodiversidad posterior al 2020) e identificar medidas clave que deben implementarse mientras el sector forestal se adapta a la nueva realidad con el objetivo de ayudar a “reconstruir mejor”. Los bosques deben formar una parte integral de las discusiones y decisiones que se tomarán sobre el desarrollo sostenible, ya que esto determinará la salud, el bienestar y la estabilidad del planeta y sus habitantes.</p>
<p style="text-align: justify;">El Congreso Forestal Mundial se celebra aproximadamente una vez cada seis años. El primer Congreso se celebró en Italia en 1926. La FAO ha ayudado a los países anfitriones a organizar el Congreso desde 1954. La responsabilidad de la organización y el financiamiento de cada Congreso recae en el país anfitrión.</p>
<p>  &gt;&gt;&gt; <a href="https://wfc2021korea.org/esp/index.html" target="_blank" rel="noopener noreferrer">Enlace a la web del congreso</a></p>

<p>El XV Congreso Forestal Mundial (XV CFM) será organizado por el Gobierno de la República de Corea del 24 al 28 de mayo de 2021 y se llevará a cabo en el<a class="moretag" href="https://www.fbycc.org/index.php/events/xv-congreso-forestal-mundial/">Leer más&#8230;</a></p>
