{"id":1894,"date":"2020-05-13T15:29:27","date_gmt":"2020-05-13T15:29:27","guid":{"rendered":"http:\/\/www.fbycc.org\/?post_type=event_listing&#038;p=1894"},"modified":"2020-05-13T15:29:27","modified_gmt":"2020-05-13T15:29:27","slug":"foro-de-directores-2020","status":"publish","type":"event_listing","link":"https:\/\/www.fbycc.org\/index.php\/events\/foro-de-directores-2020\/","title":{"rendered":"Foro de Directores 2020"},"content":{"rendered":"<p style=\"text-align: center;\"><strong>Los bosques, sus productos y servicios en el mundo Post-COVID.<br \/>\n<\/strong><strong>Medidas de futuro. Retos y oportunidades<\/strong><\/p>\n<p style=\"text-align: justify;\">PEFC Espa\u00f1a organiza el Foro de Directores 2020<\/p>\n<p style=\"text-align: justify;\">El Foro se constituye como un espacio de di\u00e1logo en el que los directores de bosques, biodiversidad, medioambiente, etc., de diferentes instituciones y administraciones p\u00fablicas, presentar\u00e1n su previsiones, estrategias o medidas a aplicar en el sector forestal tras la crisis del COVID-19. Se plantear\u00e1 a continuaci\u00f3n un di\u00e1logo entre los participantes: expertos en pol\u00edticas forestales, certificaci\u00f3n, industria, gestores p\u00fablicos y privados, prescriptores, comunidad cient\u00edfica y tecnol\u00f3gica, medios, sociedad civil\u2026<\/p>\n<p style=\"text-align: justify;\">Sus aportaciones y recomendaciones contribuir\u00e1n a enriquecer el conocimiento de las necesidades, retos y oportunidades para la mejora del posicionamiento del sector forestal y los beneficios que debe aportar a la sociedad en su conjunto en un entorno que ha cambiado de forma radical tras la pandemia causada por el COVID-19.<\/p>\n<p style=\"text-align: justify;\">11:30 a 11:40\u00a0 \u00a0Intervenci\u00f3n Inaugural. Representante del MITECO<br \/>\n11:40 a 12:45\u00a0 \u00a0Intervenciones de los Directores<br \/>\n12:45 a 13:00\u00a0 \u00a0Conclusiones y recomendaciones<\/p>\n<p><strong><em>&gt;&gt; Inscripciones en <a href=\"https:\/\/forodirectores2020.pefc.es\/\" target=\"_blank\" rel=\"noopener noreferrer\">https:\/\/forodirectores2020.pefc.es\/<\/a><\/em><\/strong><\/p>\n","protected":false},"excerpt":{"rendered":"<p>Los bosques, sus productos y servicios en el mundo Post-COVID. Medidas de futuro. Retos y oportunidades PEFC Espa\u00f1a organiza el Foro de Directores 2020 El Foro se constituye como un espacio de<a class=\"moretag\" href=\"https:\/\/www.fbycc.org\/index.php\/events\/foro-de-directores-2020\/\">Leer m\u00e1s&#8230;<\/a><\/p>\n","protected":false},"author":2,"featured_media":0,"parent":0,"menu_order":0,"comment_status":"closed","ping_status":"closed","template":"","event_listing_category":[52],"class_list":["post-1894","event_listing","type-event_listing","status-publish","hentry"],"_links":{"self":[{"href":"https:\/\/www.fbycc.org\/index.php\/wp-json\/wp\/v2\/event_listing\/1894","targetHints":{"allow":["GET"]}}],"collection":[{"href":"https:\/\/www.fbycc.org\/index.php\/wp-json\/wp\/v2\/event_listing"}],"about":[{"href":"https:\/\/www.fbycc.org\/index.php\/wp-json\/wp\/v2\/types\/event_listing"}],"author":[{"embeddable":true,"href":"https:\/\/www.fbycc.org\/index.php\/wp-json\/wp\/v2\/users\/2"}],"replies":[{"embeddable":true,"href":"https:\/\/www.fbycc.org\/index.php\/wp-json\/wp\/v2\/comments?post=1894"}],"wp:attachment":[{"href":"https:\/\/www.fbycc.org\/index.php\/wp-json\/wp\/v2\/media?parent=1894"}],"wp:term":[{"taxonomy":"event_listing_category","embeddable":true,"href":"https:\/\/www.fbycc.org\/index.php\/wp-json\/wp\/v2\/event_listing_category?post=1894"}],"curies":[{"name":"wp","href":"https:\/\/api.w.org\/{rel}","templated":true}]}}

<p style="text-align: center;"><strong>Los bosques, sus productos y servicios en el mundo Post-COVID.<br />
</strong><strong>Medidas de futuro. Retos y oportunidades</strong></p>
<p style="text-align: justify;">PEFC España organiza el Foro de Directores 2020</p>
<p style="text-align: justify;">El Foro se constituye como un espacio de diálogo en el que los directores de bosques, biodiversidad, medioambiente, etc., de diferentes instituciones y administraciones públicas, presentarán su previsiones, estrategias o medidas a aplicar en el sector forestal tras la crisis del COVID-19. Se planteará a continuación un diálogo entre los participantes: expertos en políticas forestales, certificación, industria, gestores públicos y privados, prescriptores, comunidad científica y tecnológica, medios, sociedad civil…</p>
<p style="text-align: justify;">Sus aportaciones y recomendaciones contribuirán a enriquecer el conocimiento de las necesidades, retos y oportunidades para la mejora del posicionamiento del sector forestal y los beneficios que debe aportar a la sociedad en su conjunto en un entorno que ha cambiado de forma radical tras la pandemia causada por el COVID-19.</p>
<p style="text-align: justify;">11:30 a 11:40   Intervención Inaugural. Representante del MITECO<br />
11:40 a 12:45   Intervenciones de los Directores<br />
12:45 a 13:00   Conclusiones y recomendaciones</p>
<p><strong><em>&gt;&gt; Inscripciones en <a href="https://forodirectores2020.pefc.es/" target="_blank" rel="noopener noreferrer">https://forodirectores2020.pefc.es/</a></em></strong></p>

<p>Los bosques, sus productos y servicios en el mundo Post-COVID. Medidas de futuro. Retos y oportunidades PEFC España organiza el Foro de Directores 2020 El Foro se constituye como un espacio de<a class="moretag" href="https://www.fbycc.org/index.php/events/foro-de-directores-2020/">Leer más&#8230;</a></p>
