{"id":1694,"date":"2019-11-29T15:56:23","date_gmt":"2019-11-29T15:56:23","guid":{"rendered":"http:\/\/www.fbycc.org\/?post_type=event_listing&#038;p=1694"},"modified":"2019-11-29T15:57:22","modified_gmt":"2019-11-29T15:57:22","slug":"la-gestion-activa-de-los-espacios-forestales-como-recurso-estrategico-para-alcanzar-los-objetivos-climaticos-y-de-desarrollo-sostenible","status":"publish","type":"event_listing","link":"https:\/\/www.fbycc.org\/index.php\/events\/la-gestion-activa-de-los-espacios-forestales-como-recurso-estrategico-para-alcanzar-los-objetivos-climaticos-y-de-desarrollo-sostenible\/","title":{"rendered":"La gesti\u00f3n activa de los espacios forestales&#8230;"},"content":{"rendered":"<p><strong>La gesti\u00f3n activa de los espacios forestales como recurso estrat\u00e9gico para alcanzar los objetivos clim\u00e1ticos y de desarrollo sostenible<\/strong><\/p>\n<p style=\"text-align: justify;\">En este evento se presentan las diferentes contribuciones de los bosques y su cadena de valor a la lucha contra el cambio clim\u00e1tico, en especial CO2 (sumideros permanentes en los bosques, sumideros temporales en productos forestales de larga duraci\u00f3n, sustituci\u00f3n de emisiones de CO2 vinculadas a las energ\u00edas f\u00f3siles o materias primas minerales por uso de materias primas vegetales) y sus co-beneficios ambientales y sociales. Se presentar\u00e1n casos de \u00e9xito y se concluir\u00e1 con un debate y una declaraci\u00f3n.<\/p>\n<p>Lugar : SALA MARE NOSTRUM: ESPACIO VERDE COP25. IFEMA &#8211; MADRID<\/p>\n<p>Organiza: ESMONTA\u00d1AS<\/p>\n<p>Colabora: JUNTOS POR LOS BOSQUES<\/p>\n<p>&gt;&gt; <a href=\"http:\/\/www.fbycc.org\/wp-content\/uploads\/2019\/11\/2_Dic_vitacionActoCOP_Esmonta\u00f1as_JxB.pdf\" target=\"_blank\" rel=\"noopener noreferrer\">M\u00e1s informaci\u00f3n<\/a><\/p>\n","protected":false},"excerpt":{"rendered":"<p>La gesti\u00f3n activa de los espacios forestales como recurso estrat\u00e9gico para alcanzar los objetivos clim\u00e1ticos y de desarrollo sostenible En este evento se presentan las diferentes contribuciones de los bosques y su<a class=\"moretag\" href=\"https:\/\/www.fbycc.org\/index.php\/events\/la-gestion-activa-de-los-espacios-forestales-como-recurso-estrategico-para-alcanzar-los-objetivos-climaticos-y-de-desarrollo-sostenible\/\">Leer m\u00e1s&#8230;<\/a><\/p>\n","protected":false},"author":2,"featured_media":0,"parent":0,"menu_order":0,"comment_status":"closed","ping_status":"closed","template":"","event_listing_category":[73],"class_list":["post-1694","event_listing","type-event_listing","status-publish","hentry"],"_links":{"self":[{"href":"https:\/\/www.fbycc.org\/index.php\/wp-json\/wp\/v2\/event_listing\/1694","targetHints":{"allow":["GET"]}}],"collection":[{"href":"https:\/\/www.fbycc.org\/index.php\/wp-json\/wp\/v2\/event_listing"}],"about":[{"href":"https:\/\/www.fbycc.org\/index.php\/wp-json\/wp\/v2\/types\/event_listing"}],"author":[{"embeddable":true,"href":"https:\/\/www.fbycc.org\/index.php\/wp-json\/wp\/v2\/users\/2"}],"replies":[{"embeddable":true,"href":"https:\/\/www.fbycc.org\/index.php\/wp-json\/wp\/v2\/comments?post=1694"}],"wp:attachment":[{"href":"https:\/\/www.fbycc.org\/index.php\/wp-json\/wp\/v2\/media?parent=1694"}],"wp:term":[{"taxonomy":"event_listing_category","embeddable":true,"href":"https:\/\/www.fbycc.org\/index.php\/wp-json\/wp\/v2\/event_listing_category?post=1694"}],"curies":[{"name":"wp","href":"https:\/\/api.w.org\/{rel}","templated":true}]}}

La gestión activa de los espacios forestales&#8230;

<p><strong>La gestión activa de los espacios forestales como recurso estratégico para alcanzar los objetivos climáticos y de desarrollo sostenible</strong></p>
<p style="text-align: justify;">En este evento se presentan las diferentes contribuciones de los bosques y su cadena de valor a la lucha contra el cambio climático, en especial CO2 (sumideros permanentes en los bosques, sumideros temporales en productos forestales de larga duración, sustitución de emisiones de CO2 vinculadas a las energías fósiles o materias primas minerales por uso de materias primas vegetales) y sus co-beneficios ambientales y sociales. Se presentarán casos de éxito y se concluirá con un debate y una declaración.</p>
<p>Lugar : SALA MARE NOSTRUM: ESPACIO VERDE COP25. IFEMA &#8211; MADRID</p>
<p>Organiza: ESMONTAÑAS</p>
<p>Colabora: JUNTOS POR LOS BOSQUES</p>
<p>&gt;&gt; <a href="http://www.fbycc.org/wp-content/uploads/2019/11/2_Dic_vitacionActoCOP_Esmontañas_JxB.pdf" target="_blank" rel="noopener noreferrer">Más información</a></p>

<p>La gestión activa de los espacios forestales como recurso estratégico para alcanzar los objetivos climáticos y de desarrollo sostenible En este evento se presentan las diferentes contribuciones de los bosques y su<a class="moretag" href="https://www.fbycc.org/index.php/events/la-gestion-activa-de-los-espacios-forestales-como-recurso-estrategico-para-alcanzar-los-objetivos-climaticos-y-de-desarrollo-sostenible/">Leer más&#8230;</a></p>
