{"id":1691,"date":"2019-11-29T15:47:05","date_gmt":"2019-11-29T15:47:05","guid":{"rendered":"http:\/\/www.fbycc.org\/?post_type=event_listing&#038;p=1691"},"modified":"2019-11-29T15:47:58","modified_gmt":"2019-11-29T15:47:58","slug":"feria-de-emprendimiento-sostenible-upm","status":"publish","type":"event_listing","link":"https:\/\/www.fbycc.org\/index.php\/events\/feria-de-emprendimiento-sostenible-upm\/","title":{"rendered":"Feria de Emprendimiento Sostenible &#8211; UPM"},"content":{"rendered":"<p style=\"text-align: justify;\">Frente al problema del cambio clim\u00e1tico, el agotamiento de los recursos, y la despoblaci\u00f3n en el medio rural, est\u00e1n surgiendo nuevos modelos de empresa responsables y comprometidos con la sociedad y el medio ambiente.<\/p>\n<p>Promover la conservaci\u00f3n y el aumento de los bienes y servicios naturales, tambi\u00e9n conocidos como capital natural, y la bioeconom\u00eda ser\u00e1n claves en los pr\u00f3ximos a\u00f1os para solucionar algunas de las cuestiones del siglo XXI.<\/p>\n<p style=\"text-align: justify;\">En este sentido, la Unidad Docente de Organizaci\u00f3n de Empresas de la Escuela T\u00e9cnica Superior de Ingenier\u00eda de Montes, Forestal y del Medio Natural de la Universidad Polit\u00e9cnica de Madrid organiza la Feria de Emprendimiento Sostenible, un evento dedicado a promocionar e incentivar la creaci\u00f3n de empresas que hagan del uso sostenible de los recursos naturales una idea de negocio. Forma parte de la agenda de actividades paralelas de la Cumbre del Clima (COP 25). Como entidades colaboradoras se encuentra el Ministerio de Agricultura, Pesca y Alimentaci\u00f3n, el Colegio Oficial de Ingenieros de Montes y los proyectos UFIL, EOHUB y ENSEC.<\/p>\n<p style=\"text-align: justify;\">Contamos con la participaci\u00f3n de casi una treintena de empresas y organizaciones que dan muestra de las oportunidades que ofrece el sector (tecnol\u00f3gico, productivo, textil, ecosistemas&#8230;). Entre ellas figuran Ferrovial Servicios, el Grupo Tragsa, Ecoacsa y varios negocios creados por antiguos alumnos de la universidad. Algunos de estas empresas han sido premiadas en competiciones de \u00abstartups\u00bb, como el Hack4Good que organiza la Red de C\u00e1tedras Telef\u00f3nica, y varias de ellas han recibido el sello de PYME Innovadora del Ministerio de Ciencia, Innovaci\u00f3n y Universidades.<\/p>\n<p style=\"text-align: justify;\">El evento incluye en su programa una jornada dedicada a la bioeconom\u00eda y la innovaci\u00f3n en este \u00e1mbito: El Seminario del Emprendedor Sostenible, el d\u00eda 4 de diciembre de 12:00 a 15:00. Expertos y emprendedores hablar\u00e1n de tendencias, nuevas tecnolog\u00edas y modelos de negocio que hacen un uso responsable de los recursos naturales. Esta sesi\u00f3n se clausurar\u00e1 por el Subdirector General de Pol\u00edtica Forestal el Ministerio de Agricultura, Pesca y Alimentaci\u00f3n.<\/p>\n<p style=\"text-align: justify;\">La Feria de Emprendimiento Sostenible se celebrar\u00e1 los d\u00edas 4 y 5 de diciembre en el Edificio Montes de la Escuela T\u00e9cnica Superior de Ingenier\u00eda de Montes, Forestal y del Medio Natural de la Universidad Polit\u00e9cnica de Madrid.<\/p>\n<p style=\"text-align: justify;\">Para m\u00e1s informaci\u00f3n, visita la p\u00e1gina del evento en: <a href=\"https:\/\/www.udoe.es\/fes\" target=\"_blank\" rel=\"noopener noreferrer\">https:\/\/www.udoe.es\/fes<\/a><\/p>\n<p>&nbsp;<\/p>\n","protected":false},"excerpt":{"rendered":"<p>Frente al problema del cambio clim\u00e1tico, el agotamiento de los recursos, y la despoblaci\u00f3n en el medio rural, est\u00e1n surgiendo nuevos modelos de empresa responsables y comprometidos con la sociedad y el<a class=\"moretag\" href=\"https:\/\/www.fbycc.org\/index.php\/events\/feria-de-emprendimiento-sostenible-upm\/\">Leer m\u00e1s&#8230;<\/a><\/p>\n","protected":false},"author":2,"featured_media":0,"parent":0,"menu_order":0,"comment_status":"closed","ping_status":"closed","template":"","event_listing_category":[74],"class_list":["post-1691","event_listing","type-event_listing","status-publish","hentry"],"_links":{"self":[{"href":"https:\/\/www.fbycc.org\/index.php\/wp-json\/wp\/v2\/event_listing\/1691","targetHints":{"allow":["GET"]}}],"collection":[{"href":"https:\/\/www.fbycc.org\/index.php\/wp-json\/wp\/v2\/event_listing"}],"about":[{"href":"https:\/\/www.fbycc.org\/index.php\/wp-json\/wp\/v2\/types\/event_listing"}],"author":[{"embeddable":true,"href":"https:\/\/www.fbycc.org\/index.php\/wp-json\/wp\/v2\/users\/2"}],"replies":[{"embeddable":true,"href":"https:\/\/www.fbycc.org\/index.php\/wp-json\/wp\/v2\/comments?post=1691"}],"wp:attachment":[{"href":"https:\/\/www.fbycc.org\/index.php\/wp-json\/wp\/v2\/media?parent=1691"}],"wp:term":[{"taxonomy":"event_listing_category","embeddable":true,"href":"https:\/\/www.fbycc.org\/index.php\/wp-json\/wp\/v2\/event_listing_category?post=1691"}],"curies":[{"name":"wp","href":"https:\/\/api.w.org\/{rel}","templated":true}]}}

<p style="text-align: justify;">Frente al problema del cambio climático, el agotamiento de los recursos, y la despoblación en el medio rural, están surgiendo nuevos modelos de empresa responsables y comprometidos con la sociedad y el medio ambiente.</p>
<p>Promover la conservación y el aumento de los bienes y servicios naturales, también conocidos como capital natural, y la bioeconomía serán claves en los próximos años para solucionar algunas de las cuestiones del siglo XXI.</p>
<p style="text-align: justify;">En este sentido, la Unidad Docente de Organización de Empresas de la Escuela Técnica Superior de Ingeniería de Montes, Forestal y del Medio Natural de la Universidad Politécnica de Madrid organiza la Feria de Emprendimiento Sostenible, un evento dedicado a promocionar e incentivar la creación de empresas que hagan del uso sostenible de los recursos naturales una idea de negocio. Forma parte de la agenda de actividades paralelas de la Cumbre del Clima (COP 25). Como entidades colaboradoras se encuentra el Ministerio de Agricultura, Pesca y Alimentación, el Colegio Oficial de Ingenieros de Montes y los proyectos UFIL, EOHUB y ENSEC.</p>
<p style="text-align: justify;">Contamos con la participación de casi una treintena de empresas y organizaciones que dan muestra de las oportunidades que ofrece el sector (tecnológico, productivo, textil, ecosistemas&#8230;). Entre ellas figuran Ferrovial Servicios, el Grupo Tragsa, Ecoacsa y varios negocios creados por antiguos alumnos de la universidad. Algunos de estas empresas han sido premiadas en competiciones de «startups», como el Hack4Good que organiza la Red de Cátedras Telefónica, y varias de ellas han recibido el sello de PYME Innovadora del Ministerio de Ciencia, Innovación y Universidades.</p>
<p style="text-align: justify;">El evento incluye en su programa una jornada dedicada a la bioeconomía y la innovación en este ámbito: El Seminario del Emprendedor Sostenible, el día 4 de diciembre de 12:00 a 15:00. Expertos y emprendedores hablarán de tendencias, nuevas tecnologías y modelos de negocio que hacen un uso responsable de los recursos naturales. Esta sesión se clausurará por el Subdirector General de Política Forestal el Ministerio de Agricultura, Pesca y Alimentación.</p>
<p style="text-align: justify;">La Feria de Emprendimiento Sostenible se celebrará los días 4 y 5 de diciembre en el Edificio Montes de la Escuela Técnica Superior de Ingeniería de Montes, Forestal y del Medio Natural de la Universidad Politécnica de Madrid.</p>
<p style="text-align: justify;">Para más información, visita la página del evento en: <a href="https://www.udoe.es/fes" target="_blank" rel="noopener noreferrer">https://www.udoe.es/fes</a></p>
<p>&nbsp;</p>

<p>Frente al problema del cambio climático, el agotamiento de los recursos, y la despoblación en el medio rural, están surgiendo nuevos modelos de empresa responsables y comprometidos con la sociedad y el<a class="moretag" href="https://www.fbycc.org/index.php/events/feria-de-emprendimiento-sostenible-upm/">Leer más&#8230;</a></p>
