{"id":1664,"date":"2019-11-28T17:26:33","date_gmt":"2019-11-28T17:26:33","guid":{"rendered":"http:\/\/www.fbycc.org\/?post_type=event_listing&#038;p=1664"},"modified":"2019-11-28T17:26:33","modified_gmt":"2019-11-28T17:26:33","slug":"conferencia-los-bosques-y-el-cambio-climatico","status":"publish","type":"event_listing","link":"https:\/\/www.fbycc.org\/index.php\/events\/conferencia-los-bosques-y-el-cambio-climatico\/","title":{"rendered":"CONFERENCIA \u00abLOS BOSQUES Y EL CAMBIO CLIM\u00c1TICO\u00bb"},"content":{"rendered":"<p>Conferencia\u00a0 ortanizada por el Colegio Oficial de Ingenieros T\u00e9cnicos Forestales y Graduados en Ingenier\u00eda Forestal y del Medio Natural, en el Centro Cultural Casa de Vacas. Impartida por \u00c1lvaro Enr\u00edquez de Salamanca,\u00a0 Ingeniero T\u00e9cnico Forestal y Doctor en Ciencias Ambientales.<\/p>\n<p><strong>Entrada libre hasta completar aforo.<\/strong><\/p>\n<p>&gt;&gt; <a href=\"https:\/\/www.forestales.net\/Canales\/Ficha.aspx?IdMenu=bb2956d3-46d1-46a1-bbc0-bc2f3507d54d&amp;Cod=71e7df86-a3ec-4db9-88a2-6cbcac375c20&amp;Idioma=es-ES\" target=\"_blank\" rel=\"noopener noreferrer\">M\u00e1s informaci\u00f3n<\/a><\/p>\n","protected":false},"excerpt":{"rendered":"<p>Conferencia\u00a0 ortanizada por el Colegio Oficial de Ingenieros T\u00e9cnicos Forestales y Graduados en Ingenier\u00eda Forestal y del Medio Natural, en el Centro Cultural Casa de Vacas. Impartida por \u00c1lvaro Enr\u00edquez de Salamanca,\u00a0<a class=\"moretag\" href=\"https:\/\/www.fbycc.org\/index.php\/events\/conferencia-los-bosques-y-el-cambio-climatico\/\">Leer m\u00e1s&#8230;<\/a><\/p>\n","protected":false},"author":2,"featured_media":0,"parent":0,"menu_order":0,"comment_status":"closed","ping_status":"closed","template":"","event_listing_category":[73],"class_list":["post-1664","event_listing","type-event_listing","status-publish","hentry"],"_links":{"self":[{"href":"https:\/\/www.fbycc.org\/index.php\/wp-json\/wp\/v2\/event_listing\/1664","targetHints":{"allow":["GET"]}}],"collection":[{"href":"https:\/\/www.fbycc.org\/index.php\/wp-json\/wp\/v2\/event_listing"}],"about":[{"href":"https:\/\/www.fbycc.org\/index.php\/wp-json\/wp\/v2\/types\/event_listing"}],"author":[{"embeddable":true,"href":"https:\/\/www.fbycc.org\/index.php\/wp-json\/wp\/v2\/users\/2"}],"replies":[{"embeddable":true,"href":"https:\/\/www.fbycc.org\/index.php\/wp-json\/wp\/v2\/comments?post=1664"}],"wp:attachment":[{"href":"https:\/\/www.fbycc.org\/index.php\/wp-json\/wp\/v2\/media?parent=1664"}],"wp:term":[{"taxonomy":"event_listing_category","embeddable":true,"href":"https:\/\/www.fbycc.org\/index.php\/wp-json\/wp\/v2\/event_listing_category?post=1664"}],"curies":[{"name":"wp","href":"https:\/\/api.w.org\/{rel}","templated":true}]}}

CONFERENCIA «LOS BOSQUES Y EL CAMBIO CLIMÁTICO»

<p>Conferencia  ortanizada por el Colegio Oficial de Ingenieros Técnicos Forestales y Graduados en Ingeniería Forestal y del Medio Natural, en el Centro Cultural Casa de Vacas. Impartida por Álvaro Enríquez de Salamanca,  Ingeniero Técnico Forestal y Doctor en Ciencias Ambientales.</p>
<p><strong>Entrada libre hasta completar aforo.</strong></p>
<p>&gt;&gt; <a href="https://www.forestales.net/Canales/Ficha.aspx?IdMenu=bb2956d3-46d1-46a1-bbc0-bc2f3507d54d&amp;Cod=71e7df86-a3ec-4db9-88a2-6cbcac375c20&amp;Idioma=es-ES" target="_blank" rel="noopener noreferrer">Más información</a></p>

<p>Conferencia  ortanizada por el Colegio Oficial de Ingenieros Técnicos Forestales y Graduados en Ingeniería Forestal y del Medio Natural, en el Centro Cultural Casa de Vacas. Impartida por Álvaro Enríquez de Salamanca, <a class="moretag" href="https://www.fbycc.org/index.php/events/conferencia-los-bosques-y-el-cambio-climatico/">Leer más&#8230;</a></p>
