{"id":1642,"date":"2019-10-05T16:23:17","date_gmt":"2019-10-05T16:23:17","guid":{"rendered":"http:\/\/www.fbycc.org\/?post_type=event_listing&#038;p=1642"},"modified":"2019-10-05T16:23:17","modified_gmt":"2019-10-05T16:23:17","slug":"territorios-resilientes-para-afrontar-incendios-forestales-catastroficos","status":"publish","type":"event_listing","link":"https:\/\/www.fbycc.org\/index.php\/events\/territorios-resilientes-para-afrontar-incendios-forestales-catastroficos\/","title":{"rendered":"Territorios resilientes para afrontar incendios forestales catastr\u00f3ficos"},"content":{"rendered":"<p style=\"text-align: justify;\">Con la creciente amenaza y aparici\u00f3n de incendios catastr\u00f3ficos en todo el mundo, la necesidad de nuevas estrategias para la prevenci\u00f3n y protecci\u00f3n contra incendios forestales es evidente. \u00ab<em>Territorios resilientes para afrontar incendios forestales catastr\u00f3ficos: c\u00f3mo hacerlos realida<\/em>d\u00bb es un evento internacional de alto nivel, de dos d\u00edas de duraci\u00f3n, que reunir\u00e1 a profesionales y expertos para proponer enfoques integrales de territorios resilientes a los incendios que mejor integren los aspectos socioecon\u00f3micos para su prevenci\u00f3n.<\/p>\n<p style=\"text-align: justify;\">El encuentro, que se celebrar\u00e1 los d\u00edas 14 y 15 de octubre de 2019 en el Instituto de la Ingenier\u00eda de Espa\u00f1a en Madrid, est\u00e1 coorganizado por el Instituto Forestal Europeo (EFI) y el Instituto Nacional de Investigaci\u00f3n y Tecnolog\u00eda Agraria y Alimentaria (INIA), con el apoyo del Ministerio de Agricultura, Pesca y Alimentaci\u00f3n de Espa\u00f1a y la Asociaci\u00f3n de Ingenieros de Montes.<\/p>\n<p>&gt;&gt; <a href=\"https:\/\/www.eventbrite.co.uk\/e\/international-event-resilient-landscapes-to-face-catastrophic-forest-fires-registration-70900115153\" target=\"_blank\" rel=\"noopener noreferrer\">M\u00e1s informaci\u00f3n e inscripciones<\/a><\/p>\n","protected":false},"excerpt":{"rendered":"<p>Con la creciente amenaza y aparici\u00f3n de incendios catastr\u00f3ficos en todo el mundo, la necesidad de nuevas estrategias para la prevenci\u00f3n y protecci\u00f3n contra incendios forestales es evidente. \u00abTerritorios resilientes para afrontar<a class=\"moretag\" href=\"https:\/\/www.fbycc.org\/index.php\/events\/territorios-resilientes-para-afrontar-incendios-forestales-catastroficos\/\">Leer m\u00e1s&#8230;<\/a><\/p>\n","protected":false},"author":2,"featured_media":1643,"parent":0,"menu_order":0,"comment_status":"closed","ping_status":"closed","template":"","event_listing_category":[73,52],"class_list":["post-1642","event_listing","type-event_listing","status-publish","has-post-thumbnail","hentry"],"_links":{"self":[{"href":"https:\/\/www.fbycc.org\/index.php\/wp-json\/wp\/v2\/event_listing\/1642","targetHints":{"allow":["GET"]}}],"collection":[{"href":"https:\/\/www.fbycc.org\/index.php\/wp-json\/wp\/v2\/event_listing"}],"about":[{"href":"https:\/\/www.fbycc.org\/index.php\/wp-json\/wp\/v2\/types\/event_listing"}],"author":[{"embeddable":true,"href":"https:\/\/www.fbycc.org\/index.php\/wp-json\/wp\/v2\/users\/2"}],"replies":[{"embeddable":true,"href":"https:\/\/www.fbycc.org\/index.php\/wp-json\/wp\/v2\/comments?post=1642"}],"wp:featuredmedia":[{"embeddable":true,"href":"https:\/\/www.fbycc.org\/index.php\/wp-json\/wp\/v2\/media\/1643"}],"wp:attachment":[{"href":"https:\/\/www.fbycc.org\/index.php\/wp-json\/wp\/v2\/media?parent=1642"}],"wp:term":[{"taxonomy":"event_listing_category","embeddable":true,"href":"https:\/\/www.fbycc.org\/index.php\/wp-json\/wp\/v2\/event_listing_category?post=1642"}],"curies":[{"name":"wp","href":"https:\/\/api.w.org\/{rel}","templated":true}]}}

Territorios resilientes para afrontar incendios forestales catastróficos

<p style="text-align: justify;">Con la creciente amenaza y aparición de incendios catastróficos en todo el mundo, la necesidad de nuevas estrategias para la prevención y protección contra incendios forestales es evidente. «<em>Territorios resilientes para afrontar incendios forestales catastróficos: cómo hacerlos realida</em>d» es un evento internacional de alto nivel, de dos días de duración, que reunirá a profesionales y expertos para proponer enfoques integrales de territorios resilientes a los incendios que mejor integren los aspectos socioeconómicos para su prevención.</p>
<p style="text-align: justify;">El encuentro, que se celebrará los días 14 y 15 de octubre de 2019 en el Instituto de la Ingeniería de España en Madrid, está coorganizado por el Instituto Forestal Europeo (EFI) y el Instituto Nacional de Investigación y Tecnología Agraria y Alimentaria (INIA), con el apoyo del Ministerio de Agricultura, Pesca y Alimentación de España y la Asociación de Ingenieros de Montes.</p>
<p>&gt;&gt; <a href="https://www.eventbrite.co.uk/e/international-event-resilient-landscapes-to-face-catastrophic-forest-fires-registration-70900115153" target="_blank" rel="noopener noreferrer">Más información e inscripciones</a></p>

<p>Con la creciente amenaza y aparición de incendios catastróficos en todo el mundo, la necesidad de nuevas estrategias para la prevención y protección contra incendios forestales es evidente. «Territorios resilientes para afrontar<a class="moretag" href="https://www.fbycc.org/index.php/events/territorios-resilientes-para-afrontar-incendios-forestales-catastroficos/">Leer más&#8230;</a></p>
