{"id":1629,"date":"2019-08-21T15:16:18","date_gmt":"2019-08-21T15:16:18","guid":{"rendered":"http:\/\/www.fbycc.org\/?post_type=event_listing&#038;p=1629"},"modified":"2019-08-21T15:17:45","modified_gmt":"2019-08-21T15:17:45","slug":"expobiomasa","status":"publish","type":"event_listing","link":"https:\/\/www.fbycc.org\/index.php\/events\/expobiomasa\/","title":{"rendered":"EXPOBIOMASA"},"content":{"rendered":"<p style=\"text-align: justify;\">La Asociaci\u00f3n Espa\u00f1ola de Valorizaci\u00f3n Energ\u00e9tica de la Biomasa organiza, de nuevo en 2019, Expobiomasa.<\/p>\n<p style=\"text-align: justify;\">La Feria profesional, internacional y especializada que se celebra cada a\u00f1o re\u00fane durante 3 d\u00edas, en un \u00fanico recinto, toda la tecnolog\u00eda y equipamiento disponible en el pujante mercado de la biomasa: empresas de maquinaria forestal e industrias de biocombustibles s\u00f3lidos y pellets, fabricantes, distribuidores e instaladores de sistemas de climatizaci\u00f3n, en especial soluciones con estufas y calderas, industrias y grandes consumidores de calor, agua caliente y vapor de proceso; adem\u00e1s de toda la industria auxiliar, ingenier\u00edas, ESEs, grupos de inversi\u00f3n,\u2026 es decir, todos los profesionales que participan en generar ahorros a los consumidores de biomasa<\/p>\n<p style=\"text-align: justify;\">En Expobiomasa m\u00e1s de 600 empresas y marcas se dar\u00e1n cita en la mayor muestra empresarial del sector t\u00e9rmico y forestal de la biomasa. 18.000 profesionales interesados en comprar equipos, productos y servicios visitar\u00e1n Expobiomasa.<\/p>\n<p style=\"text-align: justify;\">Expobiomasa es la principal plataforma comercial de la biomasa de Europa y de referencia para Iberoam\u00e9rica.<\/p>\n<p>M\u00e1s informaci\u00f3n en: <a href=\"http:\/\/expobiomasa.com\">expobiomasa.com<\/a><\/p>\n<p>&nbsp;<\/p>\n","protected":false},"excerpt":{"rendered":"<p>La Asociaci\u00f3n Espa\u00f1ola de Valorizaci\u00f3n Energ\u00e9tica de la Biomasa organiza, de nuevo en 2019, Expobiomasa. La Feria profesional, internacional y especializada que se celebra cada a\u00f1o re\u00fane durante 3 d\u00edas, en un<a class=\"moretag\" href=\"https:\/\/www.fbycc.org\/index.php\/events\/expobiomasa\/\">Leer m\u00e1s&#8230;<\/a><\/p>\n","protected":false},"author":2,"featured_media":0,"parent":0,"menu_order":0,"comment_status":"closed","ping_status":"closed","template":"","event_listing_category":[76],"class_list":["post-1629","event_listing","type-event_listing","status-publish","hentry"],"_links":{"self":[{"href":"https:\/\/www.fbycc.org\/index.php\/wp-json\/wp\/v2\/event_listing\/1629","targetHints":{"allow":["GET"]}}],"collection":[{"href":"https:\/\/www.fbycc.org\/index.php\/wp-json\/wp\/v2\/event_listing"}],"about":[{"href":"https:\/\/www.fbycc.org\/index.php\/wp-json\/wp\/v2\/types\/event_listing"}],"author":[{"embeddable":true,"href":"https:\/\/www.fbycc.org\/index.php\/wp-json\/wp\/v2\/users\/2"}],"replies":[{"embeddable":true,"href":"https:\/\/www.fbycc.org\/index.php\/wp-json\/wp\/v2\/comments?post=1629"}],"wp:attachment":[{"href":"https:\/\/www.fbycc.org\/index.php\/wp-json\/wp\/v2\/media?parent=1629"}],"wp:term":[{"taxonomy":"event_listing_category","embeddable":true,"href":"https:\/\/www.fbycc.org\/index.php\/wp-json\/wp\/v2\/event_listing_category?post=1629"}],"curies":[{"name":"wp","href":"https:\/\/api.w.org\/{rel}","templated":true}]}}

<p style="text-align: justify;">La Asociación Española de Valorización Energética de la Biomasa organiza, de nuevo en 2019, Expobiomasa.</p>
<p style="text-align: justify;">La Feria profesional, internacional y especializada que se celebra cada año reúne durante 3 días, en un único recinto, toda la tecnología y equipamiento disponible en el pujante mercado de la biomasa: empresas de maquinaria forestal e industrias de biocombustibles sólidos y pellets, fabricantes, distribuidores e instaladores de sistemas de climatización, en especial soluciones con estufas y calderas, industrias y grandes consumidores de calor, agua caliente y vapor de proceso; además de toda la industria auxiliar, ingenierías, ESEs, grupos de inversión,… es decir, todos los profesionales que participan en generar ahorros a los consumidores de biomasa</p>
<p style="text-align: justify;">En Expobiomasa más de 600 empresas y marcas se darán cita en la mayor muestra empresarial del sector térmico y forestal de la biomasa. 18.000 profesionales interesados en comprar equipos, productos y servicios visitarán Expobiomasa.</p>
<p style="text-align: justify;">Expobiomasa es la principal plataforma comercial de la biomasa de Europa y de referencia para Iberoamérica.</p>
<p>Más información en: <a href="http://expobiomasa.com">expobiomasa.com</a></p>
<p>&nbsp;</p>

<p>La Asociación Española de Valorización Energética de la Biomasa organiza, de nuevo en 2019, Expobiomasa. La Feria profesional, internacional y especializada que se celebra cada año reúne durante 3 días, en un<a class="moretag" href="https://www.fbycc.org/index.php/events/expobiomasa/">Leer más&#8230;</a></p>
